From mboxrd@z Thu Jan  1 00:00:00 1970
Return-Path: <test-report-bounces@dpdk.org>
Received: from mails.dpdk.org (mails.dpdk.org [217.70.189.124])
	by inbox.dpdk.org (Postfix) with ESMTP id 569964656B
	for <public@inbox.dpdk.org>; Sat, 12 Apr 2025 08:43:28 +0200 (CEST)
Received: from mails.dpdk.org (localhost [127.0.0.1])
	by mails.dpdk.org (Postfix) with ESMTP id 5280D40658;
	Sat, 12 Apr 2025 08:43:28 +0200 (CEST)
Received: from mail-yw1-f227.google.com (mail-yw1-f227.google.com
 [209.85.128.227])
 by mails.dpdk.org (Postfix) with ESMTP id D2B8040285
 for <test-report@dpdk.org>; Sat, 12 Apr 2025 08:43:26 +0200 (CEST)
Received: by mail-yw1-f227.google.com with SMTP id
 00721157ae682-7042ac0f4d6so27311577b3.1
 for <test-report@dpdk.org>; Fri, 11 Apr 2025 23:43:26 -0700 (PDT)
DKIM-Signature: v=1; a=rsa-sha256; c=relaxed/relaxed;
 d=iol.unh.edu; s=unh-iol; t=1744440206; x=1745045006; darn=dpdk.org;
 h=cc:to:from:subject:message-id:date:from:to:cc:subject:date
 :message-id:reply-to;
 bh=pX7z0tk/w6ez5Rn/eRr5x9oMvqtdYmkyPlbZhRsvPkY=;
 b=dilfLfvXSXXoIDBuVDApvY/Mo/aTw4s/J4rVVe8JbMjpX0tZXa4YZRK87nYzLrLlp4
 LRQBRmX7rsBfGw0g8iqAWX7ZkjwsW2nuoatohLWtm3+JS6hEOv157UdibLniawdIHSgZ
 aLJl+LGTiJsH4QL1gR2uNRSg3y8ViaoUf0dkA=
X-Google-DKIM-Signature: v=1; a=rsa-sha256; c=relaxed/relaxed;
 d=1e100.net; s=20230601; t=1744440206; x=1745045006;
 h=cc:to:from:subject:message-id:date:x-gm-message-state:from:to:cc
 :subject:date:message-id:reply-to;
 bh=pX7z0tk/w6ez5Rn/eRr5x9oMvqtdYmkyPlbZhRsvPkY=;
 b=xDzBnS5cyDY50kwZB4kFVyv9f8MjaXb9fs6mcsdL8m3uVMQlUwDAfpxU13ntJc/ssC
 BL1ZUsR4cVRBg8U2xLgWhK370k2VlRaxqwyBSJp9cwkgI5CRZ1OClfoBatZHyQxRQKT1
 cGYgLJTJTMrVxPXUQHWlYiCLp+BuarQJQcrPwJBrxdYwDslX6fre8aRgqUWZ8GcXn0yl
 f288YGxKaBxNCunNE5/oXU6mVfYHgmupZ15nD9db/d42F1PUosRpUIr7CVOkhA/fliuL
 MfE8ivkAytkD6p+2ZYJj55GocweX1fZ9HnTB5jQaynw85R6NHhUixPV6QWxDQkrCh/E7
 9NAw==
X-Gm-Message-State: AOJu0YymZ0vBPNOnqtF1u/HbJ6fa2yuR37M2FOhApxxptElTnJ7361PL
 5WMOtijZ+pUUieHfjBdD0MiISbjzqSwRsKkhFrI72kF1k0l8Yj/dgbDUMOirAKUbR9oQd5LnUmX
 srkktt7sDSvPPB753X3XXen8t+N5+XK9l
X-Gm-Gg: ASbGncu3ZimQNjAQs/2zNzcUmwh1JL7pxQDJAk+VsRrlqh5Mt+ajU+Ec8+5RWV8wdgl
 uC6YwhpYXDG5LW/uKY+HuBAmtPeP5vERMRZzM2ls8tASlTyqV2pyyNoqgeF6D8MGUDXn0Em4UnS
 8A1R0KICfsu5h7LtiP9rFZjf2DaHtFVFzZu7YeNpbEVa0VvWhJeP+aaN0jRVBmrOchAzfIQZVQ4
 dwLJnyxSdvzFeRno/2dMqJOeHX9euuQtIpuj8OOS0ygqBoDlyTnmLctwIn0OzymVs5/hgkoKvlp
 orwr+Rdq0bS2EFe8dvAevfW6/9lAlp/QNkfK
X-Google-Smtp-Source: AGHT+IGENIwlW7lDUPtsXOdc2A+H0asIdusLybJrmR5MHJ33wzKgti8L+1p7Rq8v95G/6PE64e3nmDmk+cSD
X-Received: by 2002:a05:690c:7002:b0:6fd:6748:928a with SMTP id
 00721157ae682-70559a6a25fmr90816337b3.29.1744440206128; 
 Fri, 11 Apr 2025 23:43:26 -0700 (PDT)
Received: from postal.iol.unh.edu (postal.iol.unh.edu. [132.177.123.84])
 by smtp-relay.gmail.com with ESMTPS id
 00721157ae682-7053e34f71bsm3764057b3.56.2025.04.11.23.43.26
 (version=TLS1_2 cipher=ECDHE-ECDSA-AES128-GCM-SHA256 bits=128/128);
 Fri, 11 Apr 2025 23:43:26 -0700 (PDT)
X-Relaying-Domain: iol.unh.edu
Date: Fri, 11 Apr 2025 23:43:26 -0700 (PDT)
Message-ID: <67fa0b8e.050a0220.197733.ef77SMTPIN_ADDED_MISSING@mx.google.com>
Received: from [172.21.0.7] (unknown [172.18.0.240])
 by postal.iol.unh.edu (Postfix) with ESMTP id B15476052471;
 Sat, 12 Apr 2025 02:43:25 -0400 (EDT)
Subject: |FAILURE| [GIT MASTER] 4401486b5e30d43a134f80f9802f60b5f43e74a8
From: dpdklab@iol.unh.edu
To: Test Report <test-report@dpdk.org>
Cc: dpdk-test-reports@iol.unh.edu, Xueming Li <xuemingl@nvidia.com>,
 Christian Ehrhardt <christian.ehrhardt@canonical.com>,
 Kevin Traynor <ktraynor@redhat.com>, Luca Boccassi <bluca@debian.org>
Content-Type: text/plain
X-BeenThere: test-report@dpdk.org
X-Mailman-Version: 2.1.29
Precedence: list
List-Id: automatic DPDK test reports <test-report.dpdk.org>
List-Unsubscribe: <https://mails.dpdk.org/options/test-report>,
 <mailto:test-report-request@dpdk.org?subject=unsubscribe>
List-Archive: <http://mails.dpdk.org/archives/test-report/>
List-Post: <mailto:test-report@dpdk.org>
List-Help: <mailto:test-report-request@dpdk.org?subject=help>
List-Subscribe: <https://mails.dpdk.org/listinfo/test-report>,
 <mailto:test-report-request@dpdk.org?subject=subscribe>
Errors-To: test-report-bounces@dpdk.org

_Testing issues_

Branch: tags/v22.11

4401486b5e30d43a134f80f9802f60b5f43e74a8 --> testing issues

Upstream job id: Generic-Unit-Test-DPDK#330653

Test environment and result as below:

+---------------------+----------------+
|     Environment     | dpdk_unit_test |
+=====================+================+
| CentOS Stream 9     | FAIL           |
+---------------------+----------------+
| CentOS Stream 10    | FAIL           |
+---------------------+----------------+
| Debian 12           | FAIL           |
+---------------------+----------------+
| Fedora 41 (Clang)   | FAIL           |
+---------------------+----------------+
| Fedora 40 (Clang)   | FAIL           |
+---------------------+----------------+
| Fedora 41           | FAIL           |
+---------------------+----------------+
| RHEL8               | PEND           |
+---------------------+----------------+
| RHEL9               | FAIL           |
+---------------------+----------------+
| Fedora 40           | FAIL           |
+---------------------+----------------+
| Ubuntu 20.04        | PASS           |
+---------------------+----------------+
| Ubuntu 22.04        | PEND           |
+---------------------+----------------+
| Ubuntu 24.04        | PEND           |
+---------------------+----------------+
| Windows Server 2022 | FAIL           |
+---------------------+----------------+

==== Unit test summary for Windows Server 2022 (dpdk_unit_test): ====
Failed to get the unit test results.
Displaying the unit test results is not supported for some environments,
such as our aarch32 testing, where meson is not used to run the tests.
Download the logs available on our CI site.
==== End log output ====

CentOS Stream 9
	Kernel: Depends on container host
	Compiler: gcc 11.5.0 20240719 (Red Hat 11.5.0-2)

CentOS Stream 10
	Kernel: Depends on container host
	Compiler: gcc 14.2.1 20241104 (Red Hat 14.2.1-6)

Debian 12
	Kernel: Depends on container host
	Compiler: gcc (Debian 12.2.0-14) 12.2.0

Fedora 41 (Clang)
	Kernel: Depends on container host
	Compiler: clang 19.1.5 (Fedora 19.1.5-1.fc41)

Fedora 40 (Clang)
	Kernel: Depends on container host
	Compiler: clang 18.1.8 (Fedora 18.1.8-1.fc40)

Fedora 41
	Kernel: Depends on container host
	Compiler: gcc 14.2.1 20240912 (Red Hat 14.2.1-3)

RHEL8
	Kernel: Depends on container host
	Compiler: gcc 8.5.0 20210514 (Red Hat 8.5.0-22)

RHEL9
	Kernel: Depends on container host
	Compiler: gcc 11.5.0 20240719 (Red Hat 11.5.0-2)

Fedora 40
	Kernel: Depends on container host
	Compiler: gcc 14.2.1 20240912 (Red Hat 14.2.1-3)

Ubuntu 20.04
	Kernel: Depends on container host
	Compiler: gcc (Ubuntu 9.4.0-1ubuntu1~20.04.2) 9.4.0

Ubuntu 22.04
	Kernel: Depends on container host
	Compiler: gcc (Ubuntu 11.4.0-1ubuntu1~22.04) 11.4.0

Ubuntu 24.04
	Kernel: Depends on container host
	Compiler: gcc (Ubuntu 13.3.0-6ubuntu2~24.04) 13.3.0

Windows Server 2022
	Kernel: 10.0.20348.2031
	Compiler: clang 15.0.7, gcc 14.1.0 (MinGW), and MSVC VS 19.39.33521

To view detailed results, visit:
https://lab.dpdk.org/results/dashboard/tarballs/33237/

UNH-IOL DPDK Community Lab

To manage your email subscriptions, visit: 
https://lab.dpdk.org/results/dashboard/preferences/subscriptions/