From mboxrd@z Thu Jan  1 00:00:00 1970
Return-Path: <test-report-bounces@dpdk.org>
Received: from mails.dpdk.org (mails.dpdk.org [217.70.189.124])
	by inbox.dpdk.org (Postfix) with ESMTP id CA9AC4656B
	for <public@inbox.dpdk.org>; Sat, 12 Apr 2025 09:09:03 +0200 (CEST)
Received: from mails.dpdk.org (localhost [127.0.0.1])
	by mails.dpdk.org (Postfix) with ESMTP id C80EF40658;
	Sat, 12 Apr 2025 09:09:03 +0200 (CEST)
Received: from mail-pg1-f226.google.com (mail-pg1-f226.google.com
 [209.85.215.226])
 by mails.dpdk.org (Postfix) with ESMTP id AF64F40285
 for <test-report@dpdk.org>; Sat, 12 Apr 2025 09:09:02 +0200 (CEST)
Received: by mail-pg1-f226.google.com with SMTP id
 41be03b00d2f7-af9925bbeb7so2118123a12.3
 for <test-report@dpdk.org>; Sat, 12 Apr 2025 00:09:02 -0700 (PDT)
DKIM-Signature: v=1; a=rsa-sha256; c=relaxed/relaxed;
 d=iol.unh.edu; s=unh-iol; t=1744441742; x=1745046542; darn=dpdk.org;
 h=cc:to:from:subject:message-id:date:from:to:cc:subject:date
 :message-id:reply-to;
 bh=176Mcib//wUz5E8NJbGgwwh0SZXcg+JNusY4bqhnpCc=;
 b=CB+CTOi5zn0s2YUGmt3ZPqEMIKZ7dxE5Sd2/BAiot+wuPowY63Zal9R2DYFHV5evc5
 q0Qrdd8L/Po+H6ClV9jl+HmqKcgFy1cEraZrwFL/nNrVD3kctVioShCm/6BdnXthqPOZ
 uTp4QKvGKVW/uS5K7PoJc+MWbn3Q8qrFGAEFo=
X-Google-DKIM-Signature: v=1; a=rsa-sha256; c=relaxed/relaxed;
 d=1e100.net; s=20230601; t=1744441742; x=1745046542;
 h=cc:to:from:subject:message-id:date:x-gm-message-state:from:to:cc
 :subject:date:message-id:reply-to;
 bh=176Mcib//wUz5E8NJbGgwwh0SZXcg+JNusY4bqhnpCc=;
 b=RTbGxNu+fouJeT4vqyP/Jhd9OZn7arJIDWsGHJEfeTitk1Kiv2ApHaN+0aTFJ5Y8MR
 Jv0hu46ai3JYDr7sSD9ov2pBT77A/cVBwysaLAEbC5Oe5bT9NGFY62Fg0ldTcnFYH/fv
 X3GrdOFUjTx2I5sHnvCTCXGjjsk/TdFuWvkz74XviOCckkLX972YKDmiNxX1VJFGoJ01
 nSrL8/0OUhqYofS6AlQiXM5gmevdbZxx7CqIiHam6JYGOEby5dzGHDGlDvErIK8pg4AJ
 ZUafEy0YcyXqaToj15+slwmoP7aufFVsG3QEBgL9iUX7dy/TOm8K8OkmDcboEvXAl2r+
 XXXQ==
X-Gm-Message-State: AOJu0YwhS0pmentJGOF5mz8MwulYrYgBCbQltlwJo0dvsgh4zAmbSyzz
 YvziQSgkVCXa0l1KaCsLGbQispNkIWJgifapwxP7XLWBkN5w4wKOeTKlc3i94apy5EhmNqLBY5j
 6BR/akbALfIxBcBvkF4rUXG0tANrh59kT
X-Gm-Gg: ASbGncuF3FEbQyk/9FD+YErboR1mURdo04LH07xqnFVC+qSInX8UuS2+cuTD05UhjgL
 lLlKf5fqTNKTvXuxLJ4/6VDcM1IH0GzKBbN+44u9ANpbUbT0zz2Tq6pfbrrJMTFoRTyb21GVkrO
 PGrfap7PCfWjXwO59yn46gDUTErxyIIf+q42riBXRJlkJcB/XmheVcVl3V/fMj1xiJQFnvlpM3K
 Or7Fc1e/KUhJphuQ/zhLlaqbJ8y0NuHTJyLFSvE1SZSCvOdM0LPkusejaFj/UcKgewUBcdSTlag
 dOiHJBnzNJFCF5o69ndeaTKLV36qkaFoJrK4
X-Google-Smtp-Source: AGHT+IEVpBfaVxYTe2Yak+ssdNKIrv5LWB0XB/1x4tbxoqNR6zM6bCAo83kpl/63/ePSaH2EVKGYMo0x2TI2
X-Received: by 2002:a17:902:f64e:b0:220:ca08:8986 with SMTP id
 d9443c01a7336-22bea4adf58mr87654675ad.22.1744441741732; 
 Sat, 12 Apr 2025 00:09:01 -0700 (PDT)
Received: from postal.iol.unh.edu (postal.iol.unh.edu. [132.177.123.84])
 by smtp-relay.gmail.com with ESMTPS id
 d9443c01a7336-22ac7b6b955sm3905695ad.40.2025.04.12.00.09.01
 (version=TLS1_2 cipher=ECDHE-ECDSA-AES128-GCM-SHA256 bits=128/128);
 Sat, 12 Apr 2025 00:09:01 -0700 (PDT)
X-Relaying-Domain: iol.unh.edu
Date: Sat, 12 Apr 2025 00:09:01 -0700 (PDT)
Message-ID: <67fa118d.170a0220.13606.3015SMTPIN_ADDED_MISSING@mx.google.com>
Received: from [172.21.0.5] (unknown [172.18.0.240])
 by postal.iol.unh.edu (Postfix) with ESMTP id D1F4C6052471;
 Sat, 12 Apr 2025 03:09:00 -0400 (EDT)
Subject: |FAILURE| [GIT MASTER] 4401486b5e30d43a134f80f9802f60b5f43e74a8
From: dpdklab@iol.unh.edu
To: Test Report <test-report@dpdk.org>
Cc: dpdk-test-reports@iol.unh.edu, Xueming Li <xuemingl@nvidia.com>,
 Christian Ehrhardt <christian.ehrhardt@canonical.com>,
 Kevin Traynor <ktraynor@redhat.com>, Luca Boccassi <bluca@debian.org>
Content-Type: text/plain
X-BeenThere: test-report@dpdk.org
X-Mailman-Version: 2.1.29
Precedence: list
List-Id: automatic DPDK test reports <test-report.dpdk.org>
List-Unsubscribe: <https://mails.dpdk.org/options/test-report>,
 <mailto:test-report-request@dpdk.org?subject=unsubscribe>
List-Archive: <http://mails.dpdk.org/archives/test-report/>
List-Post: <mailto:test-report@dpdk.org>
List-Help: <mailto:test-report-request@dpdk.org?subject=help>
List-Subscribe: <https://mails.dpdk.org/listinfo/test-report>,
 <mailto:test-report-request@dpdk.org?subject=subscribe>
Errors-To: test-report-bounces@dpdk.org

_Testing issues_

Branch: tags/v22.11

4401486b5e30d43a134f80f9802f60b5f43e74a8 --> testing issues

Upstream job id: Generic-Unit-Test-DPDK#330659

Test environment and result as below:

+---------------------+----------------+
|     Environment     | dpdk_unit_test |
+=====================+================+
| CentOS Stream 9     | FAIL           |
+---------------------+----------------+
| CentOS Stream 10    | FAIL           |
+---------------------+----------------+
| Debian 12           | FAIL           |
+---------------------+----------------+
| Fedora 41 (Clang)   | FAIL           |
+---------------------+----------------+
| Fedora 40 (Clang)   | FAIL           |
+---------------------+----------------+
| Fedora 41           | FAIL           |
+---------------------+----------------+
| RHEL8               | FAIL           |
+---------------------+----------------+
| RHEL9               | FAIL           |
+---------------------+----------------+
| Fedora 40           | FAIL           |
+---------------------+----------------+
| Ubuntu 20.04        | PASS           |
+---------------------+----------------+
| Ubuntu 22.04        | FAIL           |
+---------------------+----------------+
| Ubuntu 24.04        | PEND           |
+---------------------+----------------+
| Windows Server 2022 | FAIL           |
+---------------------+----------------+

==== Unit test summary for Windows Server 2022 (dpdk_unit_test): ====
Failed to get the unit test results.
Displaying the unit test results is not supported for some environments,
such as our aarch32 testing, where meson is not used to run the tests.
Download the logs available on our CI site.
==== End log output ====

CentOS Stream 9
	Kernel: Depends on container host
	Compiler: gcc 11.5.0 20240719 (Red Hat 11.5.0-2)

CentOS Stream 10
	Kernel: Depends on container host
	Compiler: gcc 14.2.1 20241104 (Red Hat 14.2.1-6)

Debian 12
	Kernel: Depends on container host
	Compiler: gcc (Debian 12.2.0-14) 12.2.0

Fedora 41 (Clang)
	Kernel: Depends on container host
	Compiler: clang 19.1.5 (Fedora 19.1.5-1.fc41)

Fedora 40 (Clang)
	Kernel: Depends on container host
	Compiler: clang 18.1.8 (Fedora 18.1.8-1.fc40)

Fedora 41
	Kernel: Depends on container host
	Compiler: gcc 14.2.1 20240912 (Red Hat 14.2.1-3)

RHEL8
	Kernel: Depends on container host
	Compiler: gcc 8.5.0 20210514 (Red Hat 8.5.0-22)

RHEL9
	Kernel: Depends on container host
	Compiler: gcc 11.5.0 20240719 (Red Hat 11.5.0-2)

Fedora 40
	Kernel: Depends on container host
	Compiler: gcc 14.2.1 20240912 (Red Hat 14.2.1-3)

Ubuntu 20.04
	Kernel: Depends on container host
	Compiler: gcc (Ubuntu 9.4.0-1ubuntu1~20.04.2) 9.4.0

Ubuntu 22.04
	Kernel: Depends on container host
	Compiler: gcc (Ubuntu 11.4.0-1ubuntu1~22.04) 11.4.0

Ubuntu 24.04
	Kernel: Depends on container host
	Compiler: gcc (Ubuntu 13.3.0-6ubuntu2~24.04) 13.3.0

Windows Server 2022
	Kernel: 10.0.20348.2031
	Compiler: clang 15.0.7, gcc 14.1.0 (MinGW), and MSVC VS 19.39.33521

To view detailed results, visit:
https://lab.dpdk.org/results/dashboard/tarballs/33237/

UNH-IOL DPDK Community Lab

To manage your email subscriptions, visit: 
https://lab.dpdk.org/results/dashboard/preferences/subscriptions/