From mboxrd@z Thu Jan 1 00:00:00 1970 Return-Path: Received: from mails.dpdk.org (mails.dpdk.org [217.70.189.124]) by inbox.dpdk.org (Postfix) with ESMTP id 7C15D4657A for ; Sun, 13 Apr 2025 07:58:15 +0200 (CEST) Received: from mails.dpdk.org (localhost [127.0.0.1]) by mails.dpdk.org (Postfix) with ESMTP id 76BA640156; Sun, 13 Apr 2025 07:58:15 +0200 (CEST) Received: from mail-il1-f228.google.com (mail-il1-f228.google.com [209.85.166.228]) by mails.dpdk.org (Postfix) with ESMTP id EC3DC40041 for ; Sun, 13 Apr 2025 07:58:14 +0200 (CEST) Received: by mail-il1-f228.google.com with SMTP id e9e14a558f8ab-3d5ebc2459fso26278615ab.0 for ; Sat, 12 Apr 2025 22:58:14 -0700 (PDT) DKIM-Signature: v=1; a=rsa-sha256; c=relaxed/relaxed; d=iol.unh.edu; s=unh-iol; t=1744523894; x=1745128694; darn=dpdk.org; h=cc:to:from:subject:message-id:date:from:to:cc:subject:date :message-id:reply-to; bh=QCHwdHcFXNQl1iB7OPUkhujc8IEH0x+99exkCkQ8QAs=; b=JeLavaDxuh1WX6D9go94qBDoeCFRbsCk10IoBkW/NOkGxCGraT4Z3Q7GkyIWkyOahD UUj2iQEpUWNAnkCtTjMnRDnSsGSOD1LvOdKxNrOsGRTnQRqSv70t0DLxtYi1QCieyX0c ez+fYM0Ffg41lO/nrJYmEdEvcXRMYZwsb0QgI= X-Google-DKIM-Signature: v=1; a=rsa-sha256; c=relaxed/relaxed; d=1e100.net; s=20230601; t=1744523894; x=1745128694; h=cc:to:from:subject:message-id:date:x-gm-message-state:from:to:cc :subject:date:message-id:reply-to; bh=QCHwdHcFXNQl1iB7OPUkhujc8IEH0x+99exkCkQ8QAs=; b=v04qIjIj2PMR6plnBwBKUFZDZUOR+STlUrc1SuHlVd6iivbJ1cxMBa0Ou+rKPdOeUs 04PZTl66dTYbF+IaUcPRnF2+eIh4yO6Ubc+quInVwqUt0j8x8LW7dIqHGdmMZQJUe0/r WXd5N6RFMpebLIURBiB6XiExVqWn3R3yZzrdHDscP9IGGOCO8kYTFr2hskDhrhvI31r0 j57pkk/QpEF8VQv7FqOdPn4Ag7dbHmCxpti9ne/pJ9qU4qR8Od59oHHBc7GRRAeYJ6UY ybqDC9kZU0Pau+iIX/b9/9wq/OnCQ9xMBnQBnGdCw51eZXYZ7suobutYqQ53h/fEXwYA 0w7g== X-Gm-Message-State: AOJu0YyYNfzTDe8qKowxyCKtxKRNeF5ecsGInqUl64FLierYc99zpr5v ibG/LXqqPx5H2Qco5lrvBmzXT1c4+IbsT5vedgzRGEPKq76CUA6oo284/HjTu8+IaP/2RuRJ7Pm DksfjrNKXXrHJomU5ze6kvee3Ydh+eFSlMmCwT26KsD0R98p5 X-Gm-Gg: ASbGnctGxqkfrrCXIo4RrTpGSm21YBTTMhM2aUCIFqAMYc7nfo97UbNzdOnVT21+L/K Wi51F2g6DptsVDsc4UoYRHFj1bRT2vgmWwF4P7iCbUI4pv/j9swcJlDmJgIGuZ5gWxckdcZY5l+ e1qQzzxDk6LRsxkcTe1/6MDK2FRUeMieXPiIZeCf32TsWewvuCkb37TFY8dCMEGWwGCGCRUx5/K kIaZs7KrO992FXijeWysoqWcQs9OrofRFHS3iQjhHuABE8kpvdMNufE2FDNfdjeQi5bxkx6XlF9 s0L5CFjfQBpT/xX43BN0sVy/LIb4Ji8+v9qmFB/I9QVYCVtw X-Google-Smtp-Source: AGHT+IF3zuA9wg5KEgmnULomG5mw9GNlsUGrft6OxQP6zUTzekOgitJpcjgGgCVBN3A5c/FGLrpm3ihzAYqm X-Received: by 2002:a05:6e02:178f:b0:3d4:341a:441d with SMTP id e9e14a558f8ab-3d7ec1f7260mr75572715ab.10.1744523894182; Sat, 12 Apr 2025 22:58:14 -0700 (PDT) Received: from postal.iol.unh.edu (postal.iol.unh.edu. [2606:4100:3880:1234::84]) by smtp-relay.gmail.com with ESMTPS id e9e14a558f8ab-3d7dc596605sm5455855ab.59.2025.04.12.22.58.14 (version=TLS1_2 cipher=ECDHE-ECDSA-AES128-GCM-SHA256 bits=128/128); Sat, 12 Apr 2025 22:58:14 -0700 (PDT) X-Relaying-Domain: iol.unh.edu Date: Sat, 12 Apr 2025 22:58:14 -0700 (PDT) Message-ID: <67fb5276.050a0220.fbb8f.824dSMTPIN_ADDED_MISSING@mx.google.com> Received: from [172.21.0.5] (unknown [172.18.0.240]) by postal.iol.unh.edu (Postfix) with ESMTP id 9B4156052471; Sun, 13 Apr 2025 01:58:13 -0400 (EDT) Subject: |FAILURE| [GIT MASTER] 4401486b5e30d43a134f80f9802f60b5f43e74a8 From: dpdklab@iol.unh.edu To: Test Report Cc: dpdk-test-reports@iol.unh.edu, Xueming Li , Christian Ehrhardt , Kevin Traynor , Luca Boccassi Content-Type: text/plain X-BeenThere: test-report@dpdk.org X-Mailman-Version: 2.1.29 Precedence: list List-Id: automatic DPDK test reports List-Unsubscribe: , List-Archive: List-Post: List-Help: List-Subscribe: , Errors-To: test-report-bounces@dpdk.org _Testing issues_ Branch: tags/v22.11 4401486b5e30d43a134f80f9802f60b5f43e74a8 --> testing issues Upstream job id: Generic-Unit-Test-DPDK#330728 Test environment and result as below: +---------------------+----------------+ | Environment | dpdk_unit_test | +=====================+================+ | Fedora 40 | FAIL | +---------------------+----------------+ | Debian 12 | FAIL | +---------------------+----------------+ | CentOS Stream 9 | FAIL | +---------------------+----------------+ | CentOS Stream 10 | PEND | +---------------------+----------------+ | Fedora 40 (Clang) | FAIL | +---------------------+----------------+ | RHEL8 | PEND | +---------------------+----------------+ | Fedora 41 (Clang) | PEND | +---------------------+----------------+ | Ubuntu 20.04 | PASS | +---------------------+----------------+ | RHEL9 | PEND | +---------------------+----------------+ | Fedora 41 | PEND | +---------------------+----------------+ | Ubuntu 24.04 | PEND | +---------------------+----------------+ | Ubuntu 22.04 | PEND | +---------------------+----------------+ | Windows Server 2022 | FAIL | +---------------------+----------------+ ==== Unit test summary for Windows Server 2022 (dpdk_unit_test): ==== Failed to get the unit test results. Displaying the unit test results is not supported for some environments, such as our aarch32 testing, where meson is not used to run the tests. Download the logs available on our CI site. ==== End log output ==== Fedora 40 Kernel: Depends on container host Compiler: gcc 14.2.1 20240912 (Red Hat 14.2.1-3) Debian 12 Kernel: Depends on container host Compiler: gcc (Debian 12.2.0-14) 12.2.0 CentOS Stream 9 Kernel: Depends on container host Compiler: gcc 11.5.0 20240719 (Red Hat 11.5.0-2) CentOS Stream 10 Kernel: Depends on container host Compiler: gcc 14.2.1 20241104 (Red Hat 14.2.1-6) Fedora 40 (Clang) Kernel: Depends on container host Compiler: clang 18.1.8 (Fedora 18.1.8-1.fc40) RHEL8 Kernel: Depends on container host Compiler: gcc 8.5.0 20210514 (Red Hat 8.5.0-22) Fedora 41 (Clang) Kernel: Depends on container host Compiler: clang 19.1.5 (Fedora 19.1.5-1.fc41) Ubuntu 20.04 Kernel: Depends on container host Compiler: gcc (Ubuntu 9.4.0-1ubuntu1~20.04.2) 9.4.0 RHEL9 Kernel: Depends on container host Compiler: gcc 11.5.0 20240719 (Red Hat 11.5.0-2) Fedora 41 Kernel: Depends on container host Compiler: gcc 14.2.1 20240912 (Red Hat 14.2.1-3) Ubuntu 24.04 Kernel: Depends on container host Compiler: gcc (Ubuntu 13.3.0-6ubuntu2~24.04) 13.3.0 Ubuntu 22.04 Kernel: Depends on container host Compiler: gcc (Ubuntu 11.4.0-1ubuntu1~22.04) 11.4.0 Windows Server 2022 Kernel: 10.0.20348.2031 Compiler: clang 15.0.7, gcc 14.1.0 (MinGW), and MSVC VS 19.39.33521 To view detailed results, visit: https://lab.dpdk.org/results/dashboard/tarballs/33241/ UNH-IOL DPDK Community Lab To manage your email subscriptions, visit: https://lab.dpdk.org/results/dashboard/preferences/subscriptions/