From mboxrd@z Thu Jan  1 00:00:00 1970
Return-Path: <test-report-bounces@dpdk.org>
Received: from mails.dpdk.org (mails.dpdk.org [217.70.189.124])
	by inbox.dpdk.org (Postfix) with ESMTP id 5DA294657B
	for <public@inbox.dpdk.org>; Sun, 13 Apr 2025 08:16:50 +0200 (CEST)
Received: from mails.dpdk.org (localhost [127.0.0.1])
	by mails.dpdk.org (Postfix) with ESMTP id 3B24E40156;
	Sun, 13 Apr 2025 08:16:50 +0200 (CEST)
Received: from mail-il1-f226.google.com (mail-il1-f226.google.com
 [209.85.166.226])
 by mails.dpdk.org (Postfix) with ESMTP id 4B07D40041
 for <test-report@dpdk.org>; Sun, 13 Apr 2025 08:16:49 +0200 (CEST)
Received: by mail-il1-f226.google.com with SMTP id
 e9e14a558f8ab-3d45503af24so31522245ab.2
 for <test-report@dpdk.org>; Sat, 12 Apr 2025 23:16:49 -0700 (PDT)
DKIM-Signature: v=1; a=rsa-sha256; c=relaxed/relaxed;
 d=iol.unh.edu; s=unh-iol; t=1744525008; x=1745129808; darn=dpdk.org;
 h=cc:to:from:subject:message-id:date:from:to:cc:subject:date
 :message-id:reply-to;
 bh=OIF9OjWwZeOzZXiywqXxRLRsnVoxVIl0HNlII7Datak=;
 b=V5IHZDrbS3LbupFvM/ELgZH+DqWfmjXshdFpwYrj9qfZEaIgR33plsThzxQ3nCvMpn
 AHWqwqOoPEm4o7XCEJnEN/mFon6qDNJ8iBpUOBXMy+aoCjZTRx1P25Vki0NBfaoFwy5/
 uy4bBV+zjL2QDpQc2cNQs8YjmFhJpxEya1I3Q=
X-Google-DKIM-Signature: v=1; a=rsa-sha256; c=relaxed/relaxed;
 d=1e100.net; s=20230601; t=1744525008; x=1745129808;
 h=cc:to:from:subject:message-id:date:x-gm-message-state:from:to:cc
 :subject:date:message-id:reply-to;
 bh=OIF9OjWwZeOzZXiywqXxRLRsnVoxVIl0HNlII7Datak=;
 b=pXxBHvtoJYc26IXT7GuHeYK6THlQF5xsfbdJmUJ53PHZVM5Qs4Rcd7HGMDg7a0VQFA
 8YVouSALWexci0qO9X8Cys/17IJbkf/ZBHf9fd/s96X+nA7M31B1pudsBX4Qam64g9uh
 WqrmFFIHu2VaxXb5mbn+pSTXGCuvYS8mee6FlOgugheRGwTR+5vfDQbUtTVLp1UI1FNv
 VW45fQZGRs2ulhruOetCvyIIITIrvBEuQyhjtAosBqP0T+WBrEbLc2ooulk8qgHnHi5N
 CLOY8zTAS6UMCZbhHFVPXTKxSF0b8Pfk/IKy07sJp6i4ykD9+Fz8C+fLSbGGzhkQCYuf
 BbyQ==
X-Gm-Message-State: AOJu0Yxi5t/Ozeuq9XEYX0yDRdsYOL+GD1iVnPcmIMhQpQTs0G1Wc7Oj
 V3jru2w1DceTL1/UTeDwcYDNFlW9+MZfZWpUOpWoe2Lhq5zF3EPLgxaz6ZBaiuzLNy+7xWlianE
 qLMuagi89MKEqDgjVjiCYdEcWjZHkJcWC
X-Gm-Gg: ASbGncu5E3A5d2ul742y45IsnNh+JK2/ksLTZgGkqx5/qxT7LNWUPtlcCCVGiGwDJUP
 isHgA0fLpjRqRqp51q2eTadiH5FulcZAcGJDyF1JIPUuPhAUr/Aawv3jYoUG3NmQCLNZ8dhql/D
 dOzRzPodMXXHjhMsUgS7u31NDSGLyheDJemKeMeZiMawC7GMZ/Cy91XSltnVadlGK4i9dTGnSgh
 jvWjCahlNvuoP86XLDdxrnBuSk6XFA0AiEpc6Epf6f6MIQqNrrjA/NnKOvGITMqiDfBqwJU+TFG
 m04Sr6EXtDbo8Pbgh2waj0rU6C1hZt2yeAkg
X-Google-Smtp-Source: AGHT+IHgNhhbvz9x+z0ZIzmbKfa0D7iQBXle6BMrdRKBt1+O+cU9DOxfDrkDH3v8oLoGWlQ3MWy1ooGOGna/
X-Received: by 2002:a92:c266:0:b0:3d0:19c6:c9e1 with SMTP id
 e9e14a558f8ab-3d7ec22765fmr73581565ab.13.1744525008279; 
 Sat, 12 Apr 2025 23:16:48 -0700 (PDT)
Received: from postal.iol.unh.edu (postal.iol.unh.edu. [132.177.123.84])
 by smtp-relay.gmail.com with ESMTPS id
 e9e14a558f8ab-3d7dbaa4149sm5631295ab.35.2025.04.12.23.16.48
 (version=TLS1_2 cipher=ECDHE-ECDSA-AES128-GCM-SHA256 bits=128/128);
 Sat, 12 Apr 2025 23:16:48 -0700 (PDT)
X-Relaying-Domain: iol.unh.edu
Date: Sat, 12 Apr 2025 23:16:48 -0700 (PDT)
Message-ID: <67fb56d0.920a0220.2db37c.96b3SMTPIN_ADDED_MISSING@mx.google.com>
Received: from [172.21.0.5] (unknown [172.18.0.240])
 by postal.iol.unh.edu (Postfix) with ESMTP id ACBCE6052471;
 Sun, 13 Apr 2025 02:16:47 -0400 (EDT)
Subject: |FAILURE| [GIT MASTER] 4401486b5e30d43a134f80f9802f60b5f43e74a8
From: dpdklab@iol.unh.edu
To: Test Report <test-report@dpdk.org>
Cc: dpdk-test-reports@iol.unh.edu, Xueming Li <xuemingl@nvidia.com>,
 Christian Ehrhardt <christian.ehrhardt@canonical.com>,
 Kevin Traynor <ktraynor@redhat.com>, Luca Boccassi <bluca@debian.org>
Content-Type: text/plain
X-BeenThere: test-report@dpdk.org
X-Mailman-Version: 2.1.29
Precedence: list
List-Id: automatic DPDK test reports <test-report.dpdk.org>
List-Unsubscribe: <https://mails.dpdk.org/options/test-report>,
 <mailto:test-report-request@dpdk.org?subject=unsubscribe>
List-Archive: <http://mails.dpdk.org/archives/test-report/>
List-Post: <mailto:test-report@dpdk.org>
List-Help: <mailto:test-report-request@dpdk.org?subject=help>
List-Subscribe: <https://mails.dpdk.org/listinfo/test-report>,
 <mailto:test-report-request@dpdk.org?subject=subscribe>
Errors-To: test-report-bounces@dpdk.org

_Testing issues_

Branch: tags/v22.11

4401486b5e30d43a134f80f9802f60b5f43e74a8 --> testing issues

Upstream job id: Generic-Unit-Test-DPDK#330730

Test environment and result as below:

+---------------------+----------------+
|     Environment     | dpdk_unit_test |
+=====================+================+
| Fedora 40           | FAIL           |
+---------------------+----------------+
| Debian 12           | FAIL           |
+---------------------+----------------+
| CentOS Stream 9     | FAIL           |
+---------------------+----------------+
| CentOS Stream 10    | FAIL           |
+---------------------+----------------+
| Fedora 40 (Clang)   | FAIL           |
+---------------------+----------------+
| RHEL8               | PEND           |
+---------------------+----------------+
| Fedora 41 (Clang)   | PEND           |
+---------------------+----------------+
| Ubuntu 20.04        | PASS           |
+---------------------+----------------+
| RHEL9               | PEND           |
+---------------------+----------------+
| Fedora 41           | FAIL           |
+---------------------+----------------+
| Ubuntu 24.04        | FAIL           |
+---------------------+----------------+
| Ubuntu 22.04        | PEND           |
+---------------------+----------------+
| Windows Server 2022 | FAIL           |
+---------------------+----------------+

==== Unit test summary for Windows Server 2022 (dpdk_unit_test): ====
Failed to get the unit test results.
Displaying the unit test results is not supported for some environments,
such as our aarch32 testing, where meson is not used to run the tests.
Download the logs available on our CI site.
==== End log output ====

Fedora 40
	Kernel: Depends on container host
	Compiler: gcc 14.2.1 20240912 (Red Hat 14.2.1-3)

Debian 12
	Kernel: Depends on container host
	Compiler: gcc (Debian 12.2.0-14) 12.2.0

CentOS Stream 9
	Kernel: Depends on container host
	Compiler: gcc 11.5.0 20240719 (Red Hat 11.5.0-2)

CentOS Stream 10
	Kernel: Depends on container host
	Compiler: gcc 14.2.1 20241104 (Red Hat 14.2.1-6)

Fedora 40 (Clang)
	Kernel: Depends on container host
	Compiler: clang 18.1.8 (Fedora 18.1.8-1.fc40)

RHEL8
	Kernel: Depends on container host
	Compiler: gcc 8.5.0 20210514 (Red Hat 8.5.0-22)

Fedora 41 (Clang)
	Kernel: Depends on container host
	Compiler: clang 19.1.5 (Fedora 19.1.5-1.fc41)

Ubuntu 20.04
	Kernel: Depends on container host
	Compiler: gcc (Ubuntu 9.4.0-1ubuntu1~20.04.2) 9.4.0

RHEL9
	Kernel: Depends on container host
	Compiler: gcc 11.5.0 20240719 (Red Hat 11.5.0-2)

Fedora 41
	Kernel: Depends on container host
	Compiler: gcc 14.2.1 20240912 (Red Hat 14.2.1-3)

Ubuntu 24.04
	Kernel: Depends on container host
	Compiler: gcc (Ubuntu 13.3.0-6ubuntu2~24.04) 13.3.0

Ubuntu 22.04
	Kernel: Depends on container host
	Compiler: gcc (Ubuntu 11.4.0-1ubuntu1~22.04) 11.4.0

Windows Server 2022
	Kernel: 10.0.20348.2031
	Compiler: clang 15.0.7, gcc 14.1.0 (MinGW), and MSVC VS 19.39.33521

To view detailed results, visit:
https://lab.dpdk.org/results/dashboard/tarballs/33241/

UNH-IOL DPDK Community Lab

To manage your email subscriptions, visit: 
https://lab.dpdk.org/results/dashboard/preferences/subscriptions/