From mboxrd@z Thu Jan 1 00:00:00 1970 Return-Path: Received: from mails.dpdk.org (mails.dpdk.org [217.70.189.124]) by inbox.dpdk.org (Postfix) with ESMTP id 198874657B for ; Sun, 13 Apr 2025 08:22:41 +0200 (CEST) Received: from mails.dpdk.org (localhost [127.0.0.1]) by mails.dpdk.org (Postfix) with ESMTP id 01D2E40156; Sun, 13 Apr 2025 08:22:41 +0200 (CEST) Received: from mail-il1-f228.google.com (mail-il1-f228.google.com [209.85.166.228]) by mails.dpdk.org (Postfix) with ESMTP id 36EFF40041 for ; Sun, 13 Apr 2025 08:22:39 +0200 (CEST) Received: by mail-il1-f228.google.com with SMTP id e9e14a558f8ab-3d5eb0ec2bdso9981145ab.2 for ; Sat, 12 Apr 2025 23:22:39 -0700 (PDT) DKIM-Signature: v=1; a=rsa-sha256; c=relaxed/relaxed; d=iol.unh.edu; s=unh-iol; t=1744525358; x=1745130158; darn=dpdk.org; h=cc:to:from:subject:message-id:date:from:to:cc:subject:date :message-id:reply-to; bh=Vyy2zEzTcBC7JfDLhCzIL8jjncXMczpqhzmlaF/tuy0=; b=XTV8z0rVgeJC7j6JV6VAH4pNd/G2Udjc2OftTvQrvWuUUKl8inx9zlLWj9Ge9NE4us 2Mxi4dHn7Noz1jvQGRkxVa7VfximfNhJxhvG3VBQ7vs5BfbJKpK4vj7DAMHxUMWnA/ML 9/n4fCVTokU7e+UkIyxPUJ5cklm/oqv4zc1mw= X-Google-DKIM-Signature: v=1; a=rsa-sha256; c=relaxed/relaxed; d=1e100.net; s=20230601; t=1744525358; x=1745130158; h=cc:to:from:subject:message-id:date:x-gm-message-state:from:to:cc :subject:date:message-id:reply-to; bh=Vyy2zEzTcBC7JfDLhCzIL8jjncXMczpqhzmlaF/tuy0=; b=hCMhe+SDxL8mE0SeimpkFoArFF5XljYRFmCzoAwv1sNFQvd3pyFKJGnA+INjjZMje0 lEt6ptQGdLS5Yt4Mo6/FQBNiw0x6SR6w3iR/vbIHl90YrY4RT8fm9qcyOXobElOApMgp iK8SHIoWIusn0w20pDN/o74V2GM7cT5dOx9GXRN+UY29oWZTu7SzYmlLXn/rQchkJzkp qZA/U7j1Vz+tvkpma1jLGevHrXRREK5OrnGoyJvBOQOfiP8ncPQ2Dy3QjQ8P6Fb7pNh9 RWGB/qeiAefIEYURLoxqOKcNJZMc7jJQR+719R88rmA7ovFSL/L4Di7LdP63S+FVVu9q pBQA== X-Gm-Message-State: AOJu0YzzLtGOZ53VexqQryZcpV97HvN0dV3UvX65ISXN7S8+BQoJ2iyc syOorP96Zxkbag9A6yFMSbsCqSctCkmMpxoFmndxxJNb72BkbWXFe6CenlVpyGsH0v5aenw/yXX IfrlcNrEYPdkYqZSiOLxPVmHONSaBimgj X-Gm-Gg: ASbGnctPxiY8tTHQmCiBu3oa/o1LN4x8A2GwVxaiNXn0snmSX+60GWAd+mPjyMDHY4h PrDsq5M3E4p7xEmYvNFZBF0200GH7o/xAu1mdiaMMO+8LnvjvdeIMj+BoiRTVGYsqcgd/mT9Zea 1cFteON9KhG/H8Lj/vgcnrJJDMiU+HopAq0B4ia4eyS9KptRpxrKGNtqZCZY3YC64uXSCUAuCo+ 7fsrA0kwSZYl5eViZQIBK3y6lU2Hsy4qhOwZ/EtpabALOxj7AW1BBGTBFd5zxGedVTjAnrkPbTF UQJ+iN+2tf+7bO4oppYrALjVupeUyW8oEDpd X-Google-Smtp-Source: AGHT+IHxkTj+vi4oBLLLSO20PAX0Mk9+4KgC4CVSGDm8hdSjHpJ7kxT/3zk+YQIsnd9EtDNi9s+FhlkpWJsI X-Received: by 2002:a05:6e02:3a01:b0:3d5:dec0:7c03 with SMTP id e9e14a558f8ab-3d7ec209ecamr86076185ab.12.1744525358267; Sat, 12 Apr 2025 23:22:38 -0700 (PDT) Received: from postal.iol.unh.edu (postal.iol.unh.edu. [132.177.123.84]) by smtp-relay.gmail.com with ESMTPS id e9e14a558f8ab-3d7dba8c946sm5672605ab.15.2025.04.12.23.22.38 (version=TLS1_2 cipher=ECDHE-ECDSA-AES128-GCM-SHA256 bits=128/128); Sat, 12 Apr 2025 23:22:38 -0700 (PDT) X-Relaying-Domain: iol.unh.edu Date: Sat, 12 Apr 2025 23:22:38 -0700 (PDT) Message-ID: <67fb582e.050a0220.5ac3a.8e5dSMTPIN_ADDED_MISSING@mx.google.com> Received: from [172.21.0.7] (unknown [172.18.0.240]) by postal.iol.unh.edu (Postfix) with ESMTP id A97AF6052471; Sun, 13 Apr 2025 02:22:37 -0400 (EDT) Subject: |FAILURE| [GIT MASTER] 4401486b5e30d43a134f80f9802f60b5f43e74a8 From: dpdklab@iol.unh.edu To: Test Report Cc: dpdk-test-reports@iol.unh.edu, Xueming Li , Christian Ehrhardt , Kevin Traynor , Luca Boccassi Content-Type: text/plain X-BeenThere: test-report@dpdk.org X-Mailman-Version: 2.1.29 Precedence: list List-Id: automatic DPDK test reports List-Unsubscribe: , List-Archive: List-Post: List-Help: List-Subscribe: , Errors-To: test-report-bounces@dpdk.org _Testing issues_ Branch: tags/v22.11 4401486b5e30d43a134f80f9802f60b5f43e74a8 --> testing issues Upstream job id: Generic-Unit-Test-DPDK#330729 Test environment and result as below: +---------------------+----------------+ | Environment | dpdk_unit_test | +=====================+================+ | Fedora 40 | FAIL | +---------------------+----------------+ | Debian 12 | FAIL | +---------------------+----------------+ | CentOS Stream 9 | FAIL | +---------------------+----------------+ | CentOS Stream 10 | FAIL | +---------------------+----------------+ | Fedora 40 (Clang) | FAIL | +---------------------+----------------+ | RHEL8 | PEND | +---------------------+----------------+ | Fedora 41 (Clang) | FAIL | +---------------------+----------------+ | Ubuntu 20.04 | PASS | +---------------------+----------------+ | RHEL9 | PEND | +---------------------+----------------+ | Fedora 41 | FAIL | +---------------------+----------------+ | Ubuntu 24.04 | FAIL | +---------------------+----------------+ | Ubuntu 22.04 | FAIL | +---------------------+----------------+ | Windows Server 2022 | FAIL | +---------------------+----------------+ ==== Unit test summary for Windows Server 2022 (dpdk_unit_test): ==== Failed to get the unit test results. Displaying the unit test results is not supported for some environments, such as our aarch32 testing, where meson is not used to run the tests. Download the logs available on our CI site. ==== End log output ==== Fedora 40 Kernel: Depends on container host Compiler: gcc 14.2.1 20240912 (Red Hat 14.2.1-3) Debian 12 Kernel: Depends on container host Compiler: gcc (Debian 12.2.0-14) 12.2.0 CentOS Stream 9 Kernel: Depends on container host Compiler: gcc 11.5.0 20240719 (Red Hat 11.5.0-2) CentOS Stream 10 Kernel: Depends on container host Compiler: gcc 14.2.1 20241104 (Red Hat 14.2.1-6) Fedora 40 (Clang) Kernel: Depends on container host Compiler: clang 18.1.8 (Fedora 18.1.8-1.fc40) RHEL8 Kernel: Depends on container host Compiler: gcc 8.5.0 20210514 (Red Hat 8.5.0-22) Fedora 41 (Clang) Kernel: Depends on container host Compiler: clang 19.1.5 (Fedora 19.1.5-1.fc41) Ubuntu 20.04 Kernel: Depends on container host Compiler: gcc (Ubuntu 9.4.0-1ubuntu1~20.04.2) 9.4.0 RHEL9 Kernel: Depends on container host Compiler: gcc 11.5.0 20240719 (Red Hat 11.5.0-2) Fedora 41 Kernel: Depends on container host Compiler: gcc 14.2.1 20240912 (Red Hat 14.2.1-3) Ubuntu 24.04 Kernel: Depends on container host Compiler: gcc (Ubuntu 13.3.0-6ubuntu2~24.04) 13.3.0 Ubuntu 22.04 Kernel: Depends on container host Compiler: gcc (Ubuntu 11.4.0-1ubuntu1~22.04) 11.4.0 Windows Server 2022 Kernel: 10.0.20348.2031 Compiler: clang 15.0.7, gcc 14.1.0 (MinGW), and MSVC VS 19.39.33521 To view detailed results, visit: https://lab.dpdk.org/results/dashboard/tarballs/33241/ UNH-IOL DPDK Community Lab To manage your email subscriptions, visit: https://lab.dpdk.org/results/dashboard/preferences/subscriptions/