From mboxrd@z Thu Jan  1 00:00:00 1970
Return-Path: <test-report-bounces@dpdk.org>
Received: from mails.dpdk.org (mails.dpdk.org [217.70.189.124])
	by inbox.dpdk.org (Postfix) with ESMTP id B0DE74658A
	for <public@inbox.dpdk.org>; Mon, 14 Apr 2025 09:08:36 +0200 (CEST)
Received: from mails.dpdk.org (localhost [127.0.0.1])
	by mails.dpdk.org (Postfix) with ESMTP id AA90940270;
	Mon, 14 Apr 2025 09:08:36 +0200 (CEST)
Received: from mail-pg1-f226.google.com (mail-pg1-f226.google.com
 [209.85.215.226])
 by mails.dpdk.org (Postfix) with ESMTP id CCBF440265
 for <test-report@dpdk.org>; Mon, 14 Apr 2025 09:08:35 +0200 (CEST)
Received: by mail-pg1-f226.google.com with SMTP id
 41be03b00d2f7-b06e9bcc986so829435a12.0
 for <test-report@dpdk.org>; Mon, 14 Apr 2025 00:08:35 -0700 (PDT)
DKIM-Signature: v=1; a=rsa-sha256; c=relaxed/relaxed;
 d=iol.unh.edu; s=unh-iol; t=1744614515; x=1745219315; darn=dpdk.org;
 h=cc:to:from:subject:message-id:date:from:to:cc:subject:date
 :message-id:reply-to;
 bh=iT7iN1dAN7UXUg700kT50mnJ6O021LWSycJeF+9sPc0=;
 b=jcFA8bTO+hn8OXTySAsjwluW5Y8jSRUx8e/6Ta4DpWMCLR17und3JJaZ6BfuDCeaFn
 bP5Q3bOHU8vJoXhIkK3L0OPuckD+SXSrUuALy8yPjS7mrscl5scFZzMoPy5HxFCWuwTu
 ZlXERxIFYZBJktfi3hdICbeX8mJRtW8ZJQrvE=
X-Google-DKIM-Signature: v=1; a=rsa-sha256; c=relaxed/relaxed;
 d=1e100.net; s=20230601; t=1744614515; x=1745219315;
 h=cc:to:from:subject:message-id:date:x-gm-message-state:from:to:cc
 :subject:date:message-id:reply-to;
 bh=iT7iN1dAN7UXUg700kT50mnJ6O021LWSycJeF+9sPc0=;
 b=ZMB9aWoFTw+oRPaBINYst2C2MhFmbSwPHAnaKoz0mNTCVyeEYQkoNaoCRsbp7+wIjM
 d9ILjcQNqnDVpSFGqN3uzwaaZnky+wvh1ZZzVFdSsgoCyWa4x8/+OSRy62SG0tuDT59D
 CGbpV2HTJxGtQUbTjt6uBj0XqX6YV6ZWhP7wsD0SJSY+8YJca9s/FRVaq8pZJiZlEkYv
 08UaTq6nn3sctqdNqK1a7/n458m5dqBaJS9rgO/znUs2ANPULLIcXp5uYKZS53unn1TO
 T72OtpE+s4oTIfl5sx/gEh2LX6apCbGYpdj2bdqfdWsf67LO6NPZF8rePQwT3HWaAio3
 rz2w==
X-Gm-Message-State: AOJu0YxI/FqMY46JjvCQP95JL/awCWd11YGUOO5VR4H0xhRU7UArPed1
 8nW5wvlSJd5eU5t8H7J0BVz3rBejGH9xfVAelUZoba60mxhMTtSZR7r3+lJQS+M6wPnHeCnVk0I
 /isDID73/o2j4VhYy6YSREw89zfu2bEz5eQAf4KSHVzCypI+r
X-Gm-Gg: ASbGncs0DqpXxx7mkDp4U1zzL9TxwnuJV8hMSrJTaCy4rqpfXN1ylwpepAp5ZqbBxHm
 Ev2z/SdLP/baRDrJFkLKndQpOXAT9ddLPI5khDsVb1jv9kg6nnhod+6EGqHcCo4UZM+qqppGt0m
 z2u3ZwGUzPrXaS5cTNJ0OffzE2ptTlVRl28a3OMzn3TZNacSQQCdXVrvyC+N+ru5E9RPJxTeCcH
 YbCO+/Mz19/YL1sbL61kMCJ61zGli1mZ9sc4xuPcNHYqRnTkTTMcEINzEKwp/SaO5QrAaHtGQhf
 9Gg8po/DNbFWpcQWcu1EhNTHZdeoERyg9tiYim+/vh/wD3Kz
X-Google-Smtp-Source: AGHT+IFOC8bvvsf/oOmQmifXDUEBEct4zYuVYayuT+KtgCdVUHGz5XbPLDFBQ+Um/N10MEIirgjzStth6fxN
X-Received: by 2002:a17:90b:280c:b0:2ee:d63f:d73 with SMTP id
 98e67ed59e1d1-30823633e97mr18123556a91.11.1744614514968; 
 Mon, 14 Apr 2025 00:08:34 -0700 (PDT)
Received: from postal.iol.unh.edu (postal.iol.unh.edu.
 [2606:4100:3880:1234::84]) by smtp-relay.gmail.com with ESMTPS id
 98e67ed59e1d1-306df4041e6sm789223a91.15.2025.04.14.00.08.34
 (version=TLS1_2 cipher=ECDHE-ECDSA-AES128-GCM-SHA256 bits=128/128);
 Mon, 14 Apr 2025 00:08:34 -0700 (PDT)
X-Relaying-Domain: iol.unh.edu
Date: Mon, 14 Apr 2025 00:08:34 -0700 (PDT)
Message-ID: <67fcb472.170a0220.1776cf.66a2SMTPIN_ADDED_MISSING@mx.google.com>
Received: from [172.21.0.5] (unknown [172.18.0.240])
 by postal.iol.unh.edu (Postfix) with ESMTP id 1CCA76052471;
 Mon, 14 Apr 2025 03:08:34 -0400 (EDT)
Subject: |WARNING| [GIT MASTER] 4401486b5e30d43a134f80f9802f60b5f43e74a8
From: dpdklab@iol.unh.edu
To: Test Report <test-report@dpdk.org>
Cc: dpdk-test-reports@iol.unh.edu, Xueming Li <xuemingl@nvidia.com>,
 Christian Ehrhardt <christian.ehrhardt@canonical.com>,
 Kevin Traynor <ktraynor@redhat.com>, Luca Boccassi <bluca@debian.org>
Content-Type: text/plain
X-BeenThere: test-report@dpdk.org
X-Mailman-Version: 2.1.29
Precedence: list
List-Id: automatic DPDK test reports <test-report.dpdk.org>
List-Unsubscribe: <https://mails.dpdk.org/options/test-report>,
 <mailto:test-report-request@dpdk.org?subject=unsubscribe>
List-Archive: <http://mails.dpdk.org/archives/test-report/>
List-Post: <mailto:test-report@dpdk.org>
List-Help: <mailto:test-report-request@dpdk.org?subject=help>
List-Subscribe: <https://mails.dpdk.org/listinfo/test-report>,
 <mailto:test-report-request@dpdk.org?subject=subscribe>
Errors-To: test-report-bounces@dpdk.org

_Testing issues_

Branch: tags/v22.11

4401486b5e30d43a134f80f9802f60b5f43e74a8 --> testing issues

Upstream job id: Generic-DPDK-Compile-Meson#379816

Test environment and result as below:

+---------------------+--------------------+-------------------------+----------------------+
|     Environment     | dpdk_meson_compile | dpdk_llvm_clang_compile | dpdk_mingw64_compile |
+=====================+====================+=========================+======================+
| CentOS Stream 9     | PASS               | SKIPPED                 | SKIPPED              |
+---------------------+--------------------+-------------------------+----------------------+
| CentOS Stream 10    | PASS               | SKIPPED                 | SKIPPED              |
+---------------------+--------------------+-------------------------+----------------------+
| Debian 12           | PASS               | SKIPPED                 | SKIPPED              |
+---------------------+--------------------+-------------------------+----------------------+
| Fedora 40 (Clang)   | PASS               | SKIPPED                 | SKIPPED              |
+---------------------+--------------------+-------------------------+----------------------+
| RHEL8               | PASS               | SKIPPED                 | SKIPPED              |
+---------------------+--------------------+-------------------------+----------------------+
| Fedora 41           | PASS               | SKIPPED                 | SKIPPED              |
+---------------------+--------------------+-------------------------+----------------------+
| openSUSE Leap 15    | PASS               | SKIPPED                 | SKIPPED              |
+---------------------+--------------------+-------------------------+----------------------+
| Fedora 40           | PASS               | SKIPPED                 | SKIPPED              |
+---------------------+--------------------+-------------------------+----------------------+
| Fedora 41 (Clang)   | PASS               | SKIPPED                 | SKIPPED              |
+---------------------+--------------------+-------------------------+----------------------+
| Ubuntu 24.04        | PASS               | SKIPPED                 | SKIPPED              |
+---------------------+--------------------+-------------------------+----------------------+
| Ubuntu 22.04        | PASS               | SKIPPED                 | SKIPPED              |
+---------------------+--------------------+-------------------------+----------------------+
| RHEL9               | PASS               | SKIPPED                 | SKIPPED              |
+---------------------+--------------------+-------------------------+----------------------+
| Ubuntu 20.04        | PASS               | SKIPPED                 | SKIPPED              |
+---------------------+--------------------+-------------------------+----------------------+
| FreeBSD 13.5        | PASS               | SKIPPED                 | SKIPPED              |
+---------------------+--------------------+-------------------------+----------------------+
| FreeBSD 14.2        | PASS               | SKIPPED                 | SKIPPED              |
+---------------------+--------------------+-------------------------+----------------------+
| Windows Server 2022 | SKIPPED            | FAIL                    | PASS                 |
+---------------------+--------------------+-------------------------+----------------------+

==== 20 line log output for Windows Server 2022 (dpdk_llvm_clang_compile): ====
..\lib\eal\include/rte_common.h:850:32: note: expanded from macro 'RTE_FMT_TAIL'
#define RTE_FMT_TAIL(fmt, ...) __VA_ARGS__
^~~~~~~~~~~
..\lib\eal\include/rte_common.h:848:39: note: expanded from macro 'RTE_FMT'
#define RTE_FMT(fmt, ...) fmt "%.0s", __VA_ARGS__ ""
^~~~~~~~~~~
../drivers/crypto/mlx5/mlx5_crypto.c:463:18: note: forward declaration of 'struct mlx5_err_cqe'
volatile struct mlx5_err_cqe *cqe = (volatile struct mlx5_err_cqe *)
^
3 errors generated.
[619/788] Compiling C object drivers/libtmp_rte_crypto_mlx5.a.p/crypto_mlx5_mlx5_crypto_dek.c.obj
[620/788] Linking static target drivers/libtmp_rte_net_vmxnet3.a
[621/788] Linking static target drivers/libtmp_rte_net_octeon_ep.a
[622/788] Compiling C object drivers/libtmp_rte_net_mlx5.a.p/net_mlx5_mlx5_tx_nompw.c.obj
[623/788] Compiling C object app/dpdk-testpmd.exe.p/test-pmd_cmd_flex_item.c.obj
[624/788] Compiling C object app/dpdk-testpmd.exe.p/test-pmd_cmdline.c.obj
[625/788] Compiling C object drivers/libtmp_rte_net_mlx5.a.p/net_mlx5_mlx5_tx_empw.c.obj
[626/788] Compiling C object app/dpdk-testpmd.exe.p/test-pmd_config.c.obj
[627/788] Compiling C object drivers/libtmp_rte_net_mlx5.a.p/net_mlx5_mlx5_tx_txpp.c.obj
ninja: build stopped: subcommand failed.
==== End log output ====

CentOS Stream 9
	Kernel: Depends on container host
	Compiler: gcc 11.5.0 20240719 (Red Hat 11.5.0-2)

CentOS Stream 10
	Kernel: Depends on container host
	Compiler: gcc 14.2.1 20241104 (Red Hat 14.2.1-6)

Debian 12
	Kernel: Depends on container host
	Compiler: gcc (Debian 12.2.0-14) 12.2.0

Fedora 40 (Clang)
	Kernel: Depends on container host
	Compiler: clang 18.1.8 (Fedora 18.1.8-1.fc40)

RHEL8
	Kernel: Depends on container host
	Compiler: gcc 8.5.0 20210514 (Red Hat 8.5.0-22)

Fedora 41
	Kernel: Depends on container host
	Compiler: gcc 14.2.1 20240912 (Red Hat 14.2.1-3)

openSUSE Leap 15
	Kernel: Depends on container host
	Compiler: gcc (SUSE Linux) 7.5.0

Fedora 40
	Kernel: Depends on container host
	Compiler: gcc 14.2.1 20240912 (Red Hat 14.2.1-3)

Fedora 41 (Clang)
	Kernel: Depends on container host
	Compiler: clang 19.1.5 (Fedora 19.1.5-1.fc41)

Ubuntu 24.04
	Kernel: Depends on container host
	Compiler: gcc (Ubuntu 13.3.0-6ubuntu2~24.04) 13.3.0

Ubuntu 22.04
	Kernel: Depends on container host
	Compiler: gcc (Ubuntu 11.4.0-1ubuntu1~22.04) 11.4.0

RHEL9
	Kernel: Depends on container host
	Compiler: gcc 11.5.0 20240719 (Red Hat 11.5.0-2)

Ubuntu 20.04
	Kernel: Depends on container host
	Compiler: gcc (Ubuntu 9.4.0-1ubuntu1~20.04.2) 9.4.0

FreeBSD 13.5
	Kernel: 13.5-RELEASE
	Compiler: clang 19.1.7

FreeBSD 14.2
	Kernel: 14.2-RELEASE
	Compiler: clang 18.1.6

Windows Server 2022
	Kernel: 10.0.20348.2031
	Compiler: clang 15.0.7, gcc 14.1.0 (MinGW), and MSVC VS 19.39.33521

To view detailed results, visit:
https://lab.dpdk.org/results/dashboard/tarballs/33245/

UNH-IOL DPDK Community Lab

To manage your email subscriptions, visit: 
https://lab.dpdk.org/results/dashboard/preferences/subscriptions/