From mboxrd@z Thu Jan  1 00:00:00 1970
Return-Path: <test-report-bounces@dpdk.org>
Received: from mails.dpdk.org (mails.dpdk.org [217.70.189.124])
	by inbox.dpdk.org (Postfix) with ESMTP id 3925546593
	for <public@inbox.dpdk.org>; Tue, 15 Apr 2025 07:51:10 +0200 (CEST)
Received: from mails.dpdk.org (localhost [127.0.0.1])
	by mails.dpdk.org (Postfix) with ESMTP id 25284402A1;
	Tue, 15 Apr 2025 07:51:10 +0200 (CEST)
Received: from mail-yw1-f225.google.com (mail-yw1-f225.google.com
 [209.85.128.225])
 by mails.dpdk.org (Postfix) with ESMTP id D101140289
 for <test-report@dpdk.org>; Tue, 15 Apr 2025 07:51:08 +0200 (CEST)
Received: by mail-yw1-f225.google.com with SMTP id
 00721157ae682-6ff1e375a47so47057687b3.1
 for <test-report@dpdk.org>; Mon, 14 Apr 2025 22:51:08 -0700 (PDT)
DKIM-Signature: v=1; a=rsa-sha256; c=relaxed/relaxed;
 d=iol.unh.edu; s=unh-iol; t=1744696268; x=1745301068; darn=dpdk.org;
 h=cc:to:from:subject:message-id:date:from:to:cc:subject:date
 :message-id:reply-to;
 bh=0sp+yVFuIpZWxyPBBN+qtWCqhvUV7/pr6VfpsympZrs=;
 b=KeeRNIS02pZvep51eSiMcDcsUnlEmwm/+7CuBzswK2hVAxdsIDs2YR7OSOMna+u7M0
 3qimY1k3QkhVQ0lWyNBwk1HW2eAAc0bKOB6vMJyaJQnU7ThppP3LyzcTly5H/WaycAk1
 72IE3q6S5UetOL6P4e1l/+WAjmSM5SAZSTyhY=
X-Google-DKIM-Signature: v=1; a=rsa-sha256; c=relaxed/relaxed;
 d=1e100.net; s=20230601; t=1744696268; x=1745301068;
 h=cc:to:from:subject:message-id:date:x-gm-message-state:from:to:cc
 :subject:date:message-id:reply-to;
 bh=0sp+yVFuIpZWxyPBBN+qtWCqhvUV7/pr6VfpsympZrs=;
 b=I4JZq+G79CsrgQ6SzjIcYsQAgibONu1xsR6IqC+kkZS0kgQ69GY4PWc84D67I57x/p
 k/U5xQ3aP7fNxRkj81PXExwpvLDy2CRxUz9HPwZNn6twW+YrQPb266NjgIek/WfKjn3i
 YYKz1tfhMRxnF20LTWogySmFhONI1dtfUF9odVuA5x6uB9IF/wDOSxkXwUCBXGPhTsvy
 06jE3I1Ts5RoXkxTYYOVHPOZ4Mb8Du1olWpXfpiOXuYIAk4NYNWtGrd30b0g++ILSR7T
 jYNyl6wQ76eBHfN0zBPM8EZ6zQFkPzId9ElzHn3HQVKtjof659sDjId+/CLeE/BPKRCd
 KR9A==
X-Gm-Message-State: AOJu0Yx59XcPdJsgHHao3UFVs59okbiigGR5/8cb7pqM1Uo2q2x3LJlb
 BClKAfAiaI6wBCdGHVOV0xVAyso+XX1PsHyvFd8IVz6vDqGT9o1hGU21hNtQTO9kkBLqCHD0eFn
 lCZ0noo//IGTo1qyep49OBBcgPlg8NZAr
X-Gm-Gg: ASbGncubkjqO4hjhGZlRsCJSuQJdyAJQrk6qu8aApA9wZWEr0W9qrmn8wTl/rQvSFQN
 ShFta06jtTn2qo1o90cZ1oCEstF7SdGqanJF7IQzYiais6zJNyQZU5lh4sEn7az2lebhsoaY/yf
 5Xw09yVUzGRT0ng/oX7FNxRmHmZNSIqqP0WMSU19W8PWgtZvqxsDavg0nzJnF+SsVKOW/zH1zQD
 JGWaTEuEFHlhILd7XmbPXZ0hrg5kxrl6EWR9Lyn/9rmDA4vVDGd9tqP6o6XPW+oEcj0kKOUxhcc
 1iSGTiRK+rU/4OqpS5gKp0GslHuOOJDm1w1n
X-Google-Smtp-Source: AGHT+IH7H5hDOT07HxPU0Wjk42+09pPpGB6B7UhM/raS40yTm2ekmq9vfEIrrriIe9luGrtIZRKeeA6mCi3p
X-Received: by 2002:a05:690c:660a:b0:703:b278:db3b with SMTP id
 00721157ae682-70559aab9f4mr242701567b3.30.1744696268128; 
 Mon, 14 Apr 2025 22:51:08 -0700 (PDT)
Received: from postal.iol.unh.edu (postal.iol.unh.edu. [132.177.123.84])
 by smtp-relay.gmail.com with ESMTPS id
 00721157ae682-7053e0f4106sm5740357b3.7.2025.04.14.22.51.08
 (version=TLS1_2 cipher=ECDHE-ECDSA-AES128-GCM-SHA256 bits=128/128);
 Mon, 14 Apr 2025 22:51:08 -0700 (PDT)
X-Relaying-Domain: iol.unh.edu
Date: Mon, 14 Apr 2025 22:51:08 -0700 (PDT)
Message-ID: <67fdf3cc.050a0220.2bc15e.a387SMTPIN_ADDED_MISSING@mx.google.com>
Received: from [172.21.0.5] (unknown [172.18.0.240])
 by postal.iol.unh.edu (Postfix) with ESMTP id C11BF6052471;
 Tue, 15 Apr 2025 01:51:07 -0400 (EDT)
Subject: |WARNING| [GIT MASTER] 4401486b5e30d43a134f80f9802f60b5f43e74a8
From: dpdklab@iol.unh.edu
To: Test Report <test-report@dpdk.org>
Cc: dpdk-test-reports@iol.unh.edu, Xueming Li <xuemingl@nvidia.com>,
 Christian Ehrhardt <christian.ehrhardt@canonical.com>,
 Kevin Traynor <ktraynor@redhat.com>, Luca Boccassi <bluca@debian.org>
Content-Type: text/plain
X-BeenThere: test-report@dpdk.org
X-Mailman-Version: 2.1.29
Precedence: list
List-Id: automatic DPDK test reports <test-report.dpdk.org>
List-Unsubscribe: <https://mails.dpdk.org/options/test-report>,
 <mailto:test-report-request@dpdk.org?subject=unsubscribe>
List-Archive: <http://mails.dpdk.org/archives/test-report/>
List-Post: <mailto:test-report@dpdk.org>
List-Help: <mailto:test-report-request@dpdk.org?subject=help>
List-Subscribe: <https://mails.dpdk.org/listinfo/test-report>,
 <mailto:test-report-request@dpdk.org?subject=subscribe>
Errors-To: test-report-bounces@dpdk.org

_Testing issues_

Branch: tags/v22.11

4401486b5e30d43a134f80f9802f60b5f43e74a8 --> testing issues

Upstream job id: Windows-Compile-DPDK-Native#27874

Test environment and result as below:

+---------------------+--------------------+-------------------------+
|     Environment     | dpdk_meson_compile | dpdk_llvm_clang_compile |
+=====================+====================+=========================+
| Debian 12           | PEND               | SKIPPED                 |
+---------------------+--------------------+-------------------------+
| CentOS Stream 10    | PEND               | SKIPPED                 |
+---------------------+--------------------+-------------------------+
| CentOS Stream 9     | PEND               | SKIPPED                 |
+---------------------+--------------------+-------------------------+
| Fedora 40           | PEND               | SKIPPED                 |
+---------------------+--------------------+-------------------------+
| Fedora 40 (Clang)   | PEND               | SKIPPED                 |
+---------------------+--------------------+-------------------------+
| Fedora 41           | PEND               | SKIPPED                 |
+---------------------+--------------------+-------------------------+
| Fedora 41 (Clang)   | PEND               | SKIPPED                 |
+---------------------+--------------------+-------------------------+
| openSUSE Leap 15    | PEND               | SKIPPED                 |
+---------------------+--------------------+-------------------------+
| RHEL9               | PEND               | SKIPPED                 |
+---------------------+--------------------+-------------------------+
| Ubuntu 20.04        | PASS               | SKIPPED                 |
+---------------------+--------------------+-------------------------+
| RHEL8               | PEND               | SKIPPED                 |
+---------------------+--------------------+-------------------------+
| Ubuntu 22.04        | PEND               | SKIPPED                 |
+---------------------+--------------------+-------------------------+
| Ubuntu 24.04        | PEND               | SKIPPED                 |
+---------------------+--------------------+-------------------------+
| FreeBSD 13.5        | PASS               | SKIPPED                 |
+---------------------+--------------------+-------------------------+
| FreeBSD 14.2        | PASS               | SKIPPED                 |
+---------------------+--------------------+-------------------------+
| Windows Server 2022 | SKIPPED            | FAIL                    |
+---------------------+--------------------+-------------------------+

==== 20 line log output for Windows Server 2022 (dpdk_llvm_clang_compile): ====
..\lib\eal\include/rte_common.h:850:32: note: expanded from macro 'RTE_FMT_TAIL'
#define RTE_FMT_TAIL(fmt, ...) __VA_ARGS__
^~~~~~~~~~~
..\lib\eal\include/rte_common.h:848:39: note: expanded from macro 'RTE_FMT'
#define RTE_FMT(fmt, ...) fmt "%.0s", __VA_ARGS__ ""
^~~~~~~~~~~
../drivers/crypto/mlx5/mlx5_crypto.c:463:18: note: forward declaration of 'struct mlx5_err_cqe'
volatile struct mlx5_err_cqe *cqe = (volatile struct mlx5_err_cqe *)
^
3 errors generated.
[618/788] Compiling C object drivers/libtmp_rte_net_vmxnet3.a.p/net_vmxnet3_vmxnet3_ethdev.c.obj
[619/788] Compiling C object drivers/libtmp_rte_net_vmxnet3.a.p/net_vmxnet3_vmxnet3_rxtx.c.obj
[620/788] Compiling C object drivers/libtmp_rte_crypto_mlx5.a.p/crypto_mlx5_mlx5_crypto_dek.c.obj
[621/788] Compiling C object app/dpdk-testpmd.exe.p/test-pmd_cmd_flex_item.c.obj
[622/788] Generating rte_net_octeon_ep.pmd.c with a custom command (wrapped by meson to set PATH)
[623/788] Compiling C object drivers/libtmp_rte_net_mlx5.a.p/net_mlx5_mlx5_tx_nompw.c.obj
[624/788] Compiling C object app/dpdk-testpmd.exe.p/test-pmd_cmdline_flow.c.obj
[625/788] Compiling C object drivers/libtmp_rte_net_mlx5.a.p/net_mlx5_mlx5_tx_empw.c.obj
[626/788] Compiling C object drivers/libtmp_rte_net_mlx5.a.p/net_mlx5_mlx5_tx_txpp.c.obj
ninja: build stopped: subcommand failed.
==== End log output ====

Debian 12
	Kernel: Depends on container host
	Compiler: gcc (Debian 12.2.0-14) 12.2.0

CentOS Stream 10
	Kernel: Depends on container host
	Compiler: gcc 14.2.1 20241104 (Red Hat 14.2.1-6)

CentOS Stream 9
	Kernel: Depends on container host
	Compiler: gcc 11.5.0 20240719 (Red Hat 11.5.0-2)

Fedora 40
	Kernel: Depends on container host
	Compiler: gcc 14.2.1 20240912 (Red Hat 14.2.1-3)

Fedora 40 (Clang)
	Kernel: Depends on container host
	Compiler: clang 18.1.8 (Fedora 18.1.8-1.fc40)

Fedora 41
	Kernel: Depends on container host
	Compiler: gcc 14.2.1 20240912 (Red Hat 14.2.1-3)

Fedora 41 (Clang)
	Kernel: Depends on container host
	Compiler: clang 19.1.5 (Fedora 19.1.5-1.fc41)

openSUSE Leap 15
	Kernel: Depends on container host
	Compiler: gcc (SUSE Linux) 7.5.0

RHEL9
	Kernel: Depends on container host
	Compiler: gcc 11.5.0 20240719 (Red Hat 11.5.0-2)

Ubuntu 20.04
	Kernel: Depends on container host
	Compiler: gcc (Ubuntu 9.4.0-1ubuntu1~20.04.2) 9.4.0

RHEL8
	Kernel: Depends on container host
	Compiler: gcc 8.5.0 20210514 (Red Hat 8.5.0-22)

Ubuntu 22.04
	Kernel: Depends on container host
	Compiler: gcc (Ubuntu 11.4.0-1ubuntu1~22.04) 11.4.0

Ubuntu 24.04
	Kernel: Depends on container host
	Compiler: gcc (Ubuntu 13.3.0-6ubuntu2~24.04) 13.3.0

FreeBSD 13.5
	Kernel: 13.5-RELEASE
	Compiler: clang 19.1.7

FreeBSD 14.2
	Kernel: 14.2-RELEASE
	Compiler: clang 18.1.6

Windows Server 2022
	Kernel: 10.0.20348.2031
	Compiler: clang 15.0.7, gcc 14.1.0 (MinGW), and MSVC VS 19.39.33521

To view detailed results, visit:
https://lab.dpdk.org/results/dashboard/tarballs/33253/

UNH-IOL DPDK Community Lab

To manage your email subscriptions, visit: 
https://lab.dpdk.org/results/dashboard/preferences/subscriptions/