From mboxrd@z Thu Jan 1 00:00:00 1970 Return-Path: Received: from mails.dpdk.org (mails.dpdk.org [217.70.189.124]) by inbox.dpdk.org (Postfix) with ESMTP id 4D0E94659A for ; Tue, 15 Apr 2025 17:03:35 +0200 (CEST) Received: from mails.dpdk.org (localhost [127.0.0.1]) by mails.dpdk.org (Postfix) with ESMTP id 483F940289; Tue, 15 Apr 2025 17:03:35 +0200 (CEST) Received: from mail-yw1-f226.google.com (mail-yw1-f226.google.com [209.85.128.226]) by mails.dpdk.org (Postfix) with ESMTP id 0258A40263 for ; Tue, 15 Apr 2025 17:03:34 +0200 (CEST) Received: by mail-yw1-f226.google.com with SMTP id 00721157ae682-6fece18b3c8so54971007b3.3 for ; Tue, 15 Apr 2025 08:03:33 -0700 (PDT) DKIM-Signature: v=1; a=rsa-sha256; c=relaxed/relaxed; d=iol.unh.edu; s=unh-iol; t=1744729413; x=1745334213; darn=dpdk.org; h=references:in-reply-to:cc:to:from:subject:message-id:date:from:to :cc:subject:date:message-id:reply-to; bh=pynIMgM4e4UWCdthjABeKPDrr9UYtN/eOnKo0Pnx6Oc=; b=Ie48ZQua7WrEd+6sNY81vcfd0oDlluVe6fYXtuaBTPrvOssnm3b5w7M8R3FF77bGKS H1KghZm5Xpie2c+F5LfUr4Yh2sbPMuNe8AFNlN6T0m5z6/AOqznnoju/lpb+Tv6bl0HK cXsmvi6KO02YaL4MZ9J5wyVkDC0Ey7JjauGRE= X-Google-DKIM-Signature: v=1; a=rsa-sha256; c=relaxed/relaxed; d=1e100.net; s=20230601; t=1744729413; x=1745334213; h=references:in-reply-to:cc:to:from:subject:message-id:date :x-gm-message-state:from:to:cc:subject:date:message-id:reply-to; bh=pynIMgM4e4UWCdthjABeKPDrr9UYtN/eOnKo0Pnx6Oc=; b=dDzvE67jlqu2ovO4zM2ODJIhyA1MyZuAtvPRUPpSSqVtU1G4JAcpfrt5izzNCfaRB8 rEm6ThQZSYO0QGVPJ81fr4GF2zdkMkfeNbPwjqddlhLn9MbMfHJBUl+WorLEHhamWof4 d77mhanE7grg0ZFYZXAk5vZNraEkotDHCmGcOcFNO6rRFV1EwdsaRPApUrkifjtTRcGF wMjgUZtjO0DD/wUUUiQrG1EVx0u1XLCjARQ+uMRRMiAhbCMRGqVmcW+ToOYtfoTOSmPn V+PT5VEmJxwPot5LMdHJceuW19VHWKaXiJEU2E4a50f9g7O7anOGpIg+gZmKVEGQ5QvH 5Zqg== X-Gm-Message-State: AOJu0YwLVntZjnw+Rw+LnCHc1rlueIefPaYO9spSG6UkpLpGK1V+pmzw TFtQCj+74utgirBWw9GOvRhvriuB83GTEWOXc7zHqOE9FwAsMNhSetxDsjQe1TKc+XUh1YIihpX 3jXmbgWdykDGAXOIWjSUuy1cUfP3NeMWi7naU3k2M X-Gm-Gg: ASbGncszFHzWip2yynF3lqlLOmjl5lxpo3KJNXahR7wPTx7+V1J+S8Lvyt19P8o2Qma 7TC9AHHKOhr1hJfdd2Mtc9e5RL2xKnZK4cMdGcVCmAvG1LfefvZjxGTYhFi0nUI4GlSZw77BrmI /93tDYPJb1yYFoOb3PR1ewkB89+8jsAthb6i1rzzKdFpOxLV2QJn3gqQ0TgUlxxjGiuxIirbBAN sfwugkDwOigJRDv42QTce/LtlAHxORtH1VYcuYPa/mnJE9hr4Qw1Knj17qDrnT+RZg3QcGSdxpf plEqkXMD7OGZb4P04gXDuTWy+zh0Yah8bX40 X-Google-Smtp-Source: AGHT+IHFnTdXD/CSHMOJ0iEU+KHN8Psm1xdH7KwJbhNrfPf+WstKMhlP0yiemPQyV9LWy5EfEPG+q+qIXg6r X-Received: by 2002:a05:690c:688e:b0:6ef:6eba:1d4f with SMTP id 00721157ae682-70559980db2mr295821527b3.1.1744729413373; Tue, 15 Apr 2025 08:03:33 -0700 (PDT) Received: from postal.iol.unh.edu (postal.iol.unh.edu. [132.177.123.84]) by smtp-relay.gmail.com with ESMTPS id 00721157ae682-7053e0f4393sm6291137b3.4.2025.04.15.08.03.33 (version=TLS1_2 cipher=ECDHE-ECDSA-AES128-GCM-SHA256 bits=128/128); Tue, 15 Apr 2025 08:03:33 -0700 (PDT) X-Relaying-Domain: iol.unh.edu Date: Tue, 15 Apr 2025 08:03:33 -0700 (PDT) Message-ID: <67fe7545.050a0220.170e7.da80SMTPIN_ADDED_MISSING@mx.google.com> Received: from [172.21.0.5] (unknown [172.18.0.240]) by postal.iol.unh.edu (Postfix) with ESMTP id EFCA76052472; Tue, 15 Apr 2025 11:03:32 -0400 (EDT) Subject: |FAILURE| pw152919-152930 [PATCH] [v1,12/12] app/graph: add IP6 look From: dpdklab@iol.unh.edu To: Test Report Cc: dpdk-test-reports@iol.unh.edu, Ankur Dwivedi In-Reply-To: <20250415121052.1497155-13-adwivedi@marvell.com> References: <20250415121052.1497155-13-adwivedi@marvell.com> Content-Type: text/plain X-BeenThere: test-report@dpdk.org X-Mailman-Version: 2.1.29 Precedence: list List-Id: automatic DPDK test reports List-Unsubscribe: , List-Archive: List-Post: List-Help: List-Subscribe: , Errors-To: test-report-bounces@dpdk.org Test-Label: iol-compile-arm64-testing Test-Status: FAILURE http://dpdk.org/patch/152930 _Testing issues_ Submitter: Ankur Dwivedi Date: Tuesday, April 15 2025 12:10:52 DPDK git baseline: Repo:dpdk Branch: master CommitID:ca1690ebd224f148268285b15b97441ccdbdd07e 152919-152930 --> testing issues Upstream job id: Generic-DPDK-Compile-Meson#380201 Test environment and result as below: +------------------------------------+--------------------+ | Environment | dpdk_meson_compile | +====================================+====================+ | RHEL9 (ARM) | FAIL | +------------------------------------+--------------------+ | Ubuntu 20.04 ARM GCC Cross Compile | FAIL | +------------------------------------+--------------------+ | Ubuntu 20.04 ARM SVE | PASS | +------------------------------------+--------------------+ | Debian 12 with MUSDK | PEND | +------------------------------------+--------------------+ | Fedora 40 (ARM) | PEND | +------------------------------------+--------------------+ | Fedora 41 (ARM) | PEND | +------------------------------------+--------------------+ | Fedora 40 (ARM Clang) | PEND | +------------------------------------+--------------------+ ==== 20 line log output for Ubuntu 20.04 ARM GCC Cross Compile (dpdk_meson_compile): ==== [581/3635] Generating graph.sym_chk with a custom command (wrapped by meson to capture output) [582/3635] Linking target lib/librte_graph.so.25.2 [583/3635] Generating symbol file lib/librte_graph.so.25.2.p/librte_graph.so.25.2.symbols [584/3635] Compiling C object lib/librte_node.a.p/node_ethdev_ctrl.c.o [585/3635] Compiling C object lib/librte_node.a.p/node_ethdev_rx.c.o [586/3635] Compiling C object lib/librte_node.a.p/node_ethdev_tx.c.o [587/3635] Compiling C object lib/librte_node.a.p/node_ip4_local.c.o [588/3635] Compiling C object lib/librte_node.a.p/node_ip4_lookup.c.o [589/3635] Compiling C object lib/librte_node.a.p/node_ip4_lookup_fib.c.o FAILED: lib/librte_node.a.p/node_ip4_lookup_fib.c.o ccache aarch64-linux-gnu-gcc -Ilib/librte_node.a.p -Ilib -I../lib -Ilib/node -I../lib/node -Ilib/eal/common -I../lib/eal/common -I. -I.. -Iconfig -I../config -Ilib/eal/include -I../lib/eal/include -Ilib/eal/linux/include -I../lib/eal/linux/include -Ilib/eal/arm/include -I../lib/eal/arm/include -I../kernel/linux -Ilib/eal -I../lib/eal -Ilib/kvargs -I../lib/kvargs -Ilib/log -I../lib/log -Ilib/metrics -I../lib/metrics -Ilib/telemetry -I../lib/telemetry -Ilib/graph -I../lib/graph -Ilib/pcapng -I../lib/pcapng -Ilib/ethdev -I../lib/ethdev -Ilib/net -I../lib/net -Ilib/mbuf -I../lib/mbuf -Ilib/mempool -I../lib/mempool -Ilib/ring -I../lib/ring -Ilib/meter -I../lib/meter -Ilib/lpm -I../lib/lpm -Ilib/hash -I../lib/hash -Ilib/rcu -I../lib/rcu -Ilib/cryptodev -I../lib/cryptodev -Ilib/ip_frag -I../lib/ip_frag -Ilib/fib -I../lib/fib -Ilib/rib -I../lib/rib -fdiagnostics-color=always -pipe -D_FILE_OFFSET_BITS=64 -Wall -Winvalid-pch -Wextra -Werror -std=c11 -O3 -include rte_config.h -Wvla -Wcast-qual -Wdeprecated -Wformat -Wformat-nonliteral -Wformat-security -Wmissing-declarations -Wmissing-prototypes -Wnested-externs -Wold-style-definition -Wpointer-arith -Wsign-compare -Wstrict-prototypes -Wundef -Wwrite-strings -Wno-packed-not-aligned -Wno-missing-field-initializers -D_GNU_SOURCE -fPIC -march=armv8-a+crc -moutline-atomics -DALLOW_EXPERIMENTAL_API -DALLOW_INTERNAL_API -Wno-format-truncation -fno-strict-aliasing -DRTE_LOG_DEFAULT_LOGTYPE=lib.node -MD -MQ lib/librte_node.a.p/node_ip4_lookup_fib.c.o -MF lib/librte_node.a.p/node_ip4_lookup_fib.c.o.d -o lib/librte_node.a.p/node_ip4_lookup_fib.c.o -c ../lib/node/ip4_lookup_fib.c ../lib/node/ip4_lookup_fib.c: In function 'ip4_lookup_fib_node_process': ../lib/node/ip4_lookup_fib.c:51:2: error: ISO C90 forbids variable length array 'next_hop' [-Werror=vla] 51 | uint64_t next_hop[nb_objs]; | ^~~~~~~~ ../lib/node/ip4_lookup_fib.c:57:2: error: ISO C90 forbids variable length array 'ip' [-Werror=vla] 57 | uint32_t ip[nb_objs]; | ^~~~~~~~ cc1: all warnings being treated as errors ninja: build stopped: subcommand failed. ==== End log output ==== RHEL9 (ARM) Kernel: Depends on container host Compiler: gcc 11.5.0 20240719 (Red Hat 11.5.0-2) Ubuntu 20.04 ARM GCC Cross Compile Kernel: Depends on container host Compiler: aarch64-linux-gnu-gcc (Ubuntu 9.4.0-1ubuntu1~20.04.2) 9.4.0 Ubuntu 20.04 ARM SVE Kernel: Depends on container host Compiler: gcc (Ubuntu 10.5.0-1ubuntu1~20.04) 10.5.0 Debian 12 with MUSDK Kernel: Depends on container host Compiler: gcc (Debian 12.2.0-14) 12.2.0 Fedora 40 (ARM) Kernel: Depends on container host Compiler: gcc 14.2.1 20240912 (Red Hat 14.2.1-3) Fedora 41 (ARM) Kernel: Depends on container host Compiler: gcc 14.2.1 20240912 (Red Hat 14.2.1-3) Fedora 40 (ARM Clang) Kernel: Depends on container host Compiler: clang 18.1.8 (Fedora 18.1.8-1.fc40) To view detailed results, visit: https://lab.dpdk.org/results/dashboard/patchsets/33010/ UNH-IOL DPDK Community Lab To manage your email subscriptions, visit: https://lab.dpdk.org/results/dashboard/preferences/subscriptions/