From mboxrd@z Thu Jan  1 00:00:00 1970
Return-Path: <test-report-bounces@dpdk.org>
Received: from mails.dpdk.org (mails.dpdk.org [217.70.189.124])
	by inbox.dpdk.org (Postfix) with ESMTP id BBA724659A
	for <public@inbox.dpdk.org>; Tue, 15 Apr 2025 17:14:33 +0200 (CEST)
Received: from mails.dpdk.org (localhost [127.0.0.1])
	by mails.dpdk.org (Postfix) with ESMTP id B586F40289;
	Tue, 15 Apr 2025 17:14:33 +0200 (CEST)
Received: from mail-qv1-f97.google.com (mail-qv1-f97.google.com
 [209.85.219.97]) by mails.dpdk.org (Postfix) with ESMTP id 1D75940263
 for <test-report@dpdk.org>; Tue, 15 Apr 2025 17:14:33 +0200 (CEST)
Received: by mail-qv1-f97.google.com with SMTP id
 6a1803df08f44-6e8f7019422so52292116d6.1
 for <test-report@dpdk.org>; Tue, 15 Apr 2025 08:14:33 -0700 (PDT)
DKIM-Signature: v=1; a=rsa-sha256; c=relaxed/relaxed;
 d=iol.unh.edu; s=unh-iol; t=1744730072; x=1745334872; darn=dpdk.org;
 h=references:in-reply-to:cc:to:from:subject:message-id:date:from:to
 :cc:subject:date:message-id:reply-to;
 bh=z9osgHZgfecmna4lJSAllSUqiCcbvXKZIGDuD/jUoCM=;
 b=BucX5Y4ZBiDWUS/c7YaKcKG91MQQLtj1GfVWxKZiw5nynjjKJ/F1BsDAmlKZG2UKwR
 bGfAmDpo/AAuZHjfG45R+XcwDkEhQ4hmotQ4BYDtPraMPp3hfHRHflZQis2jqsrWs4Hz
 KBt9MxCqBj/Vz7Xp/s3OMX4ql8mBesQw4es/Q=
X-Google-DKIM-Signature: v=1; a=rsa-sha256; c=relaxed/relaxed;
 d=1e100.net; s=20230601; t=1744730072; x=1745334872;
 h=references:in-reply-to:cc:to:from:subject:message-id:date
 :x-gm-message-state:from:to:cc:subject:date:message-id:reply-to;
 bh=z9osgHZgfecmna4lJSAllSUqiCcbvXKZIGDuD/jUoCM=;
 b=bPaFm0/DQuC0NYZpvDqyXsa3zc4fHMXaEzb+3Z5IDEXmez/SbjijFtup5SDENkHc9l
 3BvkbuOjb08yZH8+dVtj6gyJ/iY0s3mMMF+R/3BXcJAFSsgYUhDp7m8dyRfTt4jn4KrS
 YUDB9HXi7J6nJp5JtufERgjKixYTYMGGHqLNuFTyeoFU+1zHG9BOLv1rhRyj1GRkc+HM
 8o8L93rdK/R0QULjXZD/Ns1FlCDdCutTPj+j/g7vglzy68c7OMe4jK6/UuYlMrScXXtl
 qqMLbcN5N7htCc8+zY6vxu844jKwtATeKFo2KVHWVynBptUj3EDJ4ffBswByV1fvMiZM
 EUdA==
X-Gm-Message-State: AOJu0YwbUtQvJ2pcud2eiA+R1bMBqHuDZp4JQItZ1dGsngxQ4mZkwQcP
 hOYEVYJvh82eMvgcyGGFB0EnlQiruHHcJsXrDjL1vy4zXjPEcyQ5Mn/X+t6piNc9LnviDq1pSGN
 9bj4iXSqnwrU/e6pio0NdEaHNjIQF3ffUDBYu319u
X-Gm-Gg: ASbGncuhHw7n5QYwbFPzdT/N2hO0M0N1GDbl4zdft2mOTr0ZjkG6Avyzjg5m5X2MxmP
 WjoHhqP+wPlwfsfbRs4987iHXXMEQw/bhrEJmzfV4+A3m4EQiyR5O9ReTfObh7Pzk86whACS393
 jQfk5AbM9/sZjBJs2p6cgQ0nB2gybJPiiwkv7iXGpzIBdQoECw8bFJ0V/X2EIYa/i3tUyGK5310
 YvhcTnt13/1lkDW0uyPBDzwMUlkUOota4ST0I9bUcRGlR3SPJqhJCHLCgs894vticX6ariItx2R
 hRyyUE461sPndJjygWsLpFg0wwFUd8oqE7Wr
X-Google-Smtp-Source: AGHT+IGdMudV2BWubSqjUMegM5ydnA/pCM6uOfboQ3htJFF0nufoPh+gEoml852RXXhCii0OXxlycV3KE9XG
X-Received: by 2002:a05:6214:2387:b0:6e8:f945:ece with SMTP id
 6a1803df08f44-6f230cf79f2mr227218746d6.11.1744730072319; 
 Tue, 15 Apr 2025 08:14:32 -0700 (PDT)
Received: from postal.iol.unh.edu (postal.iol.unh.edu. [132.177.123.84])
 by smtp-relay.gmail.com with ESMTPS id
 6a1803df08f44-6f0de97d78asm7550576d6.39.2025.04.15.08.14.32
 (version=TLS1_2 cipher=ECDHE-ECDSA-AES128-GCM-SHA256 bits=128/128);
 Tue, 15 Apr 2025 08:14:32 -0700 (PDT)
X-Relaying-Domain: iol.unh.edu
Date: Tue, 15 Apr 2025 08:14:32 -0700 (PDT)
Message-ID: <67fe77d8.050a0220.25e26a.571aSMTPIN_ADDED_MISSING@mx.google.com>
Received: from [172.17.0.5] (unknown [172.18.0.217])
 by postal.iol.unh.edu (Postfix) with ESMTP id F167A6052472;
 Tue, 15 Apr 2025 11:14:31 -0400 (EDT)
Subject: |FAILURE| pw152919-152930 [PATCH] [v1,12/12] app/graph: add IP6 look
From: dpdklab@iol.unh.edu
To: Test Report <test-report@dpdk.org>
Cc: dpdk-test-reports@iol.unh.edu, Ankur Dwivedi <adwivedi@marvell.com>
In-Reply-To: <20250415121052.1497155-13-adwivedi@marvell.com>
References: <20250415121052.1497155-13-adwivedi@marvell.com>
Content-Type: text/plain
X-BeenThere: test-report@dpdk.org
X-Mailman-Version: 2.1.29
Precedence: list
List-Id: automatic DPDK test reports <test-report.dpdk.org>
List-Unsubscribe: <https://mails.dpdk.org/options/test-report>,
 <mailto:test-report-request@dpdk.org?subject=unsubscribe>
List-Archive: <http://mails.dpdk.org/archives/test-report/>
List-Post: <mailto:test-report@dpdk.org>
List-Help: <mailto:test-report-request@dpdk.org?subject=help>
List-Subscribe: <https://mails.dpdk.org/listinfo/test-report>,
 <mailto:test-report-request@dpdk.org?subject=subscribe>
Errors-To: test-report-bounces@dpdk.org

Test-Label: iol-compile-arm64-testing
Test-Status: FAILURE
http://dpdk.org/patch/152930

_Testing issues_

Submitter: Ankur Dwivedi <adwivedi@marvell.com>
Date: Tuesday, April 15 2025 12:10:52 
DPDK git baseline: Repo:dpdk
  Branch: master
  CommitID:ca1690ebd224f148268285b15b97441ccdbdd07e

152919-152930 --> testing issues

Upstream job id: Generic-DPDK-Compile-Meson#380210

Test environment and result as below:

+----------------------------------------+--------------------+
|              Environment               | dpdk_meson_compile |
+========================================+====================+
| RHEL9 (ARM)                            | FAIL               |
+----------------------------------------+--------------------+
| Ubuntu 20.04 ARM GCC Cross Compile     | FAIL               |
+----------------------------------------+--------------------+
| Ubuntu 20.04 ARM SVE                   | PASS               |
+----------------------------------------+--------------------+
| Debian 12 with MUSDK                   | FAIL               |
+----------------------------------------+--------------------+
| Fedora 40 (ARM)                        | FAIL               |
+----------------------------------------+--------------------+
| Fedora 41 (ARM)                        | FAIL               |
+----------------------------------------+--------------------+
| Fedora 40 (ARM Clang)                  | FAIL               |
+----------------------------------------+--------------------+
| Fedora 41 (ARM Clang)                  | FAIL               |
+----------------------------------------+--------------------+
| Ubuntu 20.04 (ARM)                     | FAIL               |
+----------------------------------------+--------------------+
| Ubuntu 22.04 (ARM)                     | FAIL               |
+----------------------------------------+--------------------+
| Ubuntu 24.04 (ARM)                     | FAIL               |
+----------------------------------------+--------------------+
| CentOS Stream 9 (ARM)                  | FAIL               |
+----------------------------------------+--------------------+
| CentOS Stream 10 (ARM)                 | FAIL               |
+----------------------------------------+--------------------+
| Debian 12 (arm)                        | FAIL               |
+----------------------------------------+--------------------+
| Ubuntu 20.04 ARM Clang Cross Compile   | PEND               |
+----------------------------------------+--------------------+
| Ubuntu 20.04 aarch32 GCC Cross Compile | PEND               |
+----------------------------------------+--------------------+

==== 20 line log output for Debian 12 (arm) (dpdk_meson_compile): ====
[585/3704] Generating graph.sym_chk with a custom command (wrapped by meson to capture output)
[586/3704] Linking target lib/librte_graph.so.25.2
[587/3704] Generating symbol file lib/librte_graph.so.25.2.p/librte_graph.so.25.2.symbols
[588/3704] Compiling C object lib/librte_node.a.p/node_ethdev_ctrl.c.o
[589/3704] Compiling C object lib/librte_node.a.p/node_ethdev_rx.c.o
[590/3704] Compiling C object lib/librte_node.a.p/node_ethdev_tx.c.o
[591/3704] Compiling C object lib/librte_node.a.p/node_ip4_local.c.o
[592/3704] Compiling C object lib/librte_node.a.p/node_ip4_lookup.c.o
[593/3704] Compiling C object lib/librte_node.a.p/node_ip4_lookup_fib.c.o
FAILED: lib/librte_node.a.p/node_ip4_lookup_fib.c.o
ccache cc -Ilib/librte_node.a.p -Ilib -I../lib -Ilib/node -I../lib/node -Ilib/eal/common -I../lib/eal/common -I. -I.. -Iconfig -I../config -Ilib/eal/include -I../lib/eal/include -Ilib/eal/linux/include -I../lib/eal/linux/include -Ilib/eal/arm/include -I../lib/eal/arm/include -I../kernel/linux -Ilib/eal -I../lib/eal -Ilib/kvargs -I../lib/kvargs -Ilib/log -I../lib/log -Ilib/metrics -I../lib/metrics -Ilib/telemetry -I../lib/telemetry -Ilib/graph -I../lib/graph -Ilib/pcapng -I../lib/pcapng -Ilib/ethdev -I../lib/ethdev -Ilib/net -I../lib/net -Ilib/mbuf -I../lib/mbuf -Ilib/mempool -I../lib/mempool -Ilib/ring -I../lib/ring -Ilib/meter -I../lib/meter -Ilib/lpm -I../lib/lpm -Ilib/hash -I../lib/hash -Ilib/rcu -I../lib/rcu -Ilib/cryptodev -I../lib/cryptodev -Ilib/ip_frag -I../lib/ip_frag -Ilib/fib -I../lib/fib -Ilib/rib -I../lib/rib -fdiagnostics-color=always -pipe -D_FILE_OFFSET_BITS=64 -Wall -Winvalid-pch -Wextra -Werror -std=c11 -O3 -include rte_config.h -Wvla -Wcast-qual -Wdeprecated -Wform
 at -Wformat-nonliteral -Wformat-security -Wmissing-declarations -Wmissing-prototypes -Wnested-externs -Wold-style-definition -Wpointer-arith -Wsign-compare -Wstrict-prototypes -Wundef -Wwrite-strings -Wno-packed-not-aligned -Wno-missing-field-initializers -D_GNU_SOURCE -fPIC -march=armv8.1-a+crc+crypto -DALLOW_EXPERIMENTAL_API -DALLOW_INTERNAL_API -Wno-format-truncation -fno-strict-aliasing -DRTE_LOG_DEFAULT_LOGTYPE=lib.node -MD -MQ lib/librte_node.a.p/node_ip4_lookup_fib.c.o -MF lib/librte_node.a.p/node_ip4_lookup_fib.c.o.d -o lib/librte_node.a.p/node_ip4_lookup_fib.c.o -c ../lib/node/ip4_lookup_fib.c
../lib/node/ip4_lookup_fib.c: In function 'ip4_lookup_fib_node_process':
../lib/node/ip4_lookup_fib.c:51:9: error: ISO C90 forbids variable length array 'next_hop' [-Werror=vla]
51 |         uint64_t next_hop[nb_objs];
|         ^~~~~~~~
../lib/node/ip4_lookup_fib.c:57:9: error: ISO C90 forbids variable length array 'ip' [-Werror=vla]
57 |         uint32_t ip[nb_objs];
|         ^~~~~~~~
cc1: all warnings being treated as errors
ninja: build stopped: subcommand failed.
==== End log output ====

RHEL9 (ARM)
	Kernel: Depends on container host
	Compiler: gcc 11.5.0 20240719 (Red Hat 11.5.0-2)

Ubuntu 20.04 ARM GCC Cross Compile
	Kernel: Depends on container host
	Compiler: aarch64-linux-gnu-gcc (Ubuntu 9.4.0-1ubuntu1~20.04.2) 9.4.0

Ubuntu 20.04 ARM SVE
	Kernel: Depends on container host
	Compiler: gcc (Ubuntu 10.5.0-1ubuntu1~20.04) 10.5.0

Debian 12 with MUSDK
	Kernel: Depends on container host
	Compiler: gcc (Debian 12.2.0-14) 12.2.0

Fedora 40 (ARM)
	Kernel: Depends on container host
	Compiler: gcc 14.2.1 20240912 (Red Hat 14.2.1-3)

Fedora 41 (ARM)
	Kernel: Depends on container host
	Compiler: gcc 14.2.1 20240912 (Red Hat 14.2.1-3)

Fedora 40 (ARM Clang)
	Kernel: Depends on container host
	Compiler: clang 18.1.8 (Fedora 18.1.8-1.fc40)

Fedora 41 (ARM Clang)
	Kernel: Depends on container host
	Compiler: clang 19.1.5 (Fedora 19.1.5-1.fc41)

Ubuntu 20.04 (ARM)
	Kernel: Depends on container host
	Compiler: gcc (Ubuntu 9.4.0-1ubuntu1~20.04.2) 9.4.0

Ubuntu 22.04 (ARM)
	Kernel: Depends on container host
	Compiler: gcc (Ubuntu 11.4.0-1ubuntu1~22.04) 11.4.0

Ubuntu 24.04 (ARM)
	Kernel: Depends on container host
	Compiler: gcc (Ubuntu 13.3.0-6ubuntu2~24.04) 13.3.0

CentOS Stream 9 (ARM)
	Kernel: Depends on container host
	Compiler: gcc 11.5.0 20240719 (Red Hat 11.5.0-2)

CentOS Stream 10 (ARM)
	Kernel: Depends on container host
	Compiler: gcc 14.2.1 20241104 (Red Hat 14.2.1-6)

Debian 12 (arm)
	Kernel: Depends on container host
	Compiler: gcc (Debian 12.2.0-14) 12.2.0

Ubuntu 20.04 ARM Clang Cross Compile
	Kernel: Depends on container host
	Compiler: clang 10.0.0-4ubuntu1

Ubuntu 20.04 aarch32 GCC Cross Compile
	Kernel: Depends on container host
	Compiler: gcc 9.4.0

To view detailed results, visit:
https://lab.dpdk.org/results/dashboard/patchsets/33010/

UNH-IOL DPDK Community Lab

To manage your email subscriptions, visit: 
https://lab.dpdk.org/results/dashboard/preferences/subscriptions/