From mboxrd@z Thu Jan 1 00:00:00 1970 Return-Path: <test-report-bounces@dpdk.org> Received: from mails.dpdk.org (mails.dpdk.org [217.70.189.124]) by inbox.dpdk.org (Postfix) with ESMTP id 56D334659A for <public@inbox.dpdk.org>; Tue, 15 Apr 2025 17:18:04 +0200 (CEST) Received: from mails.dpdk.org (localhost [127.0.0.1]) by mails.dpdk.org (Postfix) with ESMTP id 4EF8840289; Tue, 15 Apr 2025 17:18:04 +0200 (CEST) Received: from mail-pj1-f98.google.com (mail-pj1-f98.google.com [209.85.216.98]) by mails.dpdk.org (Postfix) with ESMTP id C6F1E40263 for <test-report@dpdk.org>; Tue, 15 Apr 2025 17:18:03 +0200 (CEST) Received: by mail-pj1-f98.google.com with SMTP id 98e67ed59e1d1-301e05b90caso5586848a91.2 for <test-report@dpdk.org>; Tue, 15 Apr 2025 08:18:03 -0700 (PDT) DKIM-Signature: v=1; a=rsa-sha256; c=relaxed/relaxed; d=iol.unh.edu; s=unh-iol; t=1744730283; x=1745335083; darn=dpdk.org; h=references:in-reply-to:cc:to:from:subject:message-id:date:from:to :cc:subject:date:message-id:reply-to; bh=OZJFM9ipN/ZzEDmd0MSe6l3yB/JkhPTYq5Rb+nrMWw4=; b=V4fdgi+/FHkcWqyW6O3uPeUSPAWgEoPyDAtD1vS8DnXT/a3yuTrt8g1xfJCnsvnFAM qvGmldKUTCJf8M5n7BCIQTVOTNFGUhF77X/DH6fSCbU7SyF8gU4PP2UJ+njsMfO7MPqW EtIfpw+U9qHqLzw0mjBiiMLFGxlennjnYCouw= X-Google-DKIM-Signature: v=1; a=rsa-sha256; c=relaxed/relaxed; d=1e100.net; s=20230601; t=1744730283; x=1745335083; h=references:in-reply-to:cc:to:from:subject:message-id:date :x-gm-message-state:from:to:cc:subject:date:message-id:reply-to; bh=OZJFM9ipN/ZzEDmd0MSe6l3yB/JkhPTYq5Rb+nrMWw4=; b=nPCRlIx3Qbg6LsmRW/ZIhttUqJNfWfHoUNVmaDYRR7sFZr+Rb/z2UYSB4pNa1dBIyq 2ZNy+4wuxsFQChfHBPaVVP5sajdwneaYnUBauQ40Oag7vWNu24qf7XZgnBr8WPujjqhE AtW4kF1pCTr1tCzqrYlgL5lmac3nyknv7XRp/d3dbJ+cY0ogk4RD6W+3Izc13Ip6SPAj 3Q6obUVUwIh0/P9wwMQudxArnZx1bV9on8s0+1khLp4JugsjaZBI9FQnwS+oAiOvgBgw 4LgsFC/RmBwf9xD+hyz2KourKmOjkY0ExIjQGfQan0WZqlXvZUsdWzCZyZF4DUBH3D4P cy4A== X-Gm-Message-State: AOJu0Yyi7uRxlK57NF/00WGv5gOlb5km9coKIdrf+loTWd4iDJsKt4m2 yMHe5O6FIPECi9pg65LkdC8UnFL/Yw3I+fYAhDzurk8tdACCL/4AhVCd2VSoSfmvkVNIvFgLEr+ 18tc5JCZPgM328eklH6L2rfgqBxkVsw9pPejVGHLIZv8vgoKM5fNoFm+0 X-Gm-Gg: ASbGncu83juTIW5CHyivoaRqjR0ZfHeTu3wsABoGIV688pO8shE/1XYJW0z+zEkV3uX FFuYXwsdWygEnUKr+CgPgUhBSqMRFNxDaux5ll/hWqI2SYeWR9WSgitnSr5KpK7IZnO9OwPLwUC b+sR+DxfE4UuwpwXohnXl3ei7cRtl+c7shOLEKulmgpsk9GEl7d+g8XDoKm820NtOUGxBCOkUxr WSuou73Th4w3fyH5ngQBLTKrfhmmOFWQ5F908PoRCO6d0vIPXX9ihRvPfiSsq4i0RR8g8xnd8dN UldWnfQ+7PY0p+aezrYCNhVVJW3aPcSFpPNEhCYZNzlitqV6 X-Google-Smtp-Source: AGHT+IHRUny2lewoIZJmSFdu8PmcO6m/6unf5IpkEtspsGCGwoX+d21+HYIN508WVv2FoxMhURTRS0xzGfjS X-Received: by 2002:a17:90b:5206:b0:305:2d27:7ca7 with SMTP id 98e67ed59e1d1-308236523femr28984311a91.16.1744730282877; Tue, 15 Apr 2025 08:18:02 -0700 (PDT) Received: from postal.iol.unh.edu (postal.iol.unh.edu. [2606:4100:3880:1234::84]) by smtp-relay.gmail.com with ESMTPS id 98e67ed59e1d1-306dd170988sm1018038a91.10.2025.04.15.08.18.02 (version=TLS1_2 cipher=ECDHE-ECDSA-AES128-GCM-SHA256 bits=128/128); Tue, 15 Apr 2025 08:18:02 -0700 (PDT) X-Relaying-Domain: iol.unh.edu Date: Tue, 15 Apr 2025 08:18:02 -0700 (PDT) Message-ID: <67fe78aa.170a0220.cb52f.2511SMTPIN_ADDED_MISSING@mx.google.com> Received: from [172.21.0.5] (unknown [172.18.0.240]) by postal.iol.unh.edu (Postfix) with ESMTP id E11116052471; Tue, 15 Apr 2025 11:18:01 -0400 (EDT) Subject: |FAILURE| pw152919-152930 [PATCH] [v1,12/12] app/graph: add IP6 look From: dpdklab@iol.unh.edu To: Test Report <test-report@dpdk.org> Cc: dpdk-test-reports@iol.unh.edu, Ankur Dwivedi <adwivedi@marvell.com> In-Reply-To: <20250415121052.1497155-13-adwivedi@marvell.com> References: <20250415121052.1497155-13-adwivedi@marvell.com> Content-Type: text/plain X-BeenThere: test-report@dpdk.org X-Mailman-Version: 2.1.29 Precedence: list List-Id: automatic DPDK test reports <test-report.dpdk.org> List-Unsubscribe: <https://mails.dpdk.org/options/test-report>, <mailto:test-report-request@dpdk.org?subject=unsubscribe> List-Archive: <http://mails.dpdk.org/archives/test-report/> List-Post: <mailto:test-report@dpdk.org> List-Help: <mailto:test-report-request@dpdk.org?subject=help> List-Subscribe: <https://mails.dpdk.org/listinfo/test-report>, <mailto:test-report-request@dpdk.org?subject=subscribe> Errors-To: test-report-bounces@dpdk.org Test-Label: iol-compile-arm64-testing Test-Status: FAILURE http://dpdk.org/patch/152930 _Testing issues_ Submitter: Ankur Dwivedi <adwivedi@marvell.com> Date: Tuesday, April 15 2025 12:10:52 DPDK git baseline: Repo:dpdk Branch: master CommitID:ca1690ebd224f148268285b15b97441ccdbdd07e 152919-152930 --> testing issues Upstream job id: Generic-DPDK-Compile-Meson#380215 Test environment and result as below: +----------------------------------------+--------------------+ | Environment | dpdk_meson_compile | +========================================+====================+ | RHEL9 (ARM) | FAIL | +----------------------------------------+--------------------+ | Ubuntu 20.04 ARM GCC Cross Compile | FAIL | +----------------------------------------+--------------------+ | Ubuntu 20.04 ARM SVE | PASS | +----------------------------------------+--------------------+ | Debian 12 with MUSDK | FAIL | +----------------------------------------+--------------------+ | Fedora 40 (ARM) | FAIL | +----------------------------------------+--------------------+ | Fedora 41 (ARM) | FAIL | +----------------------------------------+--------------------+ | Fedora 40 (ARM Clang) | FAIL | +----------------------------------------+--------------------+ | Fedora 41 (ARM Clang) | FAIL | +----------------------------------------+--------------------+ | Ubuntu 20.04 (ARM) | FAIL | +----------------------------------------+--------------------+ | Ubuntu 22.04 (ARM) | FAIL | +----------------------------------------+--------------------+ | Ubuntu 24.04 (ARM) | FAIL | +----------------------------------------+--------------------+ | CentOS Stream 9 (ARM) | FAIL | +----------------------------------------+--------------------+ | CentOS Stream 10 (ARM) | FAIL | +----------------------------------------+--------------------+ | Debian 12 (arm) | FAIL | +----------------------------------------+--------------------+ | Ubuntu 20.04 ARM Clang Cross Compile | FAIL | +----------------------------------------+--------------------+ | Ubuntu 20.04 aarch32 GCC Cross Compile | FAIL | +----------------------------------------+--------------------+ ==== 20 line log output for Ubuntu 20.04 aarch32 GCC Cross Compile (dpdk_meson_compile): ==== [580/2631] Generating graph.sym_chk with a custom command (wrapped by meson to capture output) [581/2631] Linking target lib/librte_graph.so.25.2 [582/2631] Generating symbol file lib/librte_graph.so.25.2.p/librte_graph.so.25.2.symbols [583/2631] Compiling C object lib/librte_node.a.p/node_ethdev_ctrl.c.o [584/2631] Compiling C object lib/librte_node.a.p/node_ethdev_rx.c.o [585/2631] Compiling C object lib/librte_node.a.p/node_ethdev_tx.c.o [586/2631] Compiling C object lib/librte_node.a.p/node_ip4_local.c.o [587/2631] Compiling C object lib/librte_node.a.p/node_ip4_lookup.c.o [588/2631] Compiling C object lib/librte_node.a.p/node_ip4_lookup_fib.c.o FAILED: lib/librte_node.a.p/node_ip4_lookup_fib.c.o ccache arm-linux-gnueabihf-gcc -Ilib/librte_node.a.p -Ilib -I../lib -Ilib/node -I../lib/node -Ilib/eal/common -I../lib/eal/common -I. -I.. -Iconfig -I../config -Ilib/eal/include -I../lib/eal/include -Ilib/eal/linux/include -I../lib/eal/linux/include -Ilib/eal/arm/include -I../lib/eal/arm/include -I../kernel/linux -Ilib/eal -I../lib/eal -Ilib/kvargs -I../lib/kvargs -Ilib/log -I../lib/log -Ilib/metrics -I../lib/metrics -Ilib/telemetry -I../lib/telemetry -Ilib/graph -I../lib/graph -Ilib/pcapng -I../lib/pcapng -Ilib/ethdev -I../lib/ethdev -Ilib/net -I../lib/net -Ilib/mbuf -I../lib/mbuf -Ilib/mempool -I../lib/mempool -Ilib/ring -I../lib/ring -Ilib/meter -I../lib/meter -Ilib/lpm -I../lib/lpm -Ilib/hash -I../lib/hash -Ilib/rcu -I../lib/rcu -Ilib/cryptodev -I../lib/cryptodev -Ilib/ip_frag -I../lib/ip_frag -Ilib/fib -I../lib/fib -Ilib/rib -I../lib/rib -fdiagnostics-color=always -pipe -D_FILE_OFFSET_BITS=64 -Wall -Winvalid-pch -Wextra -Werror -std=c11 -O3 -include rte_config.h -Wvla -Wcast-qua l -Wdeprecated -Wformat -Wformat-nonliteral -Wformat-security -Wmissing-declarations -Wmissing-prototypes -Wnested-externs -Wold-style-definition -Wpointer-arith -Wsign-compare -Wstrict-prototypes -Wundef -Wwrite-strings -Wno-packed-not-aligned -Wno-missing-field-initializers -Wno-pointer-to-int-cast -D_GNU_SOURCE -fPIC -march=armv8-a+simd -mfpu=auto -DALLOW_EXPERIMENTAL_API -DALLOW_INTERNAL_API -Wno-format-truncation -fno-strict-aliasing -DRTE_LOG_DEFAULT_LOGTYPE=lib.node -MD -MQ lib/librte_node.a.p/node_ip4_lookup_fib.c.o -MF lib/librte_node.a.p/node_ip4_lookup_fib.c.o.d -o lib/librte_node.a.p/node_ip4_lookup_fib.c.o -c ../lib/node/ip4_lookup_fib.c ../lib/node/ip4_lookup_fib.c: In function 'ip4_lookup_fib_node_process': ../lib/node/ip4_lookup_fib.c:51:2: error: ISO C90 forbids variable length array 'next_hop' [-Werror=vla] 51 | uint64_t next_hop[nb_objs]; | ^~~~~~~~ ../lib/node/ip4_lookup_fib.c:57:2: error: ISO C90 forbids variable length array 'ip' [-Werror=vla] 57 | uint32_t ip[nb_objs]; | ^~~~~~~~ cc1: all warnings being treated as errors ninja: build stopped: subcommand failed. ==== End log output ==== RHEL9 (ARM) Kernel: Depends on container host Compiler: gcc 11.5.0 20240719 (Red Hat 11.5.0-2) Ubuntu 20.04 ARM GCC Cross Compile Kernel: Depends on container host Compiler: aarch64-linux-gnu-gcc (Ubuntu 9.4.0-1ubuntu1~20.04.2) 9.4.0 Ubuntu 20.04 ARM SVE Kernel: Depends on container host Compiler: gcc (Ubuntu 10.5.0-1ubuntu1~20.04) 10.5.0 Debian 12 with MUSDK Kernel: Depends on container host Compiler: gcc (Debian 12.2.0-14) 12.2.0 Fedora 40 (ARM) Kernel: Depends on container host Compiler: gcc 14.2.1 20240912 (Red Hat 14.2.1-3) Fedora 41 (ARM) Kernel: Depends on container host Compiler: gcc 14.2.1 20240912 (Red Hat 14.2.1-3) Fedora 40 (ARM Clang) Kernel: Depends on container host Compiler: clang 18.1.8 (Fedora 18.1.8-1.fc40) Fedora 41 (ARM Clang) Kernel: Depends on container host Compiler: clang 19.1.5 (Fedora 19.1.5-1.fc41) Ubuntu 20.04 (ARM) Kernel: Depends on container host Compiler: gcc (Ubuntu 9.4.0-1ubuntu1~20.04.2) 9.4.0 Ubuntu 22.04 (ARM) Kernel: Depends on container host Compiler: gcc (Ubuntu 11.4.0-1ubuntu1~22.04) 11.4.0 Ubuntu 24.04 (ARM) Kernel: Depends on container host Compiler: gcc (Ubuntu 13.3.0-6ubuntu2~24.04) 13.3.0 CentOS Stream 9 (ARM) Kernel: Depends on container host Compiler: gcc 11.5.0 20240719 (Red Hat 11.5.0-2) CentOS Stream 10 (ARM) Kernel: Depends on container host Compiler: gcc 14.2.1 20241104 (Red Hat 14.2.1-6) Debian 12 (arm) Kernel: Depends on container host Compiler: gcc (Debian 12.2.0-14) 12.2.0 Ubuntu 20.04 ARM Clang Cross Compile Kernel: Depends on container host Compiler: clang 10.0.0-4ubuntu1 Ubuntu 20.04 aarch32 GCC Cross Compile Kernel: Depends on container host Compiler: gcc 9.4.0 To view detailed results, visit: https://lab.dpdk.org/results/dashboard/patchsets/33010/ UNH-IOL DPDK Community Lab To manage your email subscriptions, visit: https://lab.dpdk.org/results/dashboard/preferences/subscriptions/