From mboxrd@z Thu Jan  1 00:00:00 1970
Return-Path: <test-report-bounces@dpdk.org>
Received: from mails.dpdk.org (mails.dpdk.org [217.70.189.124])
	by inbox.dpdk.org (Postfix) with ESMTP id 4F465465A1
	for <public@inbox.dpdk.org>; Wed, 16 Apr 2025 03:06:48 +0200 (CEST)
Received: from mails.dpdk.org (localhost [127.0.0.1])
	by mails.dpdk.org (Postfix) with ESMTP id 29CF040655;
	Wed, 16 Apr 2025 03:06:48 +0200 (CEST)
Received: from mail-oo1-f100.google.com (mail-oo1-f100.google.com
 [209.85.161.100])
 by mails.dpdk.org (Postfix) with ESMTP id E1BF840289
 for <test-report@dpdk.org>; Wed, 16 Apr 2025 03:06:45 +0200 (CEST)
Received: by mail-oo1-f100.google.com with SMTP id
 006d021491bc7-6044db4b55cso2722081eaf.2
 for <test-report@dpdk.org>; Tue, 15 Apr 2025 18:06:45 -0700 (PDT)
DKIM-Signature: v=1; a=rsa-sha256; c=relaxed/relaxed;
 d=iol.unh.edu; s=unh-iol; t=1744765605; x=1745370405; darn=dpdk.org;
 h=references:in-reply-to:cc:to:from:subject:message-id:date:from:to
 :cc:subject:date:message-id:reply-to;
 bh=GYGdWZ609K/QoGmD2xQ03OyDxp6j7j6PyKRjKxFtuDA=;
 b=LnQhEpQT5jorStEAN6JHgSjkf0vLjwcSLa+bdsyoF3xilToUWdw5hVK7yl6yzyE7IR
 cQM2LaSssGY5do8A2ClpizNh/Jt/Hq2qD2ECrfSJG4EOfQYCozAZ9cZaDqSaErYleZXG
 twnMivZWk+u96x7YRI3N1pcn7b6U2vqxxMbp4=
X-Google-DKIM-Signature: v=1; a=rsa-sha256; c=relaxed/relaxed;
 d=1e100.net; s=20230601; t=1744765605; x=1745370405;
 h=references:in-reply-to:cc:to:from:subject:message-id:date
 :x-gm-message-state:from:to:cc:subject:date:message-id:reply-to;
 bh=GYGdWZ609K/QoGmD2xQ03OyDxp6j7j6PyKRjKxFtuDA=;
 b=YIIPqA/wEJFXUUeEwdyLGdZ17SXk8n25TD8UgUlKcW1+GxQm1qO6eC4+owWUu1zzw7
 aD9P5XOW/7gyG9usM6FasUzdxyP5qqv2AbLnajKjhModvpaKCuEftEejJnEcyIiVMp+w
 UDCkRqpkCPqRvglHRk1w8XZR7srFJv7pYqcc8DEbg+GVO4odPtuBU+0a1sBYyEdb+FQi
 24LaeTfNrt81gPnLaqGKsIf71jf58pG20fw8C8LfQ8ObHI4oFS9vQBIgoLvTzwHwz+/c
 8O6I6tEzWODmqwU7Az5JVxeA+2Ioa+dKxgs8Nb0nEcHSr5nQDeyHCYlFTMN+nOiFobBg
 Tc8w==
X-Gm-Message-State: AOJu0YwGWEOWsDg46g/x0VMBUT+Bzpkt92DUWch2pVXms/kJa0k9D6fv
 kLFs6T+QYkVF3XM+Qhi/4VtZLa5ly+0GlgyW8YGY5dknr/hdPLPoVwHrNPiqryhvjvgzF2Jko21
 zSwFU+S0fxLkc+Fq+IB2YVW2dDjAkmENe
X-Gm-Gg: ASbGncvJWN+hLEynksVjsMrt73WBZ8Xi2Tu+8U7bgwb3Mu/OnmeENwQb7pkIURNP2yk
 I7Zdm2Cq39tiwjTx6euYygYBoTsWY2bdgXGZE4U35G0kjx6XhGhfRSjC9YhHQKpLQynn7kkumo/
 MmJ9xIZPSs/kyXvgmfz+K1Iqfmb6nwMLZ9STuKYa6l/pIUv8vCdwCfxiwwjLeKk/JFkTg0o1zZD
 8k0w6fXqJAQQexj9w39BuwMDiaIEE+5WTmzmUAbg8wSFCBIRcTra3M9e3rQ6H9aYCuG5WpTdXQ+
 DrPVwTHRcNX3dR863RvpsIro15J2RD1q3hvK
X-Google-Smtp-Source: AGHT+IFODuaBA2zOqWXJfpN6rC+0EB3/shKJlmJ0z4m6uFpEm3YTar8JryXXlN0sKU88P2ZX8ICh0gB10zLi
X-Received: by 2002:a05:6820:1898:b0:603:f820:7be4 with SMTP id
 006d021491bc7-604a5c779a7mr679685eaf.8.1744765605043; 
 Tue, 15 Apr 2025 18:06:45 -0700 (PDT)
Received: from postal.iol.unh.edu (postal.iol.unh.edu. [132.177.123.84])
 by smtp-relay.gmail.com with ESMTPS id
 006d021491bc7-604a5c5db6fsm19417eaf.21.2025.04.15.18.06.44
 (version=TLS1_2 cipher=ECDHE-ECDSA-AES128-GCM-SHA256 bits=128/128);
 Tue, 15 Apr 2025 18:06:45 -0700 (PDT)
X-Relaying-Domain: iol.unh.edu
Date: Tue, 15 Apr 2025 18:06:45 -0700 (PDT)
Message-ID: <67ff02a5.050a0220.585cb.11e6SMTPIN_ADDED_MISSING@mx.google.com>
Received: from [172.21.0.5] (unknown [172.18.0.240])
 by postal.iol.unh.edu (Postfix) with ESMTP id 6C4BB6052471;
 Tue, 15 Apr 2025 21:06:44 -0400 (EDT)
Subject: |FAILURE| pw152931-152932 [PATCH] [2/2] dts: use tmp dir and DPDK tr
From: dpdklab@iol.unh.edu
To: Test Report <test-report@dpdk.org>
Cc: dpdk-test-reports@iol.unh.edu, Thomas Wilks <thomas.wilks@arm.com>
In-Reply-To: <20250415130903.224858-3-thomas.wilks@arm.com>
References: <20250415130903.224858-3-thomas.wilks@arm.com>
Content-Type: text/plain
X-BeenThere: test-report@dpdk.org
X-Mailman-Version: 2.1.29
Precedence: list
List-Id: automatic DPDK test reports <test-report.dpdk.org>
List-Unsubscribe: <https://mails.dpdk.org/options/test-report>,
 <mailto:test-report-request@dpdk.org?subject=unsubscribe>
List-Archive: <http://mails.dpdk.org/archives/test-report/>
List-Post: <mailto:test-report@dpdk.org>
List-Help: <mailto:test-report-request@dpdk.org?subject=help>
List-Subscribe: <https://mails.dpdk.org/listinfo/test-report>,
 <mailto:test-report-request@dpdk.org?subject=subscribe>
Errors-To: test-report-bounces@dpdk.org

Test-Label: iol-unit-amd64-testing
Test-Status: FAILURE
http://dpdk.org/patch/152932

_Testing issues_

Submitter: Thomas Wilks <thomas.wilks@arm.com>
Date: Tuesday, April 15 2025 13:09:03 
DPDK git baseline: Repo:dpdk
  Branch: master
  CommitID:c933d60a7f8696695eb08ae655f2d809aedc29d5

152931-152932 --> testing issues

Upstream job id: Generic-Unit-Test-DPDK#331252

Test environment and result as below:

+---------------------+----------------+
|     Environment     | dpdk_unit_test |
+=====================+================+
| CentOS Stream 10    | PASS           |
+---------------------+----------------+
| CentOS Stream 9     | PASS           |
+---------------------+----------------+
| Debian 12           | PASS           |
+---------------------+----------------+
| Fedora 40 (Clang)   | PEND           |
+---------------------+----------------+
| Fedora 40           | PASS           |
+---------------------+----------------+
| Ubuntu 22.04        | FAIL           |
+---------------------+----------------+
| Fedora 41           | PEND           |
+---------------------+----------------+
| RHEL8               | PASS           |
+---------------------+----------------+
| RHEL9               | PEND           |
+---------------------+----------------+
| Ubuntu 24.04        | PEND           |
+---------------------+----------------+
| Fedora 41 (Clang)   | PEND           |
+---------------------+----------------+
| Ubuntu 20.04        | PEND           |
+---------------------+----------------+
| Windows Server 2022 | PASS           |
+---------------------+----------------+

==== Unit test summary for Ubuntu 22.04 (dpdk_unit_test): ====
ninja: Entering directory `/root/workspace/Generic-Unit-Test-DPDK/dpdk/build'
ninja: no work to do.
  1/119 DPDK:fast-tests / acl_autotest                   OK               2.32s
  2/119 DPDK:fast-tests / alarm_autotest                 OK               1.17s
  3/119 DPDK:fast-tests / argparse_autotest              OK               0.17s
  4/119 DPDK:fast-tests / atomic_autotest                OK               0.34s
  5/119 DPDK:fast-tests / bitcount_autotest              OK               0.18s
  6/119 DPDK:fast-tests / bitmap_autotest                OK               0.17s
  7/119 DPDK:fast-tests / bitops_autotest                OK               1.67s
  8/119 DPDK:fast-tests / bitratestats_autotest          OK               0.20s
  9/119 DPDK:fast-tests / bitset_autotest                OK               1.51s
 10/119 DPDK:fast-tests / bpf_autotest                   OK               0.17s
 11/119 DPDK:fast-tests / bpf_convert_autotest           OK               0.17s
 12/119 DPDK:fast-tests / byteorder_autotest             OK               0.17s
 13/119 DPDK:fast-tests / cfgfile_autotest               OK               0.17s
 14/119 DPDK:fast-tests / cksum_autotest                 OK               0.17s
 15/119 DPDK:fast-tests / cmdline_autotest               OK               0.17s
 16/119 DPDK:fast-tests / common_autotest                OK               0.43s
 17/119 DPDK:fast-tests / compressdev_autotest           SKIP             0.14s   exit status 77
 18/119 DPDK:fast-tests / cpuflags_autotest              OK               0.17s
 19/119 DPDK:fast-tests / crc_autotest                   OK               0.17s
 20/119 DPDK:fast-tests / user_delay_us                  OK               0.17s
 21/119 DPDK:fast-tests / debug_autotest                 OK               0.42s
 22/119 DPDK:fast-tests / devargs_autotest               OK               0.17s
 23/119 DPDK:fast-tests / dispatcher_autotest            SKIP             0.14s   exit status 77
 24/119 DPDK:fast-tests / distributor_autotest           OK               0.85s
 25/119 DPDK:fast-tests / eal_flags_c_opt_autotest       OK               0.81s
 26/119 DPDK:fast-tests / eal_flags_main_opt_autotest    OK               0.30s
 27/119 DPDK:fast-tests / eal_flags_n_opt_autotest       OK               0.47s
 28/119 DPDK:fast-tests / eal_flags_hpet_autotest        OK               0.21s
 29/119 DPDK:fast-tests / eal_flags_no_huge_autotest     OK               0.49s
 30/119 DPDK:fast-tests / eal_flags_a_opt_autotest       OK               0.42s
 31/119 DPDK:fast-tests / eal_flags_b_opt_autotest       OK               0.32s
 32/119 DPDK:fast-tests / eal_flags_vdev_opt_autotest    OK               0.55s
 33/119 DPDK:fast-tests / eal_flags_r_opt_autotest       OK               0.26s
 34/119 DPDK:fast-tests / eal_flags_mem_autotest         OK               0.71s
 35/119 DPDK:fast-tests / eal_flags_file_prefix_autotest OK               2.58s
 36/119 DPDK:fast-tests / eal_flags_misc_autotest        FAIL             2.17s   killed by signal 11 SIGSEGV
>>> DPDK_TEST=eal_flags_misc_autotest MALLOC_PERTURB_=26 /root/workspace/Generic-Unit-Test-DPDK/dpdk/build/app/dpdk-test

 37/119 DPDK:fast-tests / eal_fs_autotest                OK               0.18s
 38/119 DPDK:fast-tests / errno_autotest                 OK               0.16s
 39/119 DPDK:fast-tests / ethdev_link_status             OK               0.16s
 40/119 DPDK:fast-tests / event_eth_tx_adapter_autotest  OK               0.46s
 41/119 DPDK:fast-tests / event_ring_autotest            OK               0.17s
 42/119 DPDK:fast-tests / eventdev_common_autotest       OK               0.17s
 43/119 DPDK:fast-tests / eventdev_selftest_sw           OK               0.19s
 44/119 DPDK:fast-tests / fbarray_autotest               OK               0.17s
 45/119 DPDK:fast-tests / fib_autotest                   OK               0.64s
 46/119 DPDK:fast-tests / fib6_autotest                  OK               0.55s
 47/119 DPDK:fast-tests / func_reentrancy_autotest       OK               0.56s
 48/119 DPDK:fast-tests / graph_autotest                 OK               0.17s
 49/119 DPDK:fast-tests / node_list_dump                 OK               0.17s
 50/119 DPDK:fast-tests / hash_autotest                  OK               0.27s
 51/119 DPDK:fast-tests / hash_readwrite_func_autotest   SKIP             0.14s   exit status 77
 52/119 DPDK:fast-tests / interrupt_autotest             OK               1.29s
 53/119 DPDK:fast-tests / ipfrag_autotest                OK               0.15s
 54/119 DPDK:fast-tests / ipsec_autotest                 SKIP             0.17s   exit status 77
 55/119 DPDK:fast-tests / kvargs_autotest                OK               0.17s
 56/119 DPDK:fast-tests / latencystats_autotest          OK               0.17s
 57/119 DPDK:fast-tests / lcore_var_autotest             OK               0.30s
 58/119 DPDK:fast-tests / lcores_autotest                OK               0.76s
 59/119 DPDK:fast-tests / logs_autotest                  OK               0.17s
 60/119 DPDK:fast-tests / lpm_autotest                   OK               1.44s
 61/119 DPDK:fast-tests / lpm6_autotest                  OK               2.48s
 62/119 DPDK:fast-tests / malloc_autotest                OK               0.36s
 63/119 DPDK:fast-tests / mbuf_autotest                  OK               0.17s
 64/119 DPDK:fast-tests / mcslock_autotest               OK               0.39s
 65/119 DPDK:fast-tests / member_autotest                OK               0.75s
 66/119 DPDK:fast-tests / memcpy_autotest                OK               3.19s
 67/119 DPDK:fast-tests / memory_autotest                OK               0.16s
 68/119 DPDK:fast-tests / mempool_autotest               OK               0.46s
 69/119 DPDK:fast-tests / memzone_autotest               OK               0.16s
 70/119 DPDK:fast-tests / meter_autotest                 OK               0.19s
 71/119 DPDK:fast-tests / metrics_autotest               OK               0.19s
 72/119 DPDK:fast-tests / multiprocess_autotest          OK               0.39s
 73/119 DPDK:fast-tests / net_ether_autotest             OK               0.82s
 74/119 DPDK:fast-tests / net_ipv6_autotest              OK               0.21s
 75/119 DPDK:fast-tests / pcapng_autotest                OK               6.91s
 76/119 DPDK:fast-tests / pdcp_autotest                  SKIP             0.15s   exit status 77
 77/119 DPDK:fast-tests / pdump_autotest                 OK               0.41s
 78/119 DPDK:fast-tests / per_lcore_autotest             OK               0.31s
 79/119 DPDK:fast-tests / pflock_autotest                OK               0.32s
 80/119 DPDK:fast-tests / pie_autotest                   OK               0.20s
 81/119 DPDK:fast-tests / ring_pmd_autotest              OK               0.19s
 82/119 DPDK:fast-tests / power_autotest                 OK               0.19s
 83/119 DPDK:fast-tests / power_cpufreq_autotest         SKIP             0.15s   exit status 77
 84/119 DPDK:fast-tests / power_intel_uncore_autotest    SKIP             0.19s   exit status 77
 85/119 DPDK:fast-tests / power_kvm_vm_autotest          SKIP             0.14s   exit status 77
 86/119 DPDK:fast-tests / prefetch_autotest              OK               0.19s
 87/119 DPDK:fast-tests / ptr_compress_autotest          OK               0.19s
 88/119 DPDK:fast-tests / rawdev_autotest                OK               0.19s
 89/119 DPDK:fast-tests / rcu_qsbr_autotest              OK               0.30s
 90/119 DPDK:fast-tests / reorder_autotest               OK               0.39s
 91/119 DPDK:fast-tests / rib_autotest                   OK               7.92s
 92/119 DPDK:fast-tests / rib6_autotest                  OK               7.57s
 93/119 DPDK:fast-tests / ring_autotest                  OK               0.20s
 94/119 DPDK:fast-tests / rwlock_test1_autotest          OK               0.31s
 95/119 DPDK:fast-tests / rwlock_rda_autotest            OK               5.17s
 96/119 DPDK:fast-tests / rwlock_rds_wrm_autotest        OK               5.17s
 97/119 DPDK:fast-tests / rwlock_rde_wro_autotest        OK               5.18s
 98/119 DPDK:fast-tests / sched_autotest                 OK               0.17s
 99/119 DPDK:fast-tests / security_autotest              OK               0.14s
100/119 DPDK:fast-tests / seqlock_autotest               SKIP             0.18s   exit status 77
101/119 DPDK:fast-tests / service_autotest               OK               0.27s
102/119 DPDK:fast-tests / soring_autotest                OK               0.17s
103/119 DPDK:fast-tests / spinlock_autotest              OK               0.18s
104/119 DPDK:fast-tests / stack_autotest                 OK               0.18s
105/119 DPDK:fast-tests / stack_lf_autotest              OK               0.22s
106/119 DPDK:fast-tests / string_autotest                OK               0.18s
107/119 DPDK:fast-tests / table_autotest                 OK               4.84s
108/119 DPDK:fast-tests / tailq_autotest                 OK               0.17s
109/119 DPDK:fast-tests / telemetry_data_autotest        OK               0.17s
110/119 DPDK:fast-tests / telemetry_json_autotest        OK               0.17s
111/119 DPDK:fast-tests / thash_autotest                 OK               0.19s
112/119 DPDK:fast-tests / threads_autotest               OK               0.31s
113/119 DPDK:fast-tests / ticketlock_autotest            OK               0.19s
114/119 DPDK:fast-tests / timer_autotest                 OK               2.50s
115/119 DPDK:fast-tests / trace_autotest                 OK               0.18s
116/119 DPDK:fast-tests / trace_autotest_with_traces     OK               0.17s
117/119 DPDK:fast-tests / vdev_autotest                  OK               0.17s
118/119 DPDK:fast-tests / version_autotest               OK               0.17s
119/119 DPDK:fast-tests / telemetry_all                  OK               1.06s


Ok:                 109 
Expected Fail:      0   
Fail:               1   
Unexpected Pass:    0   
Skipped:            9   
Timeout:            0   

Full log written to /root/workspace/Generic-Unit-Test-DPDK/dpdk/build/meson-logs/testlog.txt



Test log output from the failed test eal_flags_misc_autotest:

Sorry, we were not able to find the logs for this test.
Download the log output from the CI site for this test run.
==== End log output ====

CentOS Stream 10
	Kernel: Depends on container host
	Compiler: gcc 14.2.1 20241104 (Red Hat 14.2.1-6)

CentOS Stream 9
	Kernel: Depends on container host
	Compiler: gcc 11.5.0 20240719 (Red Hat 11.5.0-2)

Debian 12
	Kernel: Depends on container host
	Compiler: gcc (Debian 12.2.0-14) 12.2.0

Fedora 40 (Clang)
	Kernel: Depends on container host
	Compiler: clang 18.1.8 (Fedora 18.1.8-1.fc40)

Fedora 40
	Kernel: Depends on container host
	Compiler: gcc 14.2.1 20240912 (Red Hat 14.2.1-3)

Ubuntu 22.04
	Kernel: Depends on container host
	Compiler: gcc (Ubuntu 11.4.0-1ubuntu1~22.04) 11.4.0

Fedora 41
	Kernel: Depends on container host
	Compiler: gcc 14.2.1 20240912 (Red Hat 14.2.1-3)

RHEL8
	Kernel: Depends on container host
	Compiler: gcc 8.5.0 20210514 (Red Hat 8.5.0-22)

RHEL9
	Kernel: Depends on container host
	Compiler: gcc 11.5.0 20240719 (Red Hat 11.5.0-2)

Ubuntu 24.04
	Kernel: Depends on container host
	Compiler: gcc (Ubuntu 13.3.0-6ubuntu2~24.04) 13.3.0

Fedora 41 (Clang)
	Kernel: Depends on container host
	Compiler: clang 19.1.5 (Fedora 19.1.5-1.fc41)

Ubuntu 20.04
	Kernel: Depends on container host
	Compiler: gcc (Ubuntu 9.4.0-1ubuntu1~20.04.2) 9.4.0

Windows Server 2022
	Kernel: 10.0.20348.2031
	Compiler: clang 15.0.7, gcc 14.1.0 (MinGW), and MSVC VS 19.39.33521

To view detailed results, visit:
https://lab.dpdk.org/results/dashboard/patchsets/33011/

UNH-IOL DPDK Community Lab

To manage your email subscriptions, visit: 
https://lab.dpdk.org/results/dashboard/preferences/subscriptions/