From mboxrd@z Thu Jan  1 00:00:00 1970
Return-Path: <test-report-bounces@dpdk.org>
Received: from mails.dpdk.org (mails.dpdk.org [217.70.189.124])
	by inbox.dpdk.org (Postfix) with ESMTP id AF0CC465B4
	for <public@inbox.dpdk.org>; Thu, 17 Apr 2025 11:30:37 +0200 (CEST)
Received: from mails.dpdk.org (localhost [127.0.0.1])
	by mails.dpdk.org (Postfix) with ESMTP id AFFDA400D6;
	Thu, 17 Apr 2025 11:30:36 +0200 (CEST)
Received: from mail-pl1-f226.google.com (mail-pl1-f226.google.com
 [209.85.214.226])
 by mails.dpdk.org (Postfix) with ESMTP id 8C9F8400D5
 for <test-report@dpdk.org>; Thu, 17 Apr 2025 11:30:35 +0200 (CEST)
Received: by mail-pl1-f226.google.com with SMTP id
 d9443c01a7336-2260c91576aso4621935ad.3
 for <test-report@dpdk.org>; Thu, 17 Apr 2025 02:30:35 -0700 (PDT)
DKIM-Signature: v=1; a=rsa-sha256; c=relaxed/relaxed;
 d=iol.unh.edu; s=unh-iol; t=1744882234; x=1745487034; darn=dpdk.org;
 h=cc:to:from:subject:message-id:date:from:to:cc:subject:date
 :message-id:reply-to;
 bh=ue/7/v10fqMlBOznaJYCTlx6rrxyIlPw2KPaWLJk9sk=;
 b=ezGwb09+aEE9Q18+xY/PNN1BGOmUQib7Nwy2XaILr/ll3k6i4vNgwJUv5Stw+SAIY2
 jGvkyeyi8OyL71z5I+F34DMvpVu+rfuap00QIJqP1IC4Y6iTG0hcvXerX9g9i2ngf+ld
 d/hNHXpcPBQeDK6q3is/ZfzQyR1UxIHvjKZpI=
X-Google-DKIM-Signature: v=1; a=rsa-sha256; c=relaxed/relaxed;
 d=1e100.net; s=20230601; t=1744882234; x=1745487034;
 h=cc:to:from:subject:message-id:date:x-gm-message-state:from:to:cc
 :subject:date:message-id:reply-to;
 bh=ue/7/v10fqMlBOznaJYCTlx6rrxyIlPw2KPaWLJk9sk=;
 b=lZ7gZI/NwhIsgYk2OgUVm8w9wlNp+IULjBqVte38CFkvR8MwaoC3JJ3VWi4EOp/rth
 jRcs7jwh3UIORxKEvAekVvsfKZt9CKYYBSSNkDEDi2MfPEHnMD7dJMl9P8uO6fO4GKkx
 pPePxWTCrU8EnnHoJVjA6eMmx1AmgDnKF+X7rENf0r1LVAeEYPLqd9MzUwcK8Z7gLnIk
 C8CeTGONJmOajPlo+L4LPEA5G5dm5BP755/YqMlfi5sQ6BrLgDoNQEJxjOYtSd5zfuhz
 qU/PFhrZH8WJI/GP+3NSpClYDxoyWpnuVmJhVCUF62ZAZS5QdMrG+JqvqHDHN2/Mp8yI
 1mdg==
X-Gm-Message-State: AOJu0YxI6Mar+aMkJmU+qzjGXSb86CERnA2cYojGVp/mcvXqBTzXH1hG
 bHHJZuMbASf9KsWHmH7ay48P5iByshW9fo1lJVWIpM87kRCjAYgR06d+1Y2kphsBdbI9XMkvN0l
 AP5LV/kqLACtv2UW7QHc46X2NKr7v6IBJvsErIxQEazEa8q2o
X-Gm-Gg: ASbGnctqQXIZ7OWH64HJXurG4TcmRyZbgrWnWLKuV31wawXsAL+rX6FLu0mvlwHrd6B
 COGSHsbVNqLoepYomEUfzzzM/13sl0F4fZ5kEUCT34Nuf/151qVGaH+hk9HLhYnDeu11lssUMWG
 2AJUgB2MVI4zo84oPcoUfWukcw+onZLvFMrdgX3faHtUE+KSHRJBlx3GDr43sBEuJ1D94K5ZVI5
 cWODyO+7TWKpap977Qrc59d0vLDO87kDzKlGrdiv/4uwq3tIXxuOcYMgk/ayD1t4KzcRpIFcZtM
 FlAjhYmYcs4VtxaI/gUsZ842koQWw3f4pWUQEdsMk7MfMyu5
X-Google-Smtp-Source: AGHT+IHWNg+tvOjyPiD+4gyImfd5ZX5diT+PCve40LumAf6ay43hcOj3hXEiRekY1CIshR2nKfS5nd4nRWnd
X-Received: by 2002:a17:902:ce82:b0:223:47e4:d288 with SMTP id
 d9443c01a7336-22c359836c3mr59055075ad.47.1744882234184; 
 Thu, 17 Apr 2025 02:30:34 -0700 (PDT)
Received: from postal.iol.unh.edu (postal.iol.unh.edu.
 [2606:4100:3880:1234::84]) by smtp-relay.gmail.com with ESMTPS id
 d9443c01a7336-22c33ff9e20sm1553815ad.122.2025.04.17.02.30.34
 (version=TLS1_2 cipher=ECDHE-ECDSA-AES128-GCM-SHA256 bits=128/128);
 Thu, 17 Apr 2025 02:30:34 -0700 (PDT)
X-Relaying-Domain: iol.unh.edu
Date: Thu, 17 Apr 2025 02:30:34 -0700 (PDT)
Message-ID: <6800ca3a.170a0220.21f05e.8ba6SMTPIN_ADDED_MISSING@mx.google.com>
Received: from [172.17.0.4] (unknown [172.18.0.217])
 by postal.iol.unh.edu (Postfix) with ESMTP id 491AD6052471;
 Thu, 17 Apr 2025 05:30:33 -0400 (EDT)
Subject: |WARNING| [GIT MASTER] 4401486b5e30d43a134f80f9802f60b5f43e74a8
From: dpdklab@iol.unh.edu
To: Test Report <test-report@dpdk.org>
Cc: dpdk-test-reports@iol.unh.edu, Xueming Li <xuemingl@nvidia.com>,
 Christian Ehrhardt <christian.ehrhardt@canonical.com>,
 Kevin Traynor <ktraynor@redhat.com>, Luca Boccassi <bluca@debian.org>
Content-Type: text/plain
X-BeenThere: test-report@dpdk.org
X-Mailman-Version: 2.1.29
Precedence: list
List-Id: automatic DPDK test reports <test-report.dpdk.org>
List-Unsubscribe: <https://mails.dpdk.org/options/test-report>,
 <mailto:test-report-request@dpdk.org?subject=unsubscribe>
List-Archive: <http://mails.dpdk.org/archives/test-report/>
List-Post: <mailto:test-report@dpdk.org>
List-Help: <mailto:test-report-request@dpdk.org?subject=help>
List-Subscribe: <https://mails.dpdk.org/listinfo/test-report>,
 <mailto:test-report-request@dpdk.org?subject=subscribe>
Errors-To: test-report-bounces@dpdk.org

_Testing issues_

Branch: tags/v22.11

4401486b5e30d43a134f80f9802f60b5f43e74a8 --> testing issues

Upstream job id: Windows-Compile-DPDK-Native#27932

Test environment and result as below:

+---------------------+--------------------+-------------------------+
|     Environment     | dpdk_meson_compile | dpdk_llvm_clang_compile |
+=====================+====================+=========================+
| CentOS Stream 9     | PASS               | SKIPPED                 |
+---------------------+--------------------+-------------------------+
| Debian 12           | PASS               | SKIPPED                 |
+---------------------+--------------------+-------------------------+
| Fedora 40           | PASS               | SKIPPED                 |
+---------------------+--------------------+-------------------------+
| Fedora 40 (Clang)   | PASS               | SKIPPED                 |
+---------------------+--------------------+-------------------------+
| CentOS Stream 10    | PASS               | SKIPPED                 |
+---------------------+--------------------+-------------------------+
| Fedora 41 (Clang)   | PASS               | SKIPPED                 |
+---------------------+--------------------+-------------------------+
| RHEL9               | PASS               | SKIPPED                 |
+---------------------+--------------------+-------------------------+
| openSUSE Leap 15    | PASS               | SKIPPED                 |
+---------------------+--------------------+-------------------------+
| RHEL8               | PASS               | SKIPPED                 |
+---------------------+--------------------+-------------------------+
| Fedora 41           | PASS               | SKIPPED                 |
+---------------------+--------------------+-------------------------+
| Ubuntu 20.04        | PASS               | SKIPPED                 |
+---------------------+--------------------+-------------------------+
| Ubuntu 22.04        | PASS               | SKIPPED                 |
+---------------------+--------------------+-------------------------+
| Ubuntu 24.04        | PASS               | SKIPPED                 |
+---------------------+--------------------+-------------------------+
| FreeBSD 13.5        | PASS               | SKIPPED                 |
+---------------------+--------------------+-------------------------+
| FreeBSD 14.2        | PASS               | SKIPPED                 |
+---------------------+--------------------+-------------------------+
| Windows Server 2022 | SKIPPED            | FAIL                    |
+---------------------+--------------------+-------------------------+

==== 20 line log output for Windows Server 2022 (dpdk_llvm_clang_compile): ====
..\lib\eal\include/rte_common.h:850:32: note: expanded from macro 'RTE_FMT_TAIL'
#define RTE_FMT_TAIL(fmt, ...) __VA_ARGS__
^~~~~~~~~~~
..\lib\eal\include/rte_common.h:848:39: note: expanded from macro 'RTE_FMT'
#define RTE_FMT(fmt, ...) fmt "%.0s", __VA_ARGS__ ""
^~~~~~~~~~~
../drivers/crypto/mlx5/mlx5_crypto.c:463:18: note: forward declaration of 'struct mlx5_err_cqe'
volatile struct mlx5_err_cqe *cqe = (volatile struct mlx5_err_cqe *)
^
3 errors generated.
[617/788] Compiling C object drivers/libtmp_rte_crypto_mlx5.a.p/crypto_mlx5_mlx5_crypto_dek.c.obj
[618/788] Compiling C object drivers/libtmp_rte_net_vmxnet3.a.p/net_vmxnet3_vmxnet3_rxtx.c.obj
[619/788] Compiling C object drivers/libtmp_rte_net_vmxnet3.a.p/net_vmxnet3_vmxnet3_ethdev.c.obj
[620/788] Linking static target drivers/libtmp_rte_net_octeon_ep.a
[621/788] Compiling C object app/dpdk-testpmd.exe.p/test-pmd_csumonly.c.obj
[622/788] Compiling C object drivers/libtmp_rte_net_mlx5.a.p/net_mlx5_mlx5_tx_nompw.c.obj
[623/788] Compiling C object app/dpdk-testpmd.exe.p/test-pmd_config.c.obj
[624/788] Compiling C object drivers/libtmp_rte_net_mlx5.a.p/net_mlx5_mlx5_tx_empw.c.obj
[625/788] Compiling C object drivers/libtmp_rte_net_mlx5.a.p/net_mlx5_mlx5_tx_txpp.c.obj
ninja: build stopped: subcommand failed.
==== End log output ====

CentOS Stream 9
	Kernel: Depends on container host
	Compiler: gcc 11.5.0 20240719 (Red Hat 11.5.0-2)

Debian 12
	Kernel: Depends on container host
	Compiler: gcc (Debian 12.2.0-14) 12.2.0

Fedora 40
	Kernel: Depends on container host
	Compiler: gcc 14.2.1 20240912 (Red Hat 14.2.1-3)

Fedora 40 (Clang)
	Kernel: Depends on container host
	Compiler: clang 18.1.8 (Fedora 18.1.8-1.fc40)

CentOS Stream 10
	Kernel: Depends on container host
	Compiler: gcc 14.2.1 20241104 (Red Hat 14.2.1-6)

Fedora 41 (Clang)
	Kernel: Depends on container host
	Compiler: clang 19.1.5 (Fedora 19.1.5-1.fc41)

RHEL9
	Kernel: Depends on container host
	Compiler: gcc 11.5.0 20240719 (Red Hat 11.5.0-2)

openSUSE Leap 15
	Kernel: Depends on container host
	Compiler: gcc (SUSE Linux) 7.5.0

RHEL8
	Kernel: Depends on container host
	Compiler: gcc 8.5.0 20210514 (Red Hat 8.5.0-22)

Fedora 41
	Kernel: Depends on container host
	Compiler: gcc 14.2.1 20240912 (Red Hat 14.2.1-3)

Ubuntu 20.04
	Kernel: Depends on container host
	Compiler: gcc (Ubuntu 9.4.0-1ubuntu1~20.04.2) 9.4.0

Ubuntu 22.04
	Kernel: Depends on container host
	Compiler: gcc (Ubuntu 11.4.0-1ubuntu1~22.04) 11.4.0

Ubuntu 24.04
	Kernel: Depends on container host
	Compiler: gcc (Ubuntu 13.3.0-6ubuntu2~24.04) 13.3.0

FreeBSD 13.5
	Kernel: 13.5-RELEASE
	Compiler: clang 19.1.7

FreeBSD 14.2
	Kernel: 14.2-RELEASE
	Compiler: clang 18.1.6

Windows Server 2022
	Kernel: 10.0.20348.2031
	Compiler: clang 15.0.7, gcc 14.1.0 (MinGW), and MSVC VS 19.39.33521

To view detailed results, visit:
https://lab.dpdk.org/results/dashboard/tarballs/33284/

UNH-IOL DPDK Community Lab

To manage your email subscriptions, visit: 
https://lab.dpdk.org/results/dashboard/preferences/subscriptions/