From mboxrd@z Thu Jan  1 00:00:00 1970
Return-Path: <test-report-bounces@dpdk.org>
Received: from mails.dpdk.org (mails.dpdk.org [217.70.189.124])
	by inbox.dpdk.org (Postfix) with ESMTP id 676DA465BB
	for <public@inbox.dpdk.org>; Fri, 18 Apr 2025 02:24:35 +0200 (CEST)
Received: from mails.dpdk.org (localhost [127.0.0.1])
	by mails.dpdk.org (Postfix) with ESMTP id 35A26400D6;
	Fri, 18 Apr 2025 02:24:35 +0200 (CEST)
Received: from mail-pj1-f97.google.com (mail-pj1-f97.google.com
 [209.85.216.97]) by mails.dpdk.org (Postfix) with ESMTP id 154E7400D5
 for <test-report@dpdk.org>; Fri, 18 Apr 2025 02:24:34 +0200 (CEST)
Received: by mail-pj1-f97.google.com with SMTP id
 98e67ed59e1d1-301a4d5156aso1394525a91.1
 for <test-report@dpdk.org>; Thu, 17 Apr 2025 17:24:33 -0700 (PDT)
DKIM-Signature: v=1; a=rsa-sha256; c=relaxed/relaxed;
 d=iol.unh.edu; s=unh-iol; t=1744935873; x=1745540673; darn=dpdk.org;
 h=cc:to:from:subject:message-id:date:from:to:cc:subject:date
 :message-id:reply-to;
 bh=tjYEgyO6+OAWPNqerGLgBIjUpQ8cUG+eX5gHUOYZ7+I=;
 b=YQ60p1BEGrQ3dXCRybFq3dKtPU/BIB0876oSjQeMNmyIP6Vp2/Lgh4NI0+FOfpbmaJ
 VN+bYphjLCwBNgYumCN1hF8l/Eu3TokMmOvKLYDSSXJ6i0e83iFLfARlOvCii21N6Yr1
 KG2OneA+BReBqWc3xuOhL8eL1MKYNefWt6/LE=
X-Google-DKIM-Signature: v=1; a=rsa-sha256; c=relaxed/relaxed;
 d=1e100.net; s=20230601; t=1744935873; x=1745540673;
 h=cc:to:from:subject:message-id:date:x-gm-message-state:from:to:cc
 :subject:date:message-id:reply-to;
 bh=tjYEgyO6+OAWPNqerGLgBIjUpQ8cUG+eX5gHUOYZ7+I=;
 b=nTjRJ94mmluqsGT2wiVkE4MrEx6tiQLGjiqXLdiX5Jkf3/whsz522tpXE7BgYn07FH
 0n2tB8Ob+lj0AnLIDQmNtpQpl4UMeAwLadAC0KRUCqiv5lwUC3Z6ldAPI41Q+6cEfgsv
 MZ+q6TOY277ef/z4J4+bhDEDlsLhtSv8bgkPX7ZJfOGUZtIgnN2dlFfgK8QYDvkZtabk
 nCK33FTpcjffsMin9DE+dIAgwzLnrWUqllz9NM/QpbL85kKpVzVx6uttIKZqdwWgkmNK
 J0ah3vyV1c8KcEbBCZRRSyPvnXBQnwt4L78RSvM/6k+TfWtjmsB38ZtSeEh/3zWws+w4
 D/uA==
X-Gm-Message-State: AOJu0Yyk1BUYP7QVPchKfDdEnInnJbgjvlly+I9lC+MEJfq5t4di++z0
 b8dpIiAutGsRxspZXTLyeTm43r3DCG5SbuzjGC9Jq1KlzhvXBmefDMv22uZibuAZiM3nh3+BfuJ
 08VVaqE8LrZa+zAUNmW+P0qOYY7ZnaqK3I5BM+TX6aEwrjgMJFgVpzCWY
X-Gm-Gg: ASbGncvXgAOqTh5gBt78v1meohUaM3qj+Yr07TwJ6Tv7XdCrYhXXCgrqCEALV5iKS+n
 ek7jQrHaKA9yge5dmAij7vpcfmgRrpPWmmzYLLbvR1hvLF5MRBcuzf8lBpjblHXJHPzX7nW+Fp7
 wazwmiNOjJWxV9YM3biVXea+vsoBKaiWlCyHOEngWkeknOwXKe0PTvidPgbITYWQSvGqo06MnDc
 JsmcgO8QvmQ5Ez7T9DGPzTWCE0h7nJHCeITGNnUVa8uFHywALAhCGCYptkYR22ujTO2IYvNt6AX
 2K0MY4hxXzVGAfkJ+1NgERcuRl4jGTglLsnPRx8FvN8ciU0C
X-Google-Smtp-Source: AGHT+IHT8r3rfb31LeCfugZIoBhYSteVUUtNSE9yksjQR4UYzlegqBcz+UTD3mYR1RXsR6wV0gVAhzJ7Z/lx
X-Received: by 2002:a17:90a:c88e:b0:301:1bce:c25a with SMTP id
 98e67ed59e1d1-3087bb6fb31mr1214849a91.20.1744935873070; 
 Thu, 17 Apr 2025 17:24:33 -0700 (PDT)
Received: from postal.iol.unh.edu (postal.iol.unh.edu.
 [2606:4100:3880:1234::84]) by smtp-relay.gmail.com with ESMTPS id
 98e67ed59e1d1-3087df24d06sm5734a91.9.2025.04.17.17.24.32
 (version=TLS1_2 cipher=ECDHE-ECDSA-AES128-GCM-SHA256 bits=128/128);
 Thu, 17 Apr 2025 17:24:33 -0700 (PDT)
X-Relaying-Domain: iol.unh.edu
Date: Thu, 17 Apr 2025 17:24:33 -0700 (PDT)
Message-ID: <68019bc1.170a0220.2fb3f3.0570SMTPIN_ADDED_MISSING@mx.google.com>
Received: from [172.17.0.6] (unknown [172.18.0.217])
 by postal.iol.unh.edu (Postfix) with ESMTP id 32ECA6052471;
 Thu, 17 Apr 2025 20:24:32 -0400 (EDT)
Subject: |FAILURE| [GIT MASTER] ca1690ebd224f148268285b15b97441ccdbdd07e
From: dpdklab@iol.unh.edu
To: Test Report <test-report@dpdk.org>
Cc: dpdk-test-reports@iol.unh.edu
Content-Type: text/plain
X-BeenThere: test-report@dpdk.org
X-Mailman-Version: 2.1.29
Precedence: list
List-Id: automatic DPDK test reports <test-report.dpdk.org>
List-Unsubscribe: <https://mails.dpdk.org/options/test-report>,
 <mailto:test-report-request@dpdk.org?subject=unsubscribe>
List-Archive: <http://mails.dpdk.org/archives/test-report/>
List-Post: <mailto:test-report@dpdk.org>
List-Help: <mailto:test-report-request@dpdk.org?subject=help>
List-Subscribe: <https://mails.dpdk.org/listinfo/test-report>,
 <mailto:test-report-request@dpdk.org?subject=subscribe>
Errors-To: test-report-bounces@dpdk.org

_Testing issues_

Branch: dpdk

ca1690ebd224f148268285b15b97441ccdbdd07e --> testing issues

Upstream job id: Generic-Unit-Test-DPDK#331884

Test environment and result as below:

+-----------------------------+----------------+--------------+------------------------------+---------------------------+
|         Environment         | dpdk_unit_test | lpm_autotest | cryptodev_sw_snow3g_autotest | cryptodev_sw_zuc_autotest |
+=============================+================+==============+==============================+===========================+
| 32-bit Ubuntu 22.04.4 (ARM) | FAIL           | SKIPPED      | SKIPPED                      | SKIPPED                   |
+-----------------------------+----------------+--------------+------------------------------+---------------------------+
| Debian 12 (arm)             | PEND           | SKIPPED      | PASS                         | PASS                      |
+-----------------------------+----------------+--------------+------------------------------+---------------------------+
| CentOS Stream 9 (ARM)       | PEND           | SKIPPED      | SKIPPED                      | SKIPPED                   |
+-----------------------------+----------------+--------------+------------------------------+---------------------------+
| Fedora 40 (ARM)             | PEND           | SKIPPED      | SKIPPED                      | SKIPPED                   |
+-----------------------------+----------------+--------------+------------------------------+---------------------------+
| CentOS Stream 10 (ARM)      | PEND           | SKIPPED      | SKIPPED                      | SKIPPED                   |
+-----------------------------+----------------+--------------+------------------------------+---------------------------+
| Fedora 40 (ARM Clang)       | PEND           | SKIPPED      | SKIPPED                      | SKIPPED                   |
+-----------------------------+----------------+--------------+------------------------------+---------------------------+
| RHEL9 (ARM)                 | PEND           | SKIPPED      | SKIPPED                      | SKIPPED                   |
+-----------------------------+----------------+--------------+------------------------------+---------------------------+
| Fedora 41 (ARM)             | PEND           | SKIPPED      | SKIPPED                      | SKIPPED                   |
+-----------------------------+----------------+--------------+------------------------------+---------------------------+
| Fedora 41 (ARM Clang)       | PEND           | SKIPPED      | SKIPPED                      | SKIPPED                   |
+-----------------------------+----------------+--------------+------------------------------+---------------------------+
| Ubuntu 20.04 (ARM)          | PEND           | SKIPPED      | SKIPPED                      | SKIPPED                   |
+-----------------------------+----------------+--------------+------------------------------+---------------------------+
| Ubuntu 22.04 (ARM)          | PEND           | SKIPPED      | SKIPPED                      | SKIPPED                   |
+-----------------------------+----------------+--------------+------------------------------+---------------------------+
| Ubuntu 24.04 (ARM)          | PEND           | SKIPPED      | SKIPPED                      | SKIPPED                   |
+-----------------------------+----------------+--------------+------------------------------+---------------------------+
| Ubuntu 20.04 ARM SVE        | SKIPPED        | PEND         | SKIPPED                      | SKIPPED                   |
+-----------------------------+----------------+--------------+------------------------------+---------------------------+

==== Unit test summary for 32-bit Ubuntu 22.04.4 (ARM) (dpdk_unit_test): ====
Failed to get the unit test results.
Displaying the unit test results is not supported for some environments,
such as our aarch32 testing, where meson is not used to run the tests.
Download the logs available on our CI site.
==== End log output ====

32-bit Ubuntu 22.04.4 (ARM)
	Kernel: 5.15.83+ aarch64
	Compiler: gcc (Ubuntu 11.4.0-1ubuntu1~22.04) 11.4.0

Debian 12 (arm)
	Kernel: Depends on container host
	Compiler: gcc (Debian 12.2.0-14) 12.2.0

CentOS Stream 9 (ARM)
	Kernel: Depends on container host
	Compiler: gcc 11.5.0 20240719 (Red Hat 11.5.0-2)

Fedora 40 (ARM)
	Kernel: Depends on container host
	Compiler: gcc 14.2.1 20240912 (Red Hat 14.2.1-3)

CentOS Stream 10 (ARM)
	Kernel: Depends on container host
	Compiler: gcc 14.2.1 20241104 (Red Hat 14.2.1-6)

Fedora 40 (ARM Clang)
	Kernel: Depends on container host
	Compiler: clang 18.1.8 (Fedora 18.1.8-1.fc40)

RHEL9 (ARM)
	Kernel: Depends on container host
	Compiler: gcc 11.5.0 20240719 (Red Hat 11.5.0-2)

Fedora 41 (ARM)
	Kernel: Depends on container host
	Compiler: gcc 14.2.1 20240912 (Red Hat 14.2.1-3)

Fedora 41 (ARM Clang)
	Kernel: Depends on container host
	Compiler: clang 19.1.5 (Fedora 19.1.5-1.fc41)

Ubuntu 20.04 (ARM)
	Kernel: Depends on container host
	Compiler: gcc (Ubuntu 9.4.0-1ubuntu1~20.04.2) 9.4.0

Ubuntu 22.04 (ARM)
	Kernel: Depends on container host
	Compiler: gcc (Ubuntu 11.4.0-1ubuntu1~22.04) 11.4.0

Ubuntu 24.04 (ARM)
	Kernel: Depends on container host
	Compiler: gcc (Ubuntu 13.3.0-6ubuntu2~24.04) 13.3.0

Ubuntu 20.04 ARM SVE
	Kernel: Depends on container host
	Compiler: gcc (Ubuntu 10.5.0-1ubuntu1~20.04) 10.5.0

To view detailed results, visit:
https://lab.dpdk.org/results/dashboard/tarballs/33291/

UNH-IOL DPDK Community Lab

To manage your email subscriptions, visit: 
https://lab.dpdk.org/results/dashboard/preferences/subscriptions/