From mboxrd@z Thu Jan  1 00:00:00 1970
Return-Path: <test-report-bounces@dpdk.org>
Received: from mails.dpdk.org (mails.dpdk.org [217.70.189.124])
	by inbox.dpdk.org (Postfix) with ESMTP id 97578465C0
	for <public@inbox.dpdk.org>; Fri, 18 Apr 2025 10:13:36 +0200 (CEST)
Received: from mails.dpdk.org (localhost [127.0.0.1])
	by mails.dpdk.org (Postfix) with ESMTP id 7ABE8400D6;
	Fri, 18 Apr 2025 10:13:36 +0200 (CEST)
Received: from mail-pl1-f226.google.com (mail-pl1-f226.google.com
 [209.85.214.226])
 by mails.dpdk.org (Postfix) with ESMTP id 750DD400D5
 for <test-report@dpdk.org>; Fri, 18 Apr 2025 10:13:35 +0200 (CEST)
Received: by mail-pl1-f226.google.com with SMTP id
 d9443c01a7336-22c3407a87aso25741115ad.3
 for <test-report@dpdk.org>; Fri, 18 Apr 2025 01:13:35 -0700 (PDT)
DKIM-Signature: v=1; a=rsa-sha256; c=relaxed/relaxed;
 d=iol.unh.edu; s=unh-iol; t=1744964014; x=1745568814; darn=dpdk.org;
 h=cc:to:from:subject:message-id:date:from:to:cc:subject:date
 :message-id:reply-to;
 bh=xyzF+fLSvyGYa2W8oGT4aedFmQrG9mSxORcXnSf2DT0=;
 b=RU+ELHiU5LSO9fDHCrpbf9lXr3H+OGaNRnq4RUgl0qVtdaNw0eZ2OB/ApIIZL3bqxf
 p7WMP4LI7+4HDIKfeWQqoHHp8E1k3xF9AKASUacVce3rjZ7PhMKWzRWN1iQq+mzVI8JC
 rNnZSu+MC2+S8yAt+TeFoafwNfxNLp1NreVMg=
X-Google-DKIM-Signature: v=1; a=rsa-sha256; c=relaxed/relaxed;
 d=1e100.net; s=20230601; t=1744964014; x=1745568814;
 h=cc:to:from:subject:message-id:date:x-gm-message-state:from:to:cc
 :subject:date:message-id:reply-to;
 bh=xyzF+fLSvyGYa2W8oGT4aedFmQrG9mSxORcXnSf2DT0=;
 b=rhfNLTz75l8uB0LreMUcYU3vC3yflqGohs/bWOXEoF+OPCucwgeXDeavNLiIA86+rY
 tl3ebjzlLEXmMIYtZ3Sb2SFYs8rcUUHQutrXFMmfmZDftgtOLB6+HJN9Z/zktFyPBZf0
 TxTGSQNb+BhX+GjnWpM92b48cCbnCz8GuXe5CKmStGk4RiuE8MYZqvzBhdL7gF1P1She
 v0t0UbevFpJ/ABdtjTAgnd/7rmoqWz8TgSPxqfmZKxGrPr+SOZP4co5X7zyg/IvTXPcd
 +uqzw67sEkj2M7XJbTAfgatOj32n63Jd4euwXVCWvycjfLvWvOuf/R9pssgiTZIWUO9o
 glLA==
X-Gm-Message-State: AOJu0Yx+jRXeoKcGbfnLKNRwF1hMPN29KGpgOLMa0dgymgAMwmnXg9F9
 qLaK+JMX7f9BJP5kRA0G2Bmt6tcjpsH1LZO5SvaIpFiEB88VHf8YAFznkaQCHnNarLz5zEzP/G8
 9e3fHjUPj3SUh5sjPqmGf21Rhobgm3u0A
X-Gm-Gg: ASbGncuIET8OgjJP+DHvcdIP7MzfUvf1ChC8KCdgLBypViYB1J4dSBXnWkrsquQrqwk
 keTXni0EBgdGDL/kA9r0krdpJxNMigtbUPcHDTts68CtxeZmJYruj4S5EVFv4OBFFwaBSHCu+Eh
 a1oBpIPgCVRc6pTnpt+6UTHkQ26tIxfU/XoIJWO1HwhV4eeg+93aUDxnNq7SxexqMOYq+1eG+rv
 HK+y5ymVWgs8LD1oKr7BPfEgxRLofcFsVXcBU9X/pTfaL8B4U60EXahEAxGIVTRTY9hJfUiwrsr
 A4ywZbL7MUxriYyDxI0DsvHQbPDv81FqnY34
X-Google-Smtp-Source: AGHT+IGeQ7T7itPAoZNRQifgdzN95E6wAEOTA6WVDlQXOEGr+LYPfUsGLpxu01rS2g7/ZV5rwdA6quwG6gIt
X-Received: by 2002:a17:902:f643:b0:220:e655:d77 with SMTP id
 d9443c01a7336-22c53607c15mr30138745ad.36.1744964014615; 
 Fri, 18 Apr 2025 01:13:34 -0700 (PDT)
Received: from postal.iol.unh.edu (postal.iol.unh.edu. [132.177.123.84])
 by smtp-relay.gmail.com with ESMTPS id
 d9443c01a7336-22c50bedb0esm719235ad.48.2025.04.18.01.13.34
 (version=TLS1_2 cipher=ECDHE-ECDSA-AES128-GCM-SHA256 bits=128/128);
 Fri, 18 Apr 2025 01:13:34 -0700 (PDT)
X-Relaying-Domain: iol.unh.edu
Date: Fri, 18 Apr 2025 01:13:34 -0700 (PDT)
Message-ID: <680209ae.170a0220.29f136.4573SMTPIN_ADDED_MISSING@mx.google.com>
Received: from [172.21.0.6] (unknown [172.18.0.240])
 by postal.iol.unh.edu (Postfix) with ESMTP id C3F206052471;
 Fri, 18 Apr 2025 04:13:31 -0400 (EDT)
Subject: |FAILURE| [GIT MASTER] 4401486b5e30d43a134f80f9802f60b5f43e74a8
From: dpdklab@iol.unh.edu
To: Test Report <test-report@dpdk.org>
Cc: dpdk-test-reports@iol.unh.edu, Xueming Li <xuemingl@nvidia.com>,
 Christian Ehrhardt <christian.ehrhardt@canonical.com>,
 Kevin Traynor <ktraynor@redhat.com>, Luca Boccassi <bluca@debian.org>
Content-Type: text/plain
X-BeenThere: test-report@dpdk.org
X-Mailman-Version: 2.1.29
Precedence: list
List-Id: automatic DPDK test reports <test-report.dpdk.org>
List-Unsubscribe: <https://mails.dpdk.org/options/test-report>,
 <mailto:test-report-request@dpdk.org?subject=unsubscribe>
List-Archive: <http://mails.dpdk.org/archives/test-report/>
List-Post: <mailto:test-report@dpdk.org>
List-Help: <mailto:test-report-request@dpdk.org?subject=help>
List-Subscribe: <https://mails.dpdk.org/listinfo/test-report>,
 <mailto:test-report-request@dpdk.org?subject=subscribe>
Errors-To: test-report-bounces@dpdk.org

_Testing issues_

Branch: tags/v22.11

4401486b5e30d43a134f80f9802f60b5f43e74a8 --> testing issues

Upstream job id: Generic-Unit-Test-DPDK#331970

Test environment and result as below:

+---------------------+----------------+
|     Environment     | dpdk_unit_test |
+=====================+================+
| Fedora 40 (Clang)   | FAIL           |
+---------------------+----------------+
| CentOS Stream 9     | FAIL           |
+---------------------+----------------+
| Debian 12           | FAIL           |
+---------------------+----------------+
| Fedora 40           | FAIL           |
+---------------------+----------------+
| CentOS Stream 10    | PEND           |
+---------------------+----------------+
| Ubuntu 22.04        | FAIL           |
+---------------------+----------------+
| Ubuntu 20.04        | PASS           |
+---------------------+----------------+
| Ubuntu 24.04        | PEND           |
+---------------------+----------------+
| RHEL9               | PEND           |
+---------------------+----------------+
| Fedora 41 (Clang)   | FAIL           |
+---------------------+----------------+
| Fedora 41           | PEND           |
+---------------------+----------------+
| RHEL8               | PEND           |
+---------------------+----------------+
| Windows Server 2022 | FAIL           |
+---------------------+----------------+

==== Unit test summary for Windows Server 2022 (dpdk_unit_test): ====
Failed to get the unit test results.
Displaying the unit test results is not supported for some environments,
such as our aarch32 testing, where meson is not used to run the tests.
Download the logs available on our CI site.
==== End log output ====

Fedora 40 (Clang)
	Kernel: Depends on container host
	Compiler: clang 18.1.8 (Fedora 18.1.8-1.fc40)

CentOS Stream 9
	Kernel: Depends on container host
	Compiler: gcc 11.5.0 20240719 (Red Hat 11.5.0-2)

Debian 12
	Kernel: Depends on container host
	Compiler: gcc (Debian 12.2.0-14) 12.2.0

Fedora 40
	Kernel: Depends on container host
	Compiler: gcc 14.2.1 20240912 (Red Hat 14.2.1-3)

CentOS Stream 10
	Kernel: Depends on container host
	Compiler: gcc 14.2.1 20241104 (Red Hat 14.2.1-6)

Ubuntu 22.04
	Kernel: Depends on container host
	Compiler: gcc (Ubuntu 11.4.0-1ubuntu1~22.04) 11.4.0

Ubuntu 20.04
	Kernel: Depends on container host
	Compiler: gcc (Ubuntu 9.4.0-1ubuntu1~20.04.2) 9.4.0

Ubuntu 24.04
	Kernel: Depends on container host
	Compiler: gcc (Ubuntu 13.3.0-6ubuntu2~24.04) 13.3.0

RHEL9
	Kernel: Depends on container host
	Compiler: gcc 11.5.0 20240719 (Red Hat 11.5.0-2)

Fedora 41 (Clang)
	Kernel: Depends on container host
	Compiler: clang 19.1.5 (Fedora 19.1.5-1.fc41)

Fedora 41
	Kernel: Depends on container host
	Compiler: gcc 14.2.1 20240912 (Red Hat 14.2.1-3)

RHEL8
	Kernel: Depends on container host
	Compiler: gcc 8.5.0 20210514 (Red Hat 8.5.0-22)

Windows Server 2022
	Kernel: 10.0.20348.2031
	Compiler: clang 15.0.7, gcc 14.1.0 (MinGW), and MSVC VS 19.39.33521

To view detailed results, visit:
https://lab.dpdk.org/results/dashboard/tarballs/33294/

UNH-IOL DPDK Community Lab

To manage your email subscriptions, visit: 
https://lab.dpdk.org/results/dashboard/preferences/subscriptions/