From mboxrd@z Thu Jan  1 00:00:00 1970
Return-Path: <test-report-bounces@dpdk.org>
Received: from mails.dpdk.org (mails.dpdk.org [217.70.189.124])
	by inbox.dpdk.org (Postfix) with ESMTP id 7347A465C0
	for <public@inbox.dpdk.org>; Fri, 18 Apr 2025 10:32:07 +0200 (CEST)
Received: from mails.dpdk.org (localhost [127.0.0.1])
	by mails.dpdk.org (Postfix) with ESMTP id 39A64400D6;
	Fri, 18 Apr 2025 10:32:07 +0200 (CEST)
Received: from mail-qt1-f227.google.com (mail-qt1-f227.google.com
 [209.85.160.227])
 by mails.dpdk.org (Postfix) with ESMTP id 398CF400D5
 for <test-report@dpdk.org>; Fri, 18 Apr 2025 10:32:06 +0200 (CEST)
Received: by mail-qt1-f227.google.com with SMTP id
 d75a77b69052e-4767e969b94so29316651cf.2
 for <test-report@dpdk.org>; Fri, 18 Apr 2025 01:32:06 -0700 (PDT)
DKIM-Signature: v=1; a=rsa-sha256; c=relaxed/relaxed;
 d=iol.unh.edu; s=unh-iol; t=1744965125; x=1745569925; darn=dpdk.org;
 h=cc:to:from:subject:message-id:date:from:to:cc:subject:date
 :message-id:reply-to;
 bh=Dz2gfhxb/t8jAXU8NyCoLmKz1FYbrE3Raw9vELvghVU=;
 b=YLozdjCGZpKFyfg+l1T+W/VPhkvlTkWmkS0iiLbWHvOmM/P6PCY4r/ZIa2g7nfyF05
 EY7ooTYamAnsHOLyvFF4+/k9Ocv2ghI9JV3tQBUZfwwiGhEsqa7wG/kl1bH/am1V9Be8
 Fzm8ow20bcYnmm3+FnBERk8ACTGWw7rH69/c8=
X-Google-DKIM-Signature: v=1; a=rsa-sha256; c=relaxed/relaxed;
 d=1e100.net; s=20230601; t=1744965125; x=1745569925;
 h=cc:to:from:subject:message-id:date:x-gm-message-state:from:to:cc
 :subject:date:message-id:reply-to;
 bh=Dz2gfhxb/t8jAXU8NyCoLmKz1FYbrE3Raw9vELvghVU=;
 b=ooaP+q5utr2Ny7rn2WgH2lqe9/+q9eGyfy/kGHw+NmIGZoWnbv55EJ5vBPxQSM7Zsm
 t52vSPUyCMISUc2Q9cN7VnDixAaoTlDVD2rne6DSPHpMw/XBvwwFiW2gqc4c2dwcnWdg
 Z11z3SK1G4kpYPyHecXZrgvRirkmptaPXrTs0gItXYd6bpl/S91eB8m9oDbGSJZ8RJVK
 rw5qIVwlFrndonO4kZGvRt9X6gNsBeYkhCiJ99HQL0RLAsaFNhYYUdkFfwnkqrePx+u0
 sLQMTvKPSBKC7ObqsFw800qM7UIx47eITDq2+V4unAsQRBZBb7yQmtn6Z+1gM005BfTp
 MQhg==
X-Gm-Message-State: AOJu0YydssAYKHVpkROvw9Eubks3qDmdudM0KoOIGozPbEbeTu04R0V+
 DyoNO8R/skA1V6F8NDPlYVflkcY4Zpzuedbzhr6NYFNpA0y5BzJnb2xMdeqbEzBG2ZuDRXCkbWX
 kSqsnVTRwDDRRiELzJwLlflz+AulxV1o+JVuKabcgdlEXW15H
X-Gm-Gg: ASbGnctq4FifDpy46ii8/fR//QA6Su9HjjjwBjebBfMLL1G6MLSp1UNczk+MufzH54Y
 363tkerR4biuOXdkjCUSijY4aP4Afmtl1I7KMcxA7tEttzXYA0Z1OmwRSB/BZdRHPytyDoXXN7S
 /Plzh7XPwiqi7BszsDWmlemCiy9Q0Q/yJhpDwFmC4F9LLSWfU9nH+gYx09lA9ELilXCg7PvecvB
 hwkTELCKgzfC5eIDLlGoRmXrdQzJcpYs18OFy2d4U0QFWwrUvZ3jm97ILIasqFxJjNh+/o7zANP
 4k0dh6YXu7aDh/Y+jBlbBf7xek0n7nMoVpgilShhwQNvL4h0
X-Google-Smtp-Source: AGHT+IFfH3ZSwQKCEAnJjzUIZpQhzP4/VPZrzg+9so6jqEdMPBDcpf+M6OnHz/JnKdRaabn8gtyc2dEUQfB4
X-Received: by 2002:a05:6214:2124:b0:6d4:25c4:e775 with SMTP id
 6a1803df08f44-6f2c4552a59mr31052446d6.15.1744965125489; 
 Fri, 18 Apr 2025 01:32:05 -0700 (PDT)
Received: from postal.iol.unh.edu (postal.iol.unh.edu.
 [2606:4100:3880:1234::84]) by smtp-relay.gmail.com with ESMTPS id
 6a1803df08f44-6f2c2afdfd6sm618526d6.25.2025.04.18.01.32.05
 (version=TLS1_2 cipher=ECDHE-ECDSA-AES128-GCM-SHA256 bits=128/128);
 Fri, 18 Apr 2025 01:32:05 -0700 (PDT)
X-Relaying-Domain: iol.unh.edu
Date: Fri, 18 Apr 2025 01:32:05 -0700 (PDT)
Message-ID: <68020e05.d40a0220.18d1a1.3776SMTPIN_ADDED_MISSING@mx.google.com>
Received: from [172.21.0.5] (unknown [172.18.0.240])
 by postal.iol.unh.edu (Postfix) with ESMTP id 8D5136052471;
 Fri, 18 Apr 2025 04:32:02 -0400 (EDT)
Subject: |FAILURE| [GIT MASTER] 4401486b5e30d43a134f80f9802f60b5f43e74a8
From: dpdklab@iol.unh.edu
To: Test Report <test-report@dpdk.org>
Cc: dpdk-test-reports@iol.unh.edu, Xueming Li <xuemingl@nvidia.com>,
 Christian Ehrhardt <christian.ehrhardt@canonical.com>,
 Kevin Traynor <ktraynor@redhat.com>, Luca Boccassi <bluca@debian.org>
Content-Type: text/plain
X-BeenThere: test-report@dpdk.org
X-Mailman-Version: 2.1.29
Precedence: list
List-Id: automatic DPDK test reports <test-report.dpdk.org>
List-Unsubscribe: <https://mails.dpdk.org/options/test-report>,
 <mailto:test-report-request@dpdk.org?subject=unsubscribe>
List-Archive: <http://mails.dpdk.org/archives/test-report/>
List-Post: <mailto:test-report@dpdk.org>
List-Help: <mailto:test-report-request@dpdk.org?subject=help>
List-Subscribe: <https://mails.dpdk.org/listinfo/test-report>,
 <mailto:test-report-request@dpdk.org?subject=subscribe>
Errors-To: test-report-bounces@dpdk.org

_Testing issues_

Branch: tags/v22.11

4401486b5e30d43a134f80f9802f60b5f43e74a8 --> testing issues

Upstream job id: Generic-Unit-Test-DPDK#331969

Test environment and result as below:

+---------------------+----------------+
|     Environment     | dpdk_unit_test |
+=====================+================+
| Fedora 40 (Clang)   | FAIL           |
+---------------------+----------------+
| CentOS Stream 9     | FAIL           |
+---------------------+----------------+
| Debian 12           | FAIL           |
+---------------------+----------------+
| Fedora 40           | FAIL           |
+---------------------+----------------+
| CentOS Stream 10    | FAIL           |
+---------------------+----------------+
| Ubuntu 22.04        | FAIL           |
+---------------------+----------------+
| Ubuntu 20.04        | PASS           |
+---------------------+----------------+
| Ubuntu 24.04        | PEND           |
+---------------------+----------------+
| RHEL9               | FAIL           |
+---------------------+----------------+
| Fedora 41 (Clang)   | FAIL           |
+---------------------+----------------+
| Fedora 41           | FAIL           |
+---------------------+----------------+
| RHEL8               | PEND           |
+---------------------+----------------+
| Windows Server 2022 | FAIL           |
+---------------------+----------------+

==== Unit test summary for Windows Server 2022 (dpdk_unit_test): ====
Failed to get the unit test results.
Displaying the unit test results is not supported for some environments,
such as our aarch32 testing, where meson is not used to run the tests.
Download the logs available on our CI site.
==== End log output ====

Fedora 40 (Clang)
	Kernel: Depends on container host
	Compiler: clang 18.1.8 (Fedora 18.1.8-1.fc40)

CentOS Stream 9
	Kernel: Depends on container host
	Compiler: gcc 11.5.0 20240719 (Red Hat 11.5.0-2)

Debian 12
	Kernel: Depends on container host
	Compiler: gcc (Debian 12.2.0-14) 12.2.0

Fedora 40
	Kernel: Depends on container host
	Compiler: gcc 14.2.1 20240912 (Red Hat 14.2.1-3)

CentOS Stream 10
	Kernel: Depends on container host
	Compiler: gcc 14.2.1 20241104 (Red Hat 14.2.1-6)

Ubuntu 22.04
	Kernel: Depends on container host
	Compiler: gcc (Ubuntu 11.4.0-1ubuntu1~22.04) 11.4.0

Ubuntu 20.04
	Kernel: Depends on container host
	Compiler: gcc (Ubuntu 9.4.0-1ubuntu1~20.04.2) 9.4.0

Ubuntu 24.04
	Kernel: Depends on container host
	Compiler: gcc (Ubuntu 13.3.0-6ubuntu2~24.04) 13.3.0

RHEL9
	Kernel: Depends on container host
	Compiler: gcc 11.5.0 20240719 (Red Hat 11.5.0-2)

Fedora 41 (Clang)
	Kernel: Depends on container host
	Compiler: clang 19.1.5 (Fedora 19.1.5-1.fc41)

Fedora 41
	Kernel: Depends on container host
	Compiler: gcc 14.2.1 20240912 (Red Hat 14.2.1-3)

RHEL8
	Kernel: Depends on container host
	Compiler: gcc 8.5.0 20210514 (Red Hat 8.5.0-22)

Windows Server 2022
	Kernel: 10.0.20348.2031
	Compiler: clang 15.0.7, gcc 14.1.0 (MinGW), and MSVC VS 19.39.33521

To view detailed results, visit:
https://lab.dpdk.org/results/dashboard/tarballs/33294/

UNH-IOL DPDK Community Lab

To manage your email subscriptions, visit: 
https://lab.dpdk.org/results/dashboard/preferences/subscriptions/