From mboxrd@z Thu Jan 1 00:00:00 1970 Return-Path: Received: from mails.dpdk.org (mails.dpdk.org [217.70.189.124]) by inbox.dpdk.org (Postfix) with ESMTP id 97B89465C0 for ; Fri, 18 Apr 2025 11:47:29 +0200 (CEST) Received: from mails.dpdk.org (localhost [127.0.0.1]) by mails.dpdk.org (Postfix) with ESMTP id 92357400D6; Fri, 18 Apr 2025 11:47:29 +0200 (CEST) Received: from mail-yb1-f228.google.com (mail-yb1-f228.google.com [209.85.219.228]) by mails.dpdk.org (Postfix) with ESMTP id 0F103400D5 for ; Fri, 18 Apr 2025 11:47:28 +0200 (CEST) Received: by mail-yb1-f228.google.com with SMTP id 3f1490d57ef6-e643f0933afso2255320276.1 for ; Fri, 18 Apr 2025 02:47:28 -0700 (PDT) DKIM-Signature: v=1; a=rsa-sha256; c=relaxed/relaxed; d=iol.unh.edu; s=unh-iol; t=1744969647; x=1745574447; darn=dpdk.org; h=cc:to:from:subject:message-id:date:from:to:cc:subject:date :message-id:reply-to; bh=WSJ6AQZS6kTtp9PO9Z2yfbjaCcYtO8mLZRmJvkJ95gQ=; b=PffOa25WkpgdIwi1at44XppF6PrroTcBMh+QeHuXlHKrOZRSJ0CcgcghvIii5fh+J8 U3g2QDqrMfmG6iEj7Y8/qie4UeC8s+boSjWkYEK2QcLMk/oGjAVGlPInvb3xwamdR2VA h7wLkpkszZNsKgTc5Vd6I/CzRwlYvzE+9KY3A= X-Google-DKIM-Signature: v=1; a=rsa-sha256; c=relaxed/relaxed; d=1e100.net; s=20230601; t=1744969647; x=1745574447; h=cc:to:from:subject:message-id:date:x-gm-message-state:from:to:cc :subject:date:message-id:reply-to; bh=WSJ6AQZS6kTtp9PO9Z2yfbjaCcYtO8mLZRmJvkJ95gQ=; b=W8wryQqeSsqQ1jN+T6ohAAw3wtprZHJZfmwnTkPVX2fYB4VO465Z2Z+Ms6UHeafm5u 1Fn9N6p6yuVLh8pxMHRE6au8XYcA38bIAkhnnmc0HDLONqcCCB9zLA64UAOB6nYPNT35 eTsnCnzb4vjpeo9GexntA60Sz2Ib4D9Tp+aAAwO9wW2tPCFOMeI8DDUfP96QlhbtM7GP bld7c/ASxGhqp9c3NSGshB9ScPz9LjMkijnA8HY4W95AheAV0GHQrm3G4iyI9C8szy/N e2R2N5WTN5yCN3Rld0TbGCUpKgcXrr7KTkWUx7kkbu+1j9uvIUnZA4PN0LMKvxCX4H+z 7BVQ== X-Gm-Message-State: AOJu0YwTp43kL/k4EYa3mCLlTdELrZHmM9LZnZjN/waqXvARr7T5Zb0b nZ6VpdYg/1PhfJDGyxvG6wsGesoTQ+jtmVUZx1px6ohzSaVnOLbalm3XPT4lql/Nza3StcMt98n vbyAHvMzG+7dVU/36FaLaSSEHZ30yzF5yYjz8kuYI X-Gm-Gg: ASbGncsf5WCe7BuQTd5XAtcU3U7/NQMn95jUd4s2tFjgZjpVn1R/+MByc+12qZgNgBM MgkSzOODI0JDbQg1qPXQPaOe3yGIZhyK+Md+G0J19hzvGBMSK725lhWupPFnlzetPEyWqpQzZ67 25hlZWZ5dxwj4/oOOv1xUuCGeAtrXGCqAdXO0omwGOEoMUDWegQqD4dUTCBIhTyvq5bCARq1RLS aIUj6FnRIoCpoVJaZnSTSKwV8nN4Y+V5rWqIl4qmJMByCFO9JYxnqjSN880yoCLxhiwMBcETgzS yo8wQt5oARMisT9fu7BsuDOTyNjFuh+TKF5s X-Google-Smtp-Source: AGHT+IHNk3gYNLxNHQikVe90y1CAhJ6JC81xi3WWeBdIP1AoHzS0vI0N78HX5bd3F92ZDmDagyr2SioMxpNv X-Received: by 2002:a05:6902:e11:b0:e5b:32f5:e38c with SMTP id 3f1490d57ef6-e729492222bmr3990548276.8.1744969647265; Fri, 18 Apr 2025 02:47:27 -0700 (PDT) Received: from postal.iol.unh.edu (postal.iol.unh.edu. [132.177.123.84]) by smtp-relay.gmail.com with ESMTPS id 00721157ae682-706ca49c5fdsm535597b3.27.2025.04.18.02.47.27 (version=TLS1_2 cipher=ECDHE-ECDSA-AES128-GCM-SHA256 bits=128/128); Fri, 18 Apr 2025 02:47:27 -0700 (PDT) X-Relaying-Domain: iol.unh.edu Date: Fri, 18 Apr 2025 02:47:27 -0700 (PDT) Message-ID: <68021faf.050a0220.c10ff.324cSMTPIN_ADDED_MISSING@mx.google.com> Received: from [172.21.0.6] (unknown [172.18.0.240]) by postal.iol.unh.edu (Postfix) with ESMTP id D8DF06052471; Fri, 18 Apr 2025 05:47:24 -0400 (EDT) Subject: |FAILURE| [GIT MASTER] 8ab833fa810b00802c882c6612f8543e1329d563 From: dpdklab@iol.unh.edu To: Test Report Cc: dpdk-test-reports@iol.unh.edu, Stephen Hemminger Content-Type: text/plain X-BeenThere: test-report@dpdk.org X-Mailman-Version: 2.1.29 Precedence: list List-Id: automatic DPDK test reports List-Unsubscribe: , List-Archive: List-Post: List-Help: List-Subscribe: , Errors-To: test-report-bounces@dpdk.org _Testing issues_ Branch: dpdk-next-net 8ab833fa810b00802c882c6612f8543e1329d563 --> testing issues Upstream job id: Generic-Unit-Test-DPDK#332002 Test environment and result as below: +-----------------------------+----------------+--------------+------------------------------+---------------------------+ | Environment | dpdk_unit_test | lpm_autotest | cryptodev_sw_snow3g_autotest | cryptodev_sw_zuc_autotest | +=============================+================+==============+==============================+===========================+ | 32-bit Ubuntu 22.04.4 (ARM) | FAIL | SKIPPED | SKIPPED | SKIPPED | +-----------------------------+----------------+--------------+------------------------------+---------------------------+ | CentOS Stream 10 (ARM) | PASS | SKIPPED | SKIPPED | SKIPPED | +-----------------------------+----------------+--------------+------------------------------+---------------------------+ | CentOS Stream 9 (ARM) | PASS | SKIPPED | SKIPPED | SKIPPED | +-----------------------------+----------------+--------------+------------------------------+---------------------------+ | Debian 12 (arm) | PASS | SKIPPED | PASS | PASS | +-----------------------------+----------------+--------------+------------------------------+---------------------------+ | Fedora 40 (ARM) | PASS | SKIPPED | SKIPPED | SKIPPED | +-----------------------------+----------------+--------------+------------------------------+---------------------------+ | Ubuntu 22.04 (ARM) | PASS | SKIPPED | SKIPPED | SKIPPED | +-----------------------------+----------------+--------------+------------------------------+---------------------------+ | RHEL9 (ARM) | PASS | SKIPPED | SKIPPED | SKIPPED | +-----------------------------+----------------+--------------+------------------------------+---------------------------+ | Ubuntu 20.04 (ARM) | PASS | SKIPPED | SKIPPED | SKIPPED | +-----------------------------+----------------+--------------+------------------------------+---------------------------+ | Fedora 40 (ARM Clang) | PASS | SKIPPED | SKIPPED | SKIPPED | +-----------------------------+----------------+--------------+------------------------------+---------------------------+ | Fedora 41 (ARM) | PASS | SKIPPED | SKIPPED | SKIPPED | +-----------------------------+----------------+--------------+------------------------------+---------------------------+ | Fedora 41 (ARM Clang) | PASS | SKIPPED | SKIPPED | SKIPPED | +-----------------------------+----------------+--------------+------------------------------+---------------------------+ | Ubuntu 24.04 (ARM) | PASS | SKIPPED | SKIPPED | SKIPPED | +-----------------------------+----------------+--------------+------------------------------+---------------------------+ | Ubuntu 20.04 ARM SVE | SKIPPED | PASS | SKIPPED | SKIPPED | +-----------------------------+----------------+--------------+------------------------------+---------------------------+ ==== Unit test summary for 32-bit Ubuntu 22.04.4 (ARM) (dpdk_unit_test): ==== Failed to get the unit test results. Displaying the unit test results is not supported for some environments, such as our aarch32 testing, where meson is not used to run the tests. Download the logs available on our CI site. ==== End log output ==== 32-bit Ubuntu 22.04.4 (ARM) Kernel: 5.15.83+ aarch64 Compiler: gcc (Ubuntu 11.4.0-1ubuntu1~22.04) 11.4.0 CentOS Stream 10 (ARM) Kernel: Depends on container host Compiler: gcc 14.2.1 20241104 (Red Hat 14.2.1-6) CentOS Stream 9 (ARM) Kernel: Depends on container host Compiler: gcc 11.5.0 20240719 (Red Hat 11.5.0-2) Debian 12 (arm) Kernel: Depends on container host Compiler: gcc (Debian 12.2.0-14) 12.2.0 Fedora 40 (ARM) Kernel: Depends on container host Compiler: gcc 14.2.1 20240912 (Red Hat 14.2.1-3) Ubuntu 22.04 (ARM) Kernel: Depends on container host Compiler: gcc (Ubuntu 11.4.0-1ubuntu1~22.04) 11.4.0 RHEL9 (ARM) Kernel: Depends on container host Compiler: gcc 11.5.0 20240719 (Red Hat 11.5.0-2) Ubuntu 20.04 (ARM) Kernel: Depends on container host Compiler: gcc (Ubuntu 9.4.0-1ubuntu1~20.04.2) 9.4.0 Fedora 40 (ARM Clang) Kernel: Depends on container host Compiler: clang 18.1.8 (Fedora 18.1.8-1.fc40) Fedora 41 (ARM) Kernel: Depends on container host Compiler: gcc 14.2.1 20240912 (Red Hat 14.2.1-3) Fedora 41 (ARM Clang) Kernel: Depends on container host Compiler: clang 19.1.5 (Fedora 19.1.5-1.fc41) Ubuntu 24.04 (ARM) Kernel: Depends on container host Compiler: gcc (Ubuntu 13.3.0-6ubuntu2~24.04) 13.3.0 Ubuntu 20.04 ARM SVE Kernel: Depends on container host Compiler: gcc (Ubuntu 10.5.0-1ubuntu1~20.04) 10.5.0 To view detailed results, visit: https://lab.dpdk.org/results/dashboard/tarballs/33296/ UNH-IOL DPDK Community Lab To manage your email subscriptions, visit: https://lab.dpdk.org/results/dashboard/preferences/subscriptions/