From mboxrd@z Thu Jan 1 00:00:00 1970 Return-Path: Received: from mails.dpdk.org (mails.dpdk.org [217.70.189.124]) by inbox.dpdk.org (Postfix) with ESMTP id 279CA465C9 for ; Sat, 19 Apr 2025 06:21:18 +0200 (CEST) Received: from mails.dpdk.org (localhost [127.0.0.1]) by mails.dpdk.org (Postfix) with ESMTP id F36054028B; Sat, 19 Apr 2025 06:21:17 +0200 (CEST) Received: from mail-yw1-f225.google.com (mail-yw1-f225.google.com [209.85.128.225]) by mails.dpdk.org (Postfix) with ESMTP id 3BAC54027A for ; Sat, 19 Apr 2025 06:21:16 +0200 (CEST) Received: by mail-yw1-f225.google.com with SMTP id 00721157ae682-6ef60e500d7so19827177b3.0 for ; Fri, 18 Apr 2025 21:21:16 -0700 (PDT) DKIM-Signature: v=1; a=rsa-sha256; c=relaxed/relaxed; d=iol.unh.edu; s=unh-iol; t=1745036475; x=1745641275; darn=dpdk.org; h=cc:to:from:subject:message-id:date:from:to:cc:subject:date :message-id:reply-to; bh=rmKccEB8za3ixBOmV6z1v3i5JuPbIdlAtAV2xNttDtw=; b=hxImvUysGMhg/hZk3G2M36Xdy9/40WoPff6ZxR568GZ4HfoRnIVLfWKEYAS6/FWE2c lst3Pw86qZES2hVEeSazCuz7ok6N9NY0to5yLxdxbTOkIWktp9jkN3WFNCtQWlAN0vnE AnivLTCQr+JVhwPWXiETHV0A7T9qJpFEReUIU= X-Google-DKIM-Signature: v=1; a=rsa-sha256; c=relaxed/relaxed; d=1e100.net; s=20230601; t=1745036475; x=1745641275; h=cc:to:from:subject:message-id:date:x-gm-message-state:from:to:cc :subject:date:message-id:reply-to; bh=rmKccEB8za3ixBOmV6z1v3i5JuPbIdlAtAV2xNttDtw=; b=M5y1s+ov+uQceCy7BJUffOqwBoG2AyvJYsmjE1RK7//B+ky25HWwqlxxMQQzB+nDTT DP2xS0zifKR//OV/uiEzcaWMu/IHTVhTe6+uT6TkGOUl3x+qRXGU10kimW075/zmcu30 th127aplqdB8BRoJTSUvu+tU6W5wRbK8QKC3+hlmG/CXQ5Za/zfKyal0ocrgDunsBruJ m6j+ao8/2MzCKGBjuCmlzLv2yO2UAuxJcozV1OHPSMG9Vjpd6R0MA0Q3a9MFEQGsJ+If MCANo60e4xDaNaQzKFpP3zgss+rYzISWlwcdQTO3s7ZjQGoMZW84NRejBfTmcKqpVNBs 0VYw== X-Gm-Message-State: AOJu0YwPZ96N8+zT31KAne6krcN2nfW7A+f/fLz4KN0AkFN7NFofgGnN ZVBXwklhh1bnRntzcdg4uOC+4TiCI+j0T/Eo4ixK7tT3IIMb61/vu8eJcYTFvU/NPGfIPUtffmm Op0d/ITOLdSjgwL4eG2zetKl3qyko+aYG X-Gm-Gg: ASbGncuoMYBsfVO5brjnM4eH76tfl+pP4GyWuva8PizXdUHb9wNOzePE1flMajqolDY v4o96Auqiu49HaO9hN7u5up+CS1fI4YOWPXLwIzmfZNYb+iQ4HrxtRY78LmLtBx5r1nC8fpFDjO 2E2U7V1xorx2MQL3obHLvtibo+Ndv/XAVMNOU50zCV9/I/k3fCrjJRtdLvExZg+jm+gAL+h5dLx akDGj60PeRvPDjln4qqQ+ZaRKvoalD4moim9m+5l2f9j5EzqOeRiiysojBqOJzizTGietkLCXlj mxoRFxDzTmGstn9lj2UPdUY/3EOd25GPe8MG X-Google-Smtp-Source: AGHT+IGL9ZRnWghr6L7gb0rqK+0/ZsryJuDLuKDKHBthw20/ziKJ1FC1EqJ9F73PrFojCBLtHSPv+wcZ6uca X-Received: by 2002:a05:690c:3812:b0:703:b8f4:5acc with SMTP id 00721157ae682-706ccd135b7mr66812307b3.19.1745036475500; Fri, 18 Apr 2025 21:21:15 -0700 (PDT) Received: from postal.iol.unh.edu (postal.iol.unh.edu. [132.177.123.84]) by smtp-relay.gmail.com with ESMTPS id 00721157ae682-706ca4c4887sm1004717b3.39.2025.04.18.21.21.15 (version=TLS1_2 cipher=ECDHE-ECDSA-AES128-GCM-SHA256 bits=128/128); Fri, 18 Apr 2025 21:21:15 -0700 (PDT) X-Relaying-Domain: iol.unh.edu Date: Fri, 18 Apr 2025 21:21:15 -0700 (PDT) Message-ID: <680324bb.050a0220.376fb4.5ac4SMTPIN_ADDED_MISSING@mx.google.com> Received: from [172.17.0.4] (unknown [172.18.0.217]) by postal.iol.unh.edu (Postfix) with ESMTP id 299216052471; Sat, 19 Apr 2025 00:21:15 -0400 (EDT) Subject: |FAILURE| [GIT MASTER] 03f2ed63a5f4e4b57365e358b49095ef4a82cf7d From: dpdklab@iol.unh.edu To: Test Report Cc: dpdk-test-reports@iol.unh.edu, Xueming Li , Christian Ehrhardt , Kevin Traynor , Luca Boccassi Content-Type: text/plain X-BeenThere: test-report@dpdk.org X-Mailman-Version: 2.1.29 Precedence: list List-Id: automatic DPDK test reports List-Unsubscribe: , List-Archive: List-Post: List-Help: List-Subscribe: , Errors-To: test-report-bounces@dpdk.org _Testing issues_ Branch: tags/v24.11 03f2ed63a5f4e4b57365e358b49095ef4a82cf7d --> testing issues Upstream job id: Aarch32-Unit-Test#5972 Test environment and result as below: +-----------------------------+----------------+------------------------------+--------------+---------------------------+ | Environment | dpdk_unit_test | cryptodev_sw_snow3g_autotest | lpm_autotest | cryptodev_sw_zuc_autotest | +=============================+================+==============================+==============+===========================+ | 32-bit Ubuntu 22.04.4 (ARM) | FAIL | SKIPPED | SKIPPED | SKIPPED | +-----------------------------+----------------+------------------------------+--------------+---------------------------+ | CentOS Stream 9 (ARM) | PEND | SKIPPED | SKIPPED | SKIPPED | +-----------------------------+----------------+------------------------------+--------------+---------------------------+ | Fedora 40 (ARM) | PEND | SKIPPED | SKIPPED | SKIPPED | +-----------------------------+----------------+------------------------------+--------------+---------------------------+ | CentOS Stream 10 (ARM) | PEND | SKIPPED | SKIPPED | SKIPPED | +-----------------------------+----------------+------------------------------+--------------+---------------------------+ | Debian 12 (arm) | PEND | PASS | SKIPPED | PASS | +-----------------------------+----------------+------------------------------+--------------+---------------------------+ | Fedora 41 (ARM Clang) | PEND | SKIPPED | SKIPPED | SKIPPED | +-----------------------------+----------------+------------------------------+--------------+---------------------------+ | Fedora 41 (ARM) | PEND | SKIPPED | SKIPPED | SKIPPED | +-----------------------------+----------------+------------------------------+--------------+---------------------------+ | Fedora 40 (ARM Clang) | PEND | SKIPPED | SKIPPED | SKIPPED | +-----------------------------+----------------+------------------------------+--------------+---------------------------+ | Ubuntu 20.04 (ARM) | PEND | SKIPPED | SKIPPED | SKIPPED | +-----------------------------+----------------+------------------------------+--------------+---------------------------+ | RHEL9 (ARM) | PEND | SKIPPED | SKIPPED | SKIPPED | +-----------------------------+----------------+------------------------------+--------------+---------------------------+ | Ubuntu 22.04 (ARM) | PEND | SKIPPED | SKIPPED | SKIPPED | +-----------------------------+----------------+------------------------------+--------------+---------------------------+ | Ubuntu 24.04 (ARM) | PEND | SKIPPED | SKIPPED | SKIPPED | +-----------------------------+----------------+------------------------------+--------------+---------------------------+ | Ubuntu 20.04 ARM SVE | SKIPPED | SKIPPED | PEND | SKIPPED | +-----------------------------+----------------+------------------------------+--------------+---------------------------+ ==== Unit test summary for 32-bit Ubuntu 22.04.4 (ARM) (dpdk_unit_test): ==== Failed to get the unit test results. Displaying the unit test results is not supported for some environments, such as our aarch32 testing, where meson is not used to run the tests. Download the logs available on our CI site. ==== End log output ==== 32-bit Ubuntu 22.04.4 (ARM) Kernel: 5.15.83+ aarch64 Compiler: gcc (Ubuntu 11.4.0-1ubuntu1~22.04) 11.4.0 CentOS Stream 9 (ARM) Kernel: Depends on container host Compiler: gcc 11.5.0 20240719 (Red Hat 11.5.0-2) Fedora 40 (ARM) Kernel: Depends on container host Compiler: gcc 14.2.1 20240912 (Red Hat 14.2.1-3) CentOS Stream 10 (ARM) Kernel: Depends on container host Compiler: gcc 14.2.1 20241104 (Red Hat 14.2.1-6) Debian 12 (arm) Kernel: Depends on container host Compiler: gcc (Debian 12.2.0-14) 12.2.0 Fedora 41 (ARM Clang) Kernel: Depends on container host Compiler: clang 19.1.5 (Fedora 19.1.5-1.fc41) Fedora 41 (ARM) Kernel: Depends on container host Compiler: gcc 14.2.1 20240912 (Red Hat 14.2.1-3) Fedora 40 (ARM Clang) Kernel: Depends on container host Compiler: clang 18.1.8 (Fedora 18.1.8-1.fc40) Ubuntu 20.04 (ARM) Kernel: Depends on container host Compiler: gcc (Ubuntu 9.4.0-1ubuntu1~20.04.2) 9.4.0 RHEL9 (ARM) Kernel: Depends on container host Compiler: gcc 11.5.0 20240719 (Red Hat 11.5.0-2) Ubuntu 22.04 (ARM) Kernel: Depends on container host Compiler: gcc (Ubuntu 11.4.0-1ubuntu1~22.04) 11.4.0 Ubuntu 24.04 (ARM) Kernel: Depends on container host Compiler: gcc (Ubuntu 13.3.0-6ubuntu2~24.04) 13.3.0 Ubuntu 20.04 ARM SVE Kernel: Depends on container host Compiler: gcc (Ubuntu 10.5.0-1ubuntu1~20.04) 10.5.0 To view detailed results, visit: https://lab.dpdk.org/results/dashboard/tarballs/33300/ UNH-IOL DPDK Community Lab To manage your email subscriptions, visit: https://lab.dpdk.org/results/dashboard/preferences/subscriptions/