From mboxrd@z Thu Jan  1 00:00:00 1970
Return-Path: <test-report-bounces@dpdk.org>
Received: from mails.dpdk.org (mails.dpdk.org [217.70.189.124])
	by inbox.dpdk.org (Postfix) with ESMTP id E4C24465CC
	for <public@inbox.dpdk.org>; Sat, 19 Apr 2025 08:13:31 +0200 (CEST)
Received: from mails.dpdk.org (localhost [127.0.0.1])
	by mails.dpdk.org (Postfix) with ESMTP id E72EA4027A;
	Sat, 19 Apr 2025 08:13:30 +0200 (CEST)
Received: from mail-qv1-f97.google.com (mail-qv1-f97.google.com
 [209.85.219.97]) by mails.dpdk.org (Postfix) with ESMTP id 5D275400D7
 for <test-report@dpdk.org>; Sat, 19 Apr 2025 08:13:29 +0200 (CEST)
Received: by mail-qv1-f97.google.com with SMTP id
 6a1803df08f44-6ecfa716ec1so22512216d6.2
 for <test-report@dpdk.org>; Fri, 18 Apr 2025 23:13:29 -0700 (PDT)
DKIM-Signature: v=1; a=rsa-sha256; c=relaxed/relaxed;
 d=iol.unh.edu; s=unh-iol; t=1745043208; x=1745648008; darn=dpdk.org;
 h=cc:to:from:subject:message-id:date:from:to:cc:subject:date
 :message-id:reply-to;
 bh=LC7ltb+0fmw1MkpoKLTI6PFpbDbiDDEAIW41pdV3TW8=;
 b=T4r+rUBirgsXsXuTU3XxAzRdkCc7UEwVEhalEoooj8gR0M/vQaz68gY16x/a5go/JJ
 CWK+TbWEFohMi1Hh1djvX5wJ9+kQNzITP/gPdPLmhdPwktsA2dUVHbQXaROSXGNzhyEl
 ssP8T54SAUFTkdqn2sIq/0PzW0HSsUaw5+0Og=
X-Google-DKIM-Signature: v=1; a=rsa-sha256; c=relaxed/relaxed;
 d=1e100.net; s=20230601; t=1745043208; x=1745648008;
 h=cc:to:from:subject:message-id:date:x-gm-message-state:from:to:cc
 :subject:date:message-id:reply-to;
 bh=LC7ltb+0fmw1MkpoKLTI6PFpbDbiDDEAIW41pdV3TW8=;
 b=JvggkHq/YLQoWlE/koc4WTunMo9JIrDnTQeCESDTAPRd7c6UESGMFj3kLJ+NsTHGwI
 UwgOHMDKjALMsaPk131JyREjGWh4kHG33U56UQA4qAFPODp1p7hk+aKvyWibXV54o04+
 Rb8cQ1lsfqDV+cfTObUrDmOr/pS+WvXq1Ij2xZXGcxZgsvA34PoM0CcpxXA5zAuCotGA
 qYSn4+9i6XHGP3cqzrdiA2qmHV8HM5yBQuhWmg6DIuzhm2kpDfvQfeAXhOeszTBqJUmd
 qA4zEFNX0Wd/8PCxV0NYOIn59X6jz5XIkwXYEEU19GvNoA7pIFmbiWMUY8uARZcYdwvP
 DMjA==
X-Gm-Message-State: AOJu0Yy566e6m9ofrHKdm6HJlizuGHtbN0o3jsqazqIF4jLAa5s4JSor
 /d0XoBipZ6TXkz2wtnk6A8YvQ3VICguAgFuhoNbn0rWkRlUvrsyovwVhZGGW4Dtc6KCQcPIQLSV
 aYfz/n+3ZvsI938+xXSrEkJhitkaYLD/+xzpI2tUq9M5b/ZO/
X-Gm-Gg: ASbGnctr75wkFSjw6rR5DeE4LNiyt4a7VsjNULdagruazdnw3o0p22iUtcSdBhk4+sO
 23vNNQyK7avMdGVB6Ucq7lPKrccT/uVKJXuc9luUSpfQeMN4YB2B0kkMye7QMO9REfdyp03HKhI
 dAU+MQnVTqGFUiATrmGEsRuoulBtHODsMBb4IHsixQoCv1VSxLnYZpfcrp+N4gqM5zHy915y8CO
 Iuvzok13wkpQoqib141SkkLQTDWIRWmud2tyrmmGNKGzr7HbyqMAyVu+q1JwuUa8gS3P2l13DzL
 +clh0cr1dyYTHLP+O4xm1qJ+DHtpLtp+kRCsPICOYZxyX0Je
X-Google-Smtp-Source: AGHT+IHSn3k9qoTvIzrGHKV4yT8e2rqz5oYTOGcGV/jZBJAnDQcA0DrrxZktcKeRe3MjO7oUJctidv6DPC8v
X-Received: by 2002:a05:6214:2483:b0:6e6:65a6:79a4 with SMTP id
 6a1803df08f44-6f2c468812dmr88589956d6.44.1745043208677; 
 Fri, 18 Apr 2025 23:13:28 -0700 (PDT)
Received: from postal.iol.unh.edu (postal.iol.unh.edu.
 [2606:4100:3880:1234::84]) by smtp-relay.gmail.com with ESMTPS id
 6a1803df08f44-6f2d25e8e8asm233726d6.47.2025.04.18.23.13.28
 (version=TLS1_2 cipher=ECDHE-ECDSA-AES128-GCM-SHA256 bits=128/128);
 Fri, 18 Apr 2025 23:13:28 -0700 (PDT)
X-Relaying-Domain: iol.unh.edu
Date: Fri, 18 Apr 2025 23:13:28 -0700 (PDT)
Message-ID: <68033f08.050a0220.67f8d.12cbSMTPIN_ADDED_MISSING@mx.google.com>
Received: from [172.21.0.5] (unknown [172.18.0.240])
 by postal.iol.unh.edu (Postfix) with ESMTP id 742616052471;
 Sat, 19 Apr 2025 02:13:25 -0400 (EDT)
Subject: |WARNING| [GIT MASTER] 4401486b5e30d43a134f80f9802f60b5f43e74a8
From: dpdklab@iol.unh.edu
To: Test Report <test-report@dpdk.org>
Cc: dpdk-test-reports@iol.unh.edu, Xueming Li <xuemingl@nvidia.com>,
 Christian Ehrhardt <christian.ehrhardt@canonical.com>,
 Kevin Traynor <ktraynor@redhat.com>, Luca Boccassi <bluca@debian.org>
Content-Type: text/plain
X-BeenThere: test-report@dpdk.org
X-Mailman-Version: 2.1.29
Precedence: list
List-Id: automatic DPDK test reports <test-report.dpdk.org>
List-Unsubscribe: <https://mails.dpdk.org/options/test-report>,
 <mailto:test-report-request@dpdk.org?subject=unsubscribe>
List-Archive: <http://mails.dpdk.org/archives/test-report/>
List-Post: <mailto:test-report@dpdk.org>
List-Help: <mailto:test-report-request@dpdk.org?subject=help>
List-Subscribe: <https://mails.dpdk.org/listinfo/test-report>,
 <mailto:test-report-request@dpdk.org?subject=subscribe>
Errors-To: test-report-bounces@dpdk.org

_Testing issues_

Branch: tags/v22.11

4401486b5e30d43a134f80f9802f60b5f43e74a8 --> testing issues

Upstream job id: Windows-Compile-DPDK-Native#27964

Test environment and result as below:

+---------------------+--------------------+-------------------------+
|     Environment     | dpdk_meson_compile | dpdk_llvm_clang_compile |
+=====================+====================+=========================+
| CentOS Stream 9     | PEND               | SKIPPED                 |
+---------------------+--------------------+-------------------------+
| CentOS Stream 10    | PEND               | SKIPPED                 |
+---------------------+--------------------+-------------------------+
| Fedora 40 (Clang)   | PEND               | SKIPPED                 |
+---------------------+--------------------+-------------------------+
| Debian 12           | PEND               | SKIPPED                 |
+---------------------+--------------------+-------------------------+
| Fedora 41 (Clang)   | PEND               | SKIPPED                 |
+---------------------+--------------------+-------------------------+
| RHEL8               | PEND               | SKIPPED                 |
+---------------------+--------------------+-------------------------+
| RHEL9               | PEND               | SKIPPED                 |
+---------------------+--------------------+-------------------------+
| Fedora 40           | PEND               | SKIPPED                 |
+---------------------+--------------------+-------------------------+
| Fedora 41           | PEND               | SKIPPED                 |
+---------------------+--------------------+-------------------------+
| openSUSE Leap 15    | PEND               | SKIPPED                 |
+---------------------+--------------------+-------------------------+
| Ubuntu 24.04        | PEND               | SKIPPED                 |
+---------------------+--------------------+-------------------------+
| Ubuntu 20.04        | PASS               | SKIPPED                 |
+---------------------+--------------------+-------------------------+
| Ubuntu 22.04        | PEND               | SKIPPED                 |
+---------------------+--------------------+-------------------------+
| FreeBSD 13.5        | PASS               | SKIPPED                 |
+---------------------+--------------------+-------------------------+
| FreeBSD 14.2        | PASS               | SKIPPED                 |
+---------------------+--------------------+-------------------------+
| Windows Server 2022 | SKIPPED            | FAIL                    |
+---------------------+--------------------+-------------------------+

==== 20 line log output for Windows Server 2022 (dpdk_llvm_clang_compile): ====
..\lib\eal\include/rte_common.h:850:32: note: expanded from macro 'RTE_FMT_TAIL'
#define RTE_FMT_TAIL(fmt, ...) __VA_ARGS__
^~~~~~~~~~~
..\lib\eal\include/rte_common.h:848:39: note: expanded from macro 'RTE_FMT'
#define RTE_FMT(fmt, ...) fmt "%.0s", __VA_ARGS__ ""
^~~~~~~~~~~
../drivers/crypto/mlx5/mlx5_crypto.c:463:18: note: forward declaration of 'struct mlx5_err_cqe'
volatile struct mlx5_err_cqe *cqe = (volatile struct mlx5_err_cqe *)
^
3 errors generated.
[627/788] Compiling C object drivers/libtmp_rte_net_vmxnet3.a.p/net_vmxnet3_vmxnet3_rxtx.c.obj
[628/788] Compiling C object drivers/libtmp_rte_crypto_mlx5.a.p/crypto_mlx5_mlx5_crypto_dek.c.obj
[629/788] Generating rte_net_octeon_ep.pmd.c with a custom command (wrapped by meson to set PATH)
[630/788] Compiling C object drivers/libtmp_rte_net_mlx5.a.p/net_mlx5_mlx5_tx_nompw.c.obj
[631/788] Compiling C object app/dpdk-testpmd.exe.p/test-pmd_cmdline_mtr.c.obj
[632/788] Compiling C object app/dpdk-testpmd.exe.p/test-pmd_config.c.obj
[633/788] Compiling C object drivers/libtmp_rte_net_mlx5.a.p/net_mlx5_mlx5_tx_empw.c.obj
[634/788] Compiling C object app/test/dpdk-test.exe.p/test_cryptodev.c.obj
[635/788] Compiling C object drivers/libtmp_rte_net_mlx5.a.p/net_mlx5_mlx5_tx_txpp.c.obj
ninja: build stopped: subcommand failed.
==== End log output ====

CentOS Stream 9
	Kernel: Depends on container host
	Compiler: gcc 11.5.0 20240719 (Red Hat 11.5.0-2)

CentOS Stream 10
	Kernel: Depends on container host
	Compiler: gcc 14.2.1 20241104 (Red Hat 14.2.1-6)

Fedora 40 (Clang)
	Kernel: Depends on container host
	Compiler: clang 18.1.8 (Fedora 18.1.8-1.fc40)

Debian 12
	Kernel: Depends on container host
	Compiler: gcc (Debian 12.2.0-14) 12.2.0

Fedora 41 (Clang)
	Kernel: Depends on container host
	Compiler: clang 19.1.5 (Fedora 19.1.5-1.fc41)

RHEL8
	Kernel: Depends on container host
	Compiler: gcc 8.5.0 20210514 (Red Hat 8.5.0-22)

RHEL9
	Kernel: Depends on container host
	Compiler: gcc 11.5.0 20240719 (Red Hat 11.5.0-2)

Fedora 40
	Kernel: Depends on container host
	Compiler: gcc 14.2.1 20240912 (Red Hat 14.2.1-3)

Fedora 41
	Kernel: Depends on container host
	Compiler: gcc 14.2.1 20240912 (Red Hat 14.2.1-3)

openSUSE Leap 15
	Kernel: Depends on container host
	Compiler: gcc (SUSE Linux) 7.5.0

Ubuntu 24.04
	Kernel: Depends on container host
	Compiler: gcc (Ubuntu 13.3.0-6ubuntu2~24.04) 13.3.0

Ubuntu 20.04
	Kernel: Depends on container host
	Compiler: gcc (Ubuntu 9.4.0-1ubuntu1~20.04.2) 9.4.0

Ubuntu 22.04
	Kernel: Depends on container host
	Compiler: gcc (Ubuntu 11.4.0-1ubuntu1~22.04) 11.4.0

FreeBSD 13.5
	Kernel: 13.5-RELEASE
	Compiler: clang 19.1.7

FreeBSD 14.2
	Kernel: 14.2-RELEASE
	Compiler: clang 18.1.6

Windows Server 2022
	Kernel: 10.0.20348.2031
	Compiler: clang 15.0.7, gcc 14.1.0 (MinGW), and MSVC VS 19.39.33521

To view detailed results, visit:
https://lab.dpdk.org/results/dashboard/tarballs/33302/

UNH-IOL DPDK Community Lab

To manage your email subscriptions, visit: 
https://lab.dpdk.org/results/dashboard/preferences/subscriptions/