From mboxrd@z Thu Jan 1 00:00:00 1970 Return-Path: Received: from mails.dpdk.org (mails.dpdk.org [217.70.189.124]) by inbox.dpdk.org (Postfix) with ESMTP id C62C1465CC for ; Sat, 19 Apr 2025 08:21:25 +0200 (CEST) Received: from mails.dpdk.org (localhost [127.0.0.1]) by mails.dpdk.org (Postfix) with ESMTP id C210140156; Sat, 19 Apr 2025 08:21:25 +0200 (CEST) Received: from mail-il1-f228.google.com (mail-il1-f228.google.com [209.85.166.228]) by mails.dpdk.org (Postfix) with ESMTP id 97B54400D7 for ; Sat, 19 Apr 2025 08:21:24 +0200 (CEST) Received: by mail-il1-f228.google.com with SMTP id e9e14a558f8ab-3d4436ba324so20077715ab.2 for ; Fri, 18 Apr 2025 23:21:24 -0700 (PDT) DKIM-Signature: v=1; a=rsa-sha256; c=relaxed/relaxed; d=iol.unh.edu; s=unh-iol; t=1745043684; x=1745648484; darn=dpdk.org; h=cc:to:from:subject:message-id:date:from:to:cc:subject:date :message-id:reply-to; bh=/Xa+tKLTOd7jilSXqxHUpXg4hcUDYbszRF8+Pbn/tMU=; b=W9x5goD4A5P1uzLbvv6YS9hmP856dX+NZY1DE5BW+aNWvtb7RMj7zCwp+OA6YUWiiS YnUM9R96BCosmmUVVrPg/hX6brcJjHIStJVBmb9A0BmKsljcklqmKXsywBzZiUIdUFWs /C42l15OPUTGbBLz7DeS3GVJRhLmy4dOmOQ1k= X-Google-DKIM-Signature: v=1; a=rsa-sha256; c=relaxed/relaxed; d=1e100.net; s=20230601; t=1745043684; x=1745648484; h=cc:to:from:subject:message-id:date:x-gm-message-state:from:to:cc :subject:date:message-id:reply-to; bh=/Xa+tKLTOd7jilSXqxHUpXg4hcUDYbszRF8+Pbn/tMU=; b=vmgaJJtYn2pd7dpKqPR0jCW+zTFlQM/cTmqP1B5lwMJC2gLtWTwd0tYfbhwfaRc49O toRG2PgnVflWoolwWs4ZjBbYDyqI098aznGPikPCcea95+QXQCnB3TVFq1czbMkXAKS+ HHAuDVZda0EySWgG0UG6aB53wwcL5CbH0c69sQd1hv2+/h1ji7evr5dSjtGQHrxHDyTv Zzp6YyX/zFckDt1GesoKuGKFt0Hiw+jgZpvY80Vby+PWYcaXMvKFtO/S9ude/pLiPtAO JK1tRLsSmSUfPEbmFob/Yuv+pjGrHB0zjx6K3+AzKZGlkrYOlT6gHNpUEiW/5hiFiLj8 H7iQ== X-Gm-Message-State: AOJu0Yzn/mGmgKqKJkzeTop3VNbRlWFm7D+XLGtECv4RQVqmWk9ut9qT UhhmQZPwYbE9qg8PLCNEKgqEO9r5H9T9FfNaXU6URJEGSXN5lae7qTUa2270MO5vvSix18pUICw 36NT92GRGn/IkMFc3hRRmlZqk4e2mvqu22fVWTSmSC5IBAJAE X-Gm-Gg: ASbGnct1nGBwD3macCYshu5vZOQ8MnGQV1QCfJBbDpluS2NZOD5UCT9WlrLJ/FRGWRV XvMaOY62CGR/WnxOHNu0bqb/5UtXxYSA2VSQ4oGJwhcearE1coYY+sFIrNgKsldA/bmRL5K+lGL YqSDJI6agRtJXc84xm3iV2XDRPXGYpC3yZbEKdZ6wuSlMzgu9fDB9yl3dlXa/3aJmMUHhDOuOeD hABZk/MfrPv+cDBfuk+Pu5clrnrgh/EG0gDovNDEuozpA369d6WcUuM6NgJvK4qYWb6kBeQy1o5 La6US3FwZ02Zqy4MwgOLUniV5Ggcehpda8Aa4S8UvWxq+ckh X-Google-Smtp-Source: AGHT+IH9JASEtr7PjT3OBwm7Mi7CBxXpQ5ljGthjxLIllvop0bs491qiJJ//NOfNVkQE4OY673g3d+16emHN X-Received: by 2002:a05:6e02:3083:b0:3d3:f4fc:a291 with SMTP id e9e14a558f8ab-3d89428c213mr62964185ab.19.1745043683724; Fri, 18 Apr 2025 23:21:23 -0700 (PDT) Received: from postal.iol.unh.edu (postal.iol.unh.edu. [2606:4100:3880:1234::84]) by smtp-relay.gmail.com with ESMTPS id e9e14a558f8ab-3d821d4dd16sm1749655ab.26.2025.04.18.23.21.23 (version=TLS1_2 cipher=ECDHE-ECDSA-AES128-GCM-SHA256 bits=128/128); Fri, 18 Apr 2025 23:21:23 -0700 (PDT) X-Relaying-Domain: iol.unh.edu Date: Fri, 18 Apr 2025 23:21:23 -0700 (PDT) Message-ID: <680340e3.050a0220.36a6c1.9d8cSMTPIN_ADDED_MISSING@mx.google.com> Received: from [172.21.0.5] (unknown [172.18.0.240]) by postal.iol.unh.edu (Postfix) with ESMTP id 797136052471; Sat, 19 Apr 2025 02:21:20 -0400 (EDT) Subject: |FAILURE| [GIT MASTER] c66daa12e76d7b4912cfb7109a761856a7a873ab From: dpdklab@iol.unh.edu To: Test Report Cc: dpdk-test-reports@iol.unh.edu, Xueming Li , Christian Ehrhardt , Kevin Traynor , Luca Boccassi Content-Type: text/plain X-BeenThere: test-report@dpdk.org X-Mailman-Version: 2.1.29 Precedence: list List-Id: automatic DPDK test reports List-Unsubscribe: , List-Archive: List-Post: List-Help: List-Subscribe: , Errors-To: test-report-bounces@dpdk.org _Testing issues_ Branch: tags/v23.11 c66daa12e76d7b4912cfb7109a761856a7a873ab --> testing issues Upstream job id: Generic-Unit-Test-DPDK#332148 Test environment and result as below: +-----------------------------+----------------+--------------+------------------------------+---------------------------+ | Environment | dpdk_unit_test | lpm_autotest | cryptodev_sw_snow3g_autotest | cryptodev_sw_zuc_autotest | +=============================+================+==============+==============================+===========================+ | 32-bit Ubuntu 22.04.4 (ARM) | FAIL | SKIPPED | SKIPPED | SKIPPED | +-----------------------------+----------------+--------------+------------------------------+---------------------------+ | Fedora 40 (ARM Clang) | PASS | SKIPPED | SKIPPED | SKIPPED | +-----------------------------+----------------+--------------+------------------------------+---------------------------+ | Fedora 40 (ARM) | PASS | SKIPPED | SKIPPED | SKIPPED | +-----------------------------+----------------+--------------+------------------------------+---------------------------+ | CentOS Stream 9 (ARM) | PASS | SKIPPED | SKIPPED | SKIPPED | +-----------------------------+----------------+--------------+------------------------------+---------------------------+ | Debian 12 (arm) | PASS | SKIPPED | PASS | PASS | +-----------------------------+----------------+--------------+------------------------------+---------------------------+ | Ubuntu 20.04 (ARM) | PASS | SKIPPED | SKIPPED | SKIPPED | +-----------------------------+----------------+--------------+------------------------------+---------------------------+ | Fedora 41 (ARM) | PASS | SKIPPED | SKIPPED | SKIPPED | +-----------------------------+----------------+--------------+------------------------------+---------------------------+ | Ubuntu 22.04 (ARM) | PASS | SKIPPED | SKIPPED | SKIPPED | +-----------------------------+----------------+--------------+------------------------------+---------------------------+ | RHEL9 (ARM) | PASS | SKIPPED | SKIPPED | SKIPPED | +-----------------------------+----------------+--------------+------------------------------+---------------------------+ | CentOS Stream 10 (ARM) | PASS | SKIPPED | SKIPPED | SKIPPED | +-----------------------------+----------------+--------------+------------------------------+---------------------------+ | Fedora 41 (ARM Clang) | PASS | SKIPPED | SKIPPED | SKIPPED | +-----------------------------+----------------+--------------+------------------------------+---------------------------+ | Ubuntu 24.04 (ARM) | PASS | SKIPPED | SKIPPED | SKIPPED | +-----------------------------+----------------+--------------+------------------------------+---------------------------+ | Ubuntu 20.04 ARM SVE | SKIPPED | PASS | SKIPPED | SKIPPED | +-----------------------------+----------------+--------------+------------------------------+---------------------------+ ==== Unit test summary for 32-bit Ubuntu 22.04.4 (ARM) (dpdk_unit_test): ==== Failed to get the unit test results. Displaying the unit test results is not supported for some environments, such as our aarch32 testing, where meson is not used to run the tests. Download the logs available on our CI site. ==== End log output ==== 32-bit Ubuntu 22.04.4 (ARM) Kernel: 5.15.83+ aarch64 Compiler: gcc (Ubuntu 11.4.0-1ubuntu1~22.04) 11.4.0 Fedora 40 (ARM Clang) Kernel: Depends on container host Compiler: clang 18.1.8 (Fedora 18.1.8-1.fc40) Fedora 40 (ARM) Kernel: Depends on container host Compiler: gcc 14.2.1 20240912 (Red Hat 14.2.1-3) CentOS Stream 9 (ARM) Kernel: Depends on container host Compiler: gcc 11.5.0 20240719 (Red Hat 11.5.0-2) Debian 12 (arm) Kernel: Depends on container host Compiler: gcc (Debian 12.2.0-14) 12.2.0 Ubuntu 20.04 (ARM) Kernel: Depends on container host Compiler: gcc (Ubuntu 9.4.0-1ubuntu1~20.04.2) 9.4.0 Fedora 41 (ARM) Kernel: Depends on container host Compiler: gcc 14.2.1 20240912 (Red Hat 14.2.1-3) Ubuntu 22.04 (ARM) Kernel: Depends on container host Compiler: gcc (Ubuntu 11.4.0-1ubuntu1~22.04) 11.4.0 RHEL9 (ARM) Kernel: Depends on container host Compiler: gcc 11.5.0 20240719 (Red Hat 11.5.0-2) CentOS Stream 10 (ARM) Kernel: Depends on container host Compiler: gcc 14.2.1 20241104 (Red Hat 14.2.1-6) Fedora 41 (ARM Clang) Kernel: Depends on container host Compiler: clang 19.1.5 (Fedora 19.1.5-1.fc41) Ubuntu 24.04 (ARM) Kernel: Depends on container host Compiler: gcc (Ubuntu 13.3.0-6ubuntu2~24.04) 13.3.0 Ubuntu 20.04 ARM SVE Kernel: Depends on container host Compiler: gcc (Ubuntu 10.5.0-1ubuntu1~20.04) 10.5.0 To view detailed results, visit: https://lab.dpdk.org/results/dashboard/tarballs/33301/ UNH-IOL DPDK Community Lab To manage your email subscriptions, visit: https://lab.dpdk.org/results/dashboard/preferences/subscriptions/