From mboxrd@z Thu Jan 1 00:00:00 1970 Return-Path: Received: from mails.dpdk.org (mails.dpdk.org [217.70.189.124]) by inbox.dpdk.org (Postfix) with ESMTP id 9DF11465CC for ; Sat, 19 Apr 2025 09:39:47 +0200 (CEST) Received: from mails.dpdk.org (localhost [127.0.0.1]) by mails.dpdk.org (Postfix) with ESMTP id 97F4D40156; Sat, 19 Apr 2025 09:39:47 +0200 (CEST) Received: from mail-yw1-f226.google.com (mail-yw1-f226.google.com [209.85.128.226]) by mails.dpdk.org (Postfix) with ESMTP id C4809400D7 for ; Sat, 19 Apr 2025 09:39:46 +0200 (CEST) Received: by mail-yw1-f226.google.com with SMTP id 00721157ae682-706cb438584so13320437b3.0 for ; Sat, 19 Apr 2025 00:39:46 -0700 (PDT) DKIM-Signature: v=1; a=rsa-sha256; c=relaxed/relaxed; d=iol.unh.edu; s=unh-iol; t=1745048386; x=1745653186; darn=dpdk.org; h=cc:to:from:subject:message-id:date:from:to:cc:subject:date :message-id:reply-to; bh=2COZ0q/D8tRzJ6cNwL7q5/Jj2r7gMb/yZOl2mH/nAVc=; b=aGvIGnw0jYq9lEMLzDOQ7L6GqypF9oubcB6Ex23rPGJ1i9cq8GjLjkOkH52x8o3QrI 0dhf8LpHnam8pBp3XmUs9a//6pwnQLbJMt2yvfJ4EaW7Hx2c4KtonLYEwonw2aZS3BgS erC/4jQD6jZlDwYTLwtnQFL6GJ5GPXnB0gGOw= X-Google-DKIM-Signature: v=1; a=rsa-sha256; c=relaxed/relaxed; d=1e100.net; s=20230601; t=1745048386; x=1745653186; h=cc:to:from:subject:message-id:date:x-gm-message-state:from:to:cc :subject:date:message-id:reply-to; bh=2COZ0q/D8tRzJ6cNwL7q5/Jj2r7gMb/yZOl2mH/nAVc=; b=eRZ7vSdcdFVfc66+f9yKaTHwOWHshsSL7eH0g6AUjaLGlT4dcVMbuEB0a8xn1tLhj4 HRmzT4U24gZsVoqM79Vi4OFZwdPjHVUmObUoqvvtKWAm5Bpwd5q/tShLAnyMIeDvkZw9 LvBMseec6MTPbTiX5vTl9x7IC7U9yhTg7ym2WB1s7xKO7lAjAyi6pr+k0DX8VZV0pzvo WgN5IeFl6UwERM7HFDew1pBT4WD+1x8zzTnh0a5sdllw0jOnd+0ApoBOP3E5YeOXqDTM 2apO7heBYy4fuEEk/tZ9nwIKxZPAdjhl3oaY3sG/YkwPvlrau9RRFV+Ise4zdLSBBric SK9Q== X-Gm-Message-State: AOJu0YxnvMA00NPOeGKxA5oJdcsk67ykXTA4Bh7x+NRbr/jjCSJtWLK5 daH+esGOVhsqbMH4mB1x1+2w6yVeIG0UdFSdAoL0KI5w8A0hWAfKgnqUDXtnJh9R8M6kjCowYN6 bhv2eIkcaAbMR4mIiylGU0Ng/mzjQCS26i2bqejcz8Wqw6a9r X-Gm-Gg: ASbGncuRoEmwfcbuW4U64JCgdy0OhRHgmuIZud6rcqTMymO+WeqOTfiU5ZeS3pi/yQ/ pNuWpNAWzjaPXs/rTXBNngxGzaVy6ApaYfQh7PAil4DdUgMhJiCC9Nf5dPqIr4J5ye75gVg2yWZ fZ2JE3QyAk0xq2zsUzdkK76l9V15zXsGHCjOfeekhLxbx6WFDOT4MtOA2RgQC67E1brEOq0Ucp+ fdh/z6epW20jeDNgXR27m4bOdRnlEN7IxiPREo+b2NitbCGdJYoZ644hIpBdgzjZtxzlLCuQriE epxEMaHYZ8CFVo6pKHw1TSflqeGRuAyUNlhZEgKrKYg8e7dE X-Google-Smtp-Source: AGHT+IH5iVAuHG/5eqD5ccvOrEbTt7NjIYZzIKaACTZ9RFjyrpQ7wbx9aRX80Z0KuZL0RjSZzIFzM5kB8m1g X-Received: by 2002:a05:690c:6c8b:b0:702:591a:6958 with SMTP id 00721157ae682-706ccd1c93bmr69011587b3.22.1745048386133; Sat, 19 Apr 2025 00:39:46 -0700 (PDT) Received: from postal.iol.unh.edu (postal.iol.unh.edu. [2606:4100:3880:1234::84]) by smtp-relay.gmail.com with ESMTPS id 00721157ae682-706ca5badd8sm1996037b3.53.2025.04.19.00.39.46 (version=TLS1_2 cipher=ECDHE-ECDSA-AES128-GCM-SHA256 bits=128/128); Sat, 19 Apr 2025 00:39:46 -0700 (PDT) X-Relaying-Domain: iol.unh.edu Date: Sat, 19 Apr 2025 00:39:46 -0700 (PDT) Message-ID: <68035342.810a0220.1678cd.d54dSMTPIN_ADDED_MISSING@mx.google.com> Received: from [172.21.0.5] (unknown [172.18.0.240]) by postal.iol.unh.edu (Postfix) with ESMTP id C8B6D6052471; Sat, 19 Apr 2025 03:39:45 -0400 (EDT) Subject: |FAILURE| [GIT MASTER] 4401486b5e30d43a134f80f9802f60b5f43e74a8 From: dpdklab@iol.unh.edu To: Test Report Cc: dpdk-test-reports@iol.unh.edu, Xueming Li , Christian Ehrhardt , Kevin Traynor , Luca Boccassi Content-Type: text/plain X-BeenThere: test-report@dpdk.org X-Mailman-Version: 2.1.29 Precedence: list List-Id: automatic DPDK test reports List-Unsubscribe: , List-Archive: List-Post: List-Help: List-Subscribe: , Errors-To: test-report-bounces@dpdk.org _Testing issues_ Branch: tags/v22.11 4401486b5e30d43a134f80f9802f60b5f43e74a8 --> testing issues Upstream job id: Generic-Unit-Test-DPDK#332172 Test environment and result as below: +---------------------+----------------+ | Environment | dpdk_unit_test | +=====================+================+ | Fedora 40 (Clang) | FAIL | +---------------------+----------------+ | Debian 12 | FAIL | +---------------------+----------------+ | CentOS Stream 9 | FAIL | +---------------------+----------------+ | Fedora 41 (Clang) | FAIL | +---------------------+----------------+ | Fedora 40 | FAIL | +---------------------+----------------+ | Fedora 41 | FAIL | +---------------------+----------------+ | CentOS Stream 10 | FAIL | +---------------------+----------------+ | RHEL8 | FAIL | +---------------------+----------------+ | Ubuntu 24.04 | FAIL | +---------------------+----------------+ | RHEL9 | FAIL | +---------------------+----------------+ | Ubuntu 20.04 | PASS | +---------------------+----------------+ | Ubuntu 22.04 | FAIL | +---------------------+----------------+ | Windows Server 2022 | FAIL | +---------------------+----------------+ ==== Unit test summary for Windows Server 2022 (dpdk_unit_test): ==== Failed to get the unit test results. Displaying the unit test results is not supported for some environments, such as our aarch32 testing, where meson is not used to run the tests. Download the logs available on our CI site. ==== End log output ==== Fedora 40 (Clang) Kernel: Depends on container host Compiler: clang 18.1.8 (Fedora 18.1.8-1.fc40) Debian 12 Kernel: Depends on container host Compiler: gcc (Debian 12.2.0-14) 12.2.0 CentOS Stream 9 Kernel: Depends on container host Compiler: gcc 11.5.0 20240719 (Red Hat 11.5.0-2) Fedora 41 (Clang) Kernel: Depends on container host Compiler: clang 19.1.5 (Fedora 19.1.5-1.fc41) Fedora 40 Kernel: Depends on container host Compiler: gcc 14.2.1 20240912 (Red Hat 14.2.1-3) Fedora 41 Kernel: Depends on container host Compiler: gcc 14.2.1 20240912 (Red Hat 14.2.1-3) CentOS Stream 10 Kernel: Depends on container host Compiler: gcc 14.2.1 20241104 (Red Hat 14.2.1-6) RHEL8 Kernel: Depends on container host Compiler: gcc 8.5.0 20210514 (Red Hat 8.5.0-22) Ubuntu 24.04 Kernel: Depends on container host Compiler: gcc (Ubuntu 13.3.0-6ubuntu2~24.04) 13.3.0 RHEL9 Kernel: Depends on container host Compiler: gcc 11.5.0 20240719 (Red Hat 11.5.0-2) Ubuntu 20.04 Kernel: Depends on container host Compiler: gcc (Ubuntu 9.4.0-1ubuntu1~20.04.2) 9.4.0 Ubuntu 22.04 Kernel: Depends on container host Compiler: gcc (Ubuntu 11.4.0-1ubuntu1~22.04) 11.4.0 Windows Server 2022 Kernel: 10.0.20348.2031 Compiler: clang 15.0.7, gcc 14.1.0 (MinGW), and MSVC VS 19.39.33521 To view detailed results, visit: https://lab.dpdk.org/results/dashboard/tarballs/33302/ UNH-IOL DPDK Community Lab To manage your email subscriptions, visit: https://lab.dpdk.org/results/dashboard/preferences/subscriptions/