From mboxrd@z Thu Jan  1 00:00:00 1970
Return-Path: <test-report-bounces@dpdk.org>
Received: from mails.dpdk.org (mails.dpdk.org [217.70.189.124])
	by inbox.dpdk.org (Postfix) with ESMTP id 704A2465DE
	for <public@inbox.dpdk.org>; Sun, 20 Apr 2025 09:26:30 +0200 (CEST)
Received: from mails.dpdk.org (localhost [127.0.0.1])
	by mails.dpdk.org (Postfix) with ESMTP id 4DB8B40156;
	Sun, 20 Apr 2025 09:26:30 +0200 (CEST)
Received: from mail-il1-f227.google.com (mail-il1-f227.google.com
 [209.85.166.227])
 by mails.dpdk.org (Postfix) with ESMTP id 2247E40151
 for <test-report@dpdk.org>; Sun, 20 Apr 2025 09:26:29 +0200 (CEST)
Received: by mail-il1-f227.google.com with SMTP id
 e9e14a558f8ab-3d80bbf3aefso7420035ab.1
 for <test-report@dpdk.org>; Sun, 20 Apr 2025 00:26:29 -0700 (PDT)
DKIM-Signature: v=1; a=rsa-sha256; c=relaxed/relaxed;
 d=iol.unh.edu; s=unh-iol; t=1745133988; x=1745738788; darn=dpdk.org;
 h=cc:to:from:subject:message-id:date:from:to:cc:subject:date
 :message-id:reply-to;
 bh=ytqPpfifR9FAp30VTpA4VPDp0R9F4svZxr/04iXNNFo=;
 b=J6x8kCPnbfIhC6IVqYuTknM6vAPdBXx/YFeSEni2BLO9Pm37DMBeM0ikJKgWUU8yWK
 dHHVA7latsjj/2yjcngU7syLUBXX2NeyVFKez/Uw6zD4O+FHLoFTS7do69590gPuQoXw
 eDjaMAL18jzjJQiEBk6pKsrL/+X7OIiiJUkgI=
X-Google-DKIM-Signature: v=1; a=rsa-sha256; c=relaxed/relaxed;
 d=1e100.net; s=20230601; t=1745133988; x=1745738788;
 h=cc:to:from:subject:message-id:date:x-gm-message-state:from:to:cc
 :subject:date:message-id:reply-to;
 bh=ytqPpfifR9FAp30VTpA4VPDp0R9F4svZxr/04iXNNFo=;
 b=jwgPYI1X0Fn/ovhHXd8PhLzsjuG6p6ZtxNgHrjWqDZ7X+AoEVIOEqfrOVRUnisZlhQ
 fbS9aXe4YlMG/HwQpJL4WUq+tdUqQY1hQL4AMAqFO6WPxXZjqFMizV4kuAZKAQO9hiI3
 p4fPNlFCtZwRmiexnLfDeZNCNK/ZfllYsDrU2UnGhrllco7/6i84bPxiZNmkrHAEq13z
 u4x91KMmzd8KeGfIaWSQnsaBo3D2ls6GSea/ehNt2IuObZJMZgaTYmjf1tLobmhSvrWW
 CMdx/TpSq9/eykQ3HRCUOkrCA+y0pb7s9JcBVq6YMIaILkP9jEhoETFpRoK67F5gJjHI
 pE5Q==
X-Gm-Message-State: AOJu0YxdZEh6Ej9Abyk501QfvYlIfuL7+Errkgnwtw9nvFk7D4dpBaXZ
 6ujMTa1wrRiKooKzfmxPP4ELOncNIdAeQW9eUuOKqYLvyPStggB0BPS02onb4s/9ElbLQy9OPGK
 nn2X1CfRCptY6KEH+0Yb+/gX2C12W3QuFTcPMNhJYqMcotfB6
X-Gm-Gg: ASbGncvH0wEBFTZh/eHCwPZnD8uq/dZhtoLmTh0z9YdbelwgSzCyplccmti/VNPekUl
 4cFNgVs8o61oSGHPuvNQDjQ3xfsPp6vZ/CyYXRmZw9ySrRW1PTW6npCOXuNc61F9lH9k9FOe6bQ
 HBuGB1K7Kr387eMNrxtU1b/NsNsejIMJtvHBDhL5giTwdqttr84G7cBBGkr/+NCTvG7/FuT7x93
 spuNJRMlWbNk//mqqS+wIV67RU+pvZfx7B1ngIH+Yytv3dpvBiczzf/TF/LTMfrZecZEEggkSqY
 Hn0hhBSpIHrhEH9cS5mIsYYEhc1ev2w9UnsHZvaqv8a+D8Jl
X-Google-Smtp-Source: AGHT+IEzRQ+MgJ7nz814Kkf9pDa2EH4ML7H3Aup6Tv4hFb/Xb3xq0jSPXb9MXb6VTxzwP0sy72IZByrpNX1d
X-Received: by 2002:a05:6e02:12c3:b0:3d3:fdb8:1792 with SMTP id
 e9e14a558f8ab-3d894180443mr78671995ab.14.1745133988402; 
 Sun, 20 Apr 2025 00:26:28 -0700 (PDT)
Received: from postal.iol.unh.edu (postal.iol.unh.edu.
 [2606:4100:3880:1234::84]) by smtp-relay.gmail.com with ESMTPS id
 e9e14a558f8ab-3d821d5d397sm2681645ab.29.2025.04.20.00.26.28
 (version=TLS1_2 cipher=ECDHE-ECDSA-AES128-GCM-SHA256 bits=128/128);
 Sun, 20 Apr 2025 00:26:28 -0700 (PDT)
X-Relaying-Domain: iol.unh.edu
Date: Sun, 20 Apr 2025 00:26:28 -0700 (PDT)
Message-ID: <6804a1a4.920a0220.3713a1.f70aSMTPIN_ADDED_MISSING@mx.google.com>
Received: from [172.17.0.3] (unknown [172.18.0.217])
 by postal.iol.unh.edu (Postfix) with ESMTP id 33ECA6052471;
 Sun, 20 Apr 2025 03:26:25 -0400 (EDT)
Subject: |FAILURE| [GIT MASTER] 4401486b5e30d43a134f80f9802f60b5f43e74a8
From: dpdklab@iol.unh.edu
To: Test Report <test-report@dpdk.org>
Cc: dpdk-test-reports@iol.unh.edu, Xueming Li <xuemingl@nvidia.com>,
 Christian Ehrhardt <christian.ehrhardt@canonical.com>,
 Kevin Traynor <ktraynor@redhat.com>, Luca Boccassi <bluca@debian.org>
Content-Type: text/plain
X-BeenThere: test-report@dpdk.org
X-Mailman-Version: 2.1.29
Precedence: list
List-Id: automatic DPDK test reports <test-report.dpdk.org>
List-Unsubscribe: <https://mails.dpdk.org/options/test-report>,
 <mailto:test-report-request@dpdk.org?subject=unsubscribe>
List-Archive: <http://mails.dpdk.org/archives/test-report/>
List-Post: <mailto:test-report@dpdk.org>
List-Help: <mailto:test-report-request@dpdk.org?subject=help>
List-Subscribe: <https://mails.dpdk.org/listinfo/test-report>,
 <mailto:test-report-request@dpdk.org?subject=subscribe>
Errors-To: test-report-bounces@dpdk.org

_Testing issues_

Branch: tags/v22.11

4401486b5e30d43a134f80f9802f60b5f43e74a8 --> testing issues

Upstream job id: Generic-VM-Unit-Test-DPDK#28082

Test environment and result as below:

+---------------------+----------------+
|     Environment     | dpdk_unit_test |
+=====================+================+
| Fedora 41 (Clang)   | FAIL           |
+---------------------+----------------+
| CentOS Stream 9     | FAIL           |
+---------------------+----------------+
| CentOS Stream 10    | PEND           |
+---------------------+----------------+
| Fedora 41           | FAIL           |
+---------------------+----------------+
| Debian 12           | FAIL           |
+---------------------+----------------+
| Fedora 40           | FAIL           |
+---------------------+----------------+
| Fedora 40 (Clang)   | FAIL           |
+---------------------+----------------+
| RHEL8               | FAIL           |
+---------------------+----------------+
| Ubuntu 20.04        | PASS           |
+---------------------+----------------+
| Ubuntu 24.04        | FAIL           |
+---------------------+----------------+
| RHEL9               | FAIL           |
+---------------------+----------------+
| Ubuntu 22.04        | PEND           |
+---------------------+----------------+
| Windows Server 2022 | FAIL           |
+---------------------+----------------+

==== Unit test summary for Windows Server 2022 (dpdk_unit_test): ====
Failed to get the unit test results.
Displaying the unit test results is not supported for some environments,
such as our aarch32 testing, where meson is not used to run the tests.
Download the logs available on our CI site.
==== End log output ====

Fedora 41 (Clang)
	Kernel: Depends on container host
	Compiler: clang 19.1.5 (Fedora 19.1.5-1.fc41)

CentOS Stream 9
	Kernel: Depends on container host
	Compiler: gcc 11.5.0 20240719 (Red Hat 11.5.0-2)

CentOS Stream 10
	Kernel: Depends on container host
	Compiler: gcc 14.2.1 20241104 (Red Hat 14.2.1-6)

Fedora 41
	Kernel: Depends on container host
	Compiler: gcc 14.2.1 20240912 (Red Hat 14.2.1-3)

Debian 12
	Kernel: Depends on container host
	Compiler: gcc (Debian 12.2.0-14) 12.2.0

Fedora 40
	Kernel: Depends on container host
	Compiler: gcc 14.2.1 20240912 (Red Hat 14.2.1-3)

Fedora 40 (Clang)
	Kernel: Depends on container host
	Compiler: clang 18.1.8 (Fedora 18.1.8-1.fc40)

RHEL8
	Kernel: Depends on container host
	Compiler: gcc 8.5.0 20210514 (Red Hat 8.5.0-22)

Ubuntu 20.04
	Kernel: Depends on container host
	Compiler: gcc (Ubuntu 9.4.0-1ubuntu1~20.04.2) 9.4.0

Ubuntu 24.04
	Kernel: Depends on container host
	Compiler: gcc (Ubuntu 13.3.0-6ubuntu2~24.04) 13.3.0

RHEL9
	Kernel: Depends on container host
	Compiler: gcc 11.5.0 20240719 (Red Hat 11.5.0-2)

Ubuntu 22.04
	Kernel: Depends on container host
	Compiler: gcc (Ubuntu 11.4.0-1ubuntu1~22.04) 11.4.0

Windows Server 2022
	Kernel: 10.0.20348.2031
	Compiler: clang 15.0.7, gcc 14.1.0 (MinGW), and MSVC VS 19.39.33521

To view detailed results, visit:
https://lab.dpdk.org/results/dashboard/tarballs/33308/

UNH-IOL DPDK Community Lab

To manage your email subscriptions, visit: 
https://lab.dpdk.org/results/dashboard/preferences/subscriptions/