From mboxrd@z Thu Jan  1 00:00:00 1970
Return-Path: <test-report-bounces@dpdk.org>
Received: from mails.dpdk.org (mails.dpdk.org [217.70.189.124])
	by inbox.dpdk.org (Postfix) with ESMTP id AC04A465F8
	for <public@inbox.dpdk.org>; Tue, 22 Apr 2025 08:23:00 +0200 (CEST)
Received: from mails.dpdk.org (localhost [127.0.0.1])
	by mails.dpdk.org (Postfix) with ESMTP id A7B61402A9;
	Tue, 22 Apr 2025 08:23:00 +0200 (CEST)
Received: from mail-qv1-f100.google.com (mail-qv1-f100.google.com
 [209.85.219.100])
 by mails.dpdk.org (Postfix) with ESMTP id B2FE040299
 for <test-report@dpdk.org>; Tue, 22 Apr 2025 08:22:59 +0200 (CEST)
Received: by mail-qv1-f100.google.com with SMTP id
 6a1803df08f44-6f0c30a1cb6so34580646d6.2
 for <test-report@dpdk.org>; Mon, 21 Apr 2025 23:22:59 -0700 (PDT)
DKIM-Signature: v=1; a=rsa-sha256; c=relaxed/relaxed;
 d=iol.unh.edu; s=unh-iol; t=1745302979; x=1745907779; darn=dpdk.org;
 h=cc:to:from:subject:message-id:date:from:to:cc:subject:date
 :message-id:reply-to;
 bh=WzPX/OT0Gp9Ins/JxTF/Bt+z39rePHu1xWPxJnZjzPs=;
 b=h016lGScwu/y5eeWYlLnQEg2oOgNPUSi5fdEQUq+sa51h8XhmveQupnssswig4i/2w
 TfZrrJ6fZ3vJl0GW5RojqmD7ssvfc2kObVoPjpKbxTqAD/NBaSIRvyibplBirYC59NPQ
 hQVNXWXQcO2Hi/GkCJ4gv5Z/YDlXYLtB6IEIY=
X-Google-DKIM-Signature: v=1; a=rsa-sha256; c=relaxed/relaxed;
 d=1e100.net; s=20230601; t=1745302979; x=1745907779;
 h=cc:to:from:subject:message-id:date:x-gm-message-state:from:to:cc
 :subject:date:message-id:reply-to;
 bh=WzPX/OT0Gp9Ins/JxTF/Bt+z39rePHu1xWPxJnZjzPs=;
 b=fRqqwugvzQGpLoywkJlUCiT2AfWtsi/kNFXxya4czd/zuuwgz2ci8jqGE1QdyiA8zC
 o5NCX27YlCU4li9/l1ChgAe+GE+JLKQ5lERilaBJijM7QAk6kKJadAIACQ76h1C/tKzQ
 xBaOF3Bw4ImroGHAS/TsnnZI8ENoxVqCAGNgdATPPn796gPJwsCo9mra9emxMj5vB+4M
 06au/8Xm5bSIzQhEnl+aSKoL7/xn6rYTFTWOhTUwzKfoh6vPaT5MH5lmOoKxKYh35X5X
 XWOA7GFiaWCQLPyAfruU1WFBMRpaEQkvBs87A2ClUBWA7iM0490AhBwUsQxeJ39gJw1r
 Z1vA==
X-Gm-Message-State: AOJu0YyQXXvG1vsmJjsT7WapCaTFQrdSQj1HNNvn14/tuQxk8c+lHr8v
 S7A1fR2WPOJgzWkRY8buV0bnWDswI4dCp7eZt6syG9N9aPXXsQNgA4DNKp5p6QZ5L/xeT7j4iGd
 zTB2xj+KPg6/CYb4udlvc5nKYaQgiFYIK7Es3y5Gba85nVyO3
X-Gm-Gg: ASbGncu0C3Xo4Q3QClrY7dVqGeIqjTWtre0Q2jHRS8FOtTznndbyouneomen9rBduTH
 OUNRKDz4RuSF3533tn92NwfhI7zcBFS75kHMEotqRVy9ZS0XPBUckqquvsx+cFLC51BKv4Pam+C
 s1wEzywt0jLikHpO4FVRLfq0jLsbuROGjo0RDDKLgBCvjCTUVSPRP831KJSl1GJTZPoDihDUBKW
 xloPofREi/HDoeCC7g0qsbqxZVhDmtTwvIat4SrD9/jhTISV9QDkdPu5C/Uzawi6HZk1ppbhsQs
 OhQYpYhsV/oWaho9YlFc3xK6Y1bsmHsEPEQ91dFBe3PJpGnT
X-Google-Smtp-Source: AGHT+IHP8Q3/Ln+p17M0oCRBsN1J2Qa5E5DZwIVkoKamh0bJ/z0KMbr0EjxkX9PsdkAEXhmAQ5LNaV9W/h3Q
X-Received: by 2002:a05:6214:19c2:b0:6e4:4288:61a3 with SMTP id
 6a1803df08f44-6f2c455970fmr301187636d6.18.1745302979041; 
 Mon, 21 Apr 2025 23:22:59 -0700 (PDT)
Received: from postal.iol.unh.edu (postal.iol.unh.edu.
 [2606:4100:3880:1234::84]) by smtp-relay.gmail.com with ESMTPS id
 6a1803df08f44-6f2c2adfc5bsm3918536d6.7.2025.04.21.23.22.58
 (version=TLS1_2 cipher=ECDHE-ECDSA-AES128-GCM-SHA256 bits=128/128);
 Mon, 21 Apr 2025 23:22:59 -0700 (PDT)
X-Relaying-Domain: iol.unh.edu
Date: Mon, 21 Apr 2025 23:22:59 -0700 (PDT)
Message-ID: <680735c3.050a0220.2cb17.6b05SMTPIN_ADDED_MISSING@mx.google.com>
Received: from [172.21.0.5] (unknown [172.18.0.240])
 by postal.iol.unh.edu (Postfix) with ESMTP id BA2D46052471;
 Tue, 22 Apr 2025 02:22:58 -0400 (EDT)
Subject: |WARNING| [GIT MASTER] 4401486b5e30d43a134f80f9802f60b5f43e74a8
From: dpdklab@iol.unh.edu
To: Test Report <test-report@dpdk.org>
Cc: dpdk-test-reports@iol.unh.edu, Xueming Li <xuemingl@nvidia.com>,
 Christian Ehrhardt <christian.ehrhardt@canonical.com>,
 Kevin Traynor <ktraynor@redhat.com>, Luca Boccassi <bluca@debian.org>
Content-Type: text/plain
X-BeenThere: test-report@dpdk.org
X-Mailman-Version: 2.1.29
Precedence: list
List-Id: automatic DPDK test reports <test-report.dpdk.org>
List-Unsubscribe: <https://mails.dpdk.org/options/test-report>,
 <mailto:test-report-request@dpdk.org?subject=unsubscribe>
List-Archive: <http://mails.dpdk.org/archives/test-report/>
List-Post: <mailto:test-report@dpdk.org>
List-Help: <mailto:test-report-request@dpdk.org?subject=help>
List-Subscribe: <https://mails.dpdk.org/listinfo/test-report>,
 <mailto:test-report-request@dpdk.org?subject=subscribe>
Errors-To: test-report-bounces@dpdk.org

_Testing issues_

Branch: tags/v22.11

4401486b5e30d43a134f80f9802f60b5f43e74a8 --> testing issues

Upstream job id: Generic-DPDK-Compile-Meson#381851

Test environment and result as below:

+---------------------+--------------------+-------------------------+
|     Environment     | dpdk_meson_compile | dpdk_llvm_clang_compile |
+=====================+====================+=========================+
| CentOS Stream 9     | PEND               | SKIPPED                 |
+---------------------+--------------------+-------------------------+
| CentOS Stream 10    | PEND               | SKIPPED                 |
+---------------------+--------------------+-------------------------+
| Debian 12           | PEND               | SKIPPED                 |
+---------------------+--------------------+-------------------------+
| Fedora 40 (Clang)   | PEND               | SKIPPED                 |
+---------------------+--------------------+-------------------------+
| Fedora 40           | PEND               | SKIPPED                 |
+---------------------+--------------------+-------------------------+
| Fedora 41 (Clang)   | PEND               | SKIPPED                 |
+---------------------+--------------------+-------------------------+
| Fedora 41           | PASS               | SKIPPED                 |
+---------------------+--------------------+-------------------------+
| RHEL8               | PASS               | SKIPPED                 |
+---------------------+--------------------+-------------------------+
| openSUSE Leap 15    | PEND               | SKIPPED                 |
+---------------------+--------------------+-------------------------+
| RHEL9               | PEND               | SKIPPED                 |
+---------------------+--------------------+-------------------------+
| Ubuntu 20.04        | PASS               | SKIPPED                 |
+---------------------+--------------------+-------------------------+
| Ubuntu 22.04        | PEND               | SKIPPED                 |
+---------------------+--------------------+-------------------------+
| Ubuntu 24.04        | PEND               | SKIPPED                 |
+---------------------+--------------------+-------------------------+
| FreeBSD 13.5        | PASS               | SKIPPED                 |
+---------------------+--------------------+-------------------------+
| FreeBSD 14.2        | PASS               | SKIPPED                 |
+---------------------+--------------------+-------------------------+
| Windows Server 2022 | SKIPPED            | FAIL                    |
+---------------------+--------------------+-------------------------+

==== 20 line log output for Windows Server 2022 (dpdk_llvm_clang_compile): ====
..\lib\eal\include/rte_common.h:850:32: note: expanded from macro 'RTE_FMT_TAIL'
#define RTE_FMT_TAIL(fmt, ...) __VA_ARGS__
^~~~~~~~~~~
..\lib\eal\include/rte_common.h:848:39: note: expanded from macro 'RTE_FMT'
#define RTE_FMT(fmt, ...) fmt "%.0s", __VA_ARGS__ ""
^~~~~~~~~~~
../drivers/crypto/mlx5/mlx5_crypto.c:463:18: note: forward declaration of 'struct mlx5_err_cqe'
volatile struct mlx5_err_cqe *cqe = (volatile struct mlx5_err_cqe *)
^
3 errors generated.
[618/788] Compiling C object drivers/libtmp_rte_net_vmxnet3.a.p/net_vmxnet3_vmxnet3_rxtx.c.obj
[619/788] Compiling C object drivers/libtmp_rte_crypto_mlx5.a.p/crypto_mlx5_mlx5_crypto_dek.c.obj
[620/788] Linking static target drivers/libtmp_rte_net_octeon_ep.a
[621/788] Compiling C object app/dpdk-testpmd.exe.p/test-pmd_5tswap.c.obj
[622/788] Compiling C object drivers/libtmp_rte_net_mlx5.a.p/net_mlx5_mlx5_tx_nompw.c.obj
[623/788] Compiling C object app/dpdk-testpmd.exe.p/test-pmd_cmdline_flow.c.obj
[624/788] Compiling C object app/dpdk-testpmd.exe.p/test-pmd_config.c.obj
[625/788] Compiling C object drivers/libtmp_rte_net_mlx5.a.p/net_mlx5_mlx5_tx_empw.c.obj
[626/788] Compiling C object drivers/libtmp_rte_net_mlx5.a.p/net_mlx5_mlx5_tx_txpp.c.obj
ninja: build stopped: subcommand failed.
==== End log output ====

CentOS Stream 9
	Kernel: Depends on container host
	Compiler: gcc 11.5.0 20240719 (Red Hat 11.5.0-2)

CentOS Stream 10
	Kernel: Depends on container host
	Compiler: gcc 14.2.1 20241104 (Red Hat 14.2.1-6)

Debian 12
	Kernel: Depends on container host
	Compiler: gcc (Debian 12.2.0-14) 12.2.0

Fedora 40 (Clang)
	Kernel: Depends on container host
	Compiler: clang 18.1.8 (Fedora 18.1.8-1.fc40)

Fedora 40
	Kernel: Depends on container host
	Compiler: gcc 14.2.1 20240912 (Red Hat 14.2.1-3)

Fedora 41 (Clang)
	Kernel: Depends on container host
	Compiler: clang 19.1.5 (Fedora 19.1.5-1.fc41)

Fedora 41
	Kernel: Depends on container host
	Compiler: gcc 14.2.1 20240912 (Red Hat 14.2.1-3)

RHEL8
	Kernel: Depends on container host
	Compiler: gcc 8.5.0 20210514 (Red Hat 8.5.0-22)

openSUSE Leap 15
	Kernel: Depends on container host
	Compiler: gcc (SUSE Linux) 7.5.0

RHEL9
	Kernel: Depends on container host
	Compiler: gcc 11.5.0 20240719 (Red Hat 11.5.0-2)

Ubuntu 20.04
	Kernel: Depends on container host
	Compiler: gcc (Ubuntu 9.4.0-1ubuntu1~20.04.2) 9.4.0

Ubuntu 22.04
	Kernel: Depends on container host
	Compiler: gcc (Ubuntu 11.4.0-1ubuntu1~22.04) 11.4.0

Ubuntu 24.04
	Kernel: Depends on container host
	Compiler: gcc (Ubuntu 13.3.0-6ubuntu2~24.04) 13.3.0

FreeBSD 13.5
	Kernel: 13.5-RELEASE
	Compiler: clang 19.1.7

FreeBSD 14.2
	Kernel: 14.2-RELEASE
	Compiler: clang 18.1.6

Windows Server 2022
	Kernel: 10.0.20348.2031
	Compiler: clang 15.0.7, gcc 14.1.0 (MinGW), and MSVC VS 19.39.33521

To view detailed results, visit:
https://lab.dpdk.org/results/dashboard/tarballs/33319/

UNH-IOL DPDK Community Lab

To manage your email subscriptions, visit: 
https://lab.dpdk.org/results/dashboard/preferences/subscriptions/