From mboxrd@z Thu Jan 1 00:00:00 1970 Return-Path: Received: from mails.dpdk.org (mails.dpdk.org [217.70.189.124]) by inbox.dpdk.org (Postfix) with ESMTP id D8454465F8 for ; Tue, 22 Apr 2025 08:24:36 +0200 (CEST) Received: from mails.dpdk.org (localhost [127.0.0.1]) by mails.dpdk.org (Postfix) with ESMTP id D42D0402A9; Tue, 22 Apr 2025 08:24:36 +0200 (CEST) Received: from mail-pj1-f100.google.com (mail-pj1-f100.google.com [209.85.216.100]) by mails.dpdk.org (Postfix) with ESMTP id 30B3E40299 for ; Tue, 22 Apr 2025 08:24:36 +0200 (CEST) Received: by mail-pj1-f100.google.com with SMTP id 98e67ed59e1d1-301e05b90caso4556357a91.2 for ; Mon, 21 Apr 2025 23:24:36 -0700 (PDT) DKIM-Signature: v=1; a=rsa-sha256; c=relaxed/relaxed; d=iol.unh.edu; s=unh-iol; t=1745303075; x=1745907875; darn=dpdk.org; h=cc:to:from:subject:message-id:date:from:to:cc:subject:date :message-id:reply-to; bh=sQTf9ncNyL16neH+Uj1bXqnXuKI2d3cyyGAwNgisAHA=; b=AlIiQ6xdADfQaINWCAoyvGvrAqCfZLyOk5VQqVytOR1h3v06r64VOeUkELyTlrT4Zd jfmTMxRvbZgXqOTLkxAOIMMPUIf1TPwm8QI6pomUKCycqyraU14OBEUxMuLH47znihVk Pbc2ClFPU8ne/oPpYPDSL735BIw+qLhk1m0cg= X-Google-DKIM-Signature: v=1; a=rsa-sha256; c=relaxed/relaxed; d=1e100.net; s=20230601; t=1745303075; x=1745907875; h=cc:to:from:subject:message-id:date:x-gm-message-state:from:to:cc :subject:date:message-id:reply-to; bh=sQTf9ncNyL16neH+Uj1bXqnXuKI2d3cyyGAwNgisAHA=; b=eVLq40vGjKFOS23ckHeNHI+UeA4ZewmF/EUAF0b3mDUCwc+tXimlS/9gkY3jOghWR5 AC31NV7RfR8rbGBHVi9EBInBNBWtIzDDo9RnqMTBHDGpabh3EGHvU55PcrEL4ihv0Y7n 7+DZnMKAENhWIjL7nlbIWbjSHD3LbNovc8o/BYJ3UJ6qw2ZEMsQ7u07YUFpwZOxwMxp9 /cHKBxg6lIJIaIuqo8RzRkgQztKRPPCOZJRPxo+E0vc3ufo2ddiTKcQ/oz7e9EfWrDWb G9S7EHhDJgkOV3ZWhOgV2kWL8i/O53rhQQQa4nAHKfX4gZVRIXw96T8m8vIPFjt/De3V 0JbA== X-Gm-Message-State: AOJu0YyTQcBDXCzsYoLKeUWR87chfqZoga/KSzE0mmfcdXdI2Ohzm6Ij 22mDnzNIXMMdaTrq1JNZx3QKyUcq6oefAOW6uq2SEt6UE+YEotABSiTI3zVkWrbP4AuW8iqXeC4 CGHyta5C59OX1yg7JHFSWq3vlgEjWEoNwiR/AFMuuKnTvJf+Y X-Gm-Gg: ASbGncse9YLEBb0grfC4a6RtSE8wQ3N7fPPUGZjuWwPOicj9Py85/QASqQBuFmFT6Us Tqobo7gImbuulYz/IbwCbZWEkUGEfxOgFYg+qp1+xHEiCVKXmxgkPGMHneL6tf69mHLZdvK7lku 5ipjR/Dc6TmtDD9If3YdgJ5mlONroenJ9v5cdiZe8FjGSkzx/6SkO4VGlsg+Vte7IcdBkxPOBEz 3Mqev2bHmuVNOuDFOR0dPOdjhu4mql8X+7FtwIWKDP83NAiSiX0k0hOOmzIEwL+lr/FFcZPgJ1/ iMuTiDu6JnZV5bFFKscAI8ZowTEPa7I9w5Jwt8oo8P5j79/y X-Google-Smtp-Source: AGHT+IEB2PPvJis3fUaZ8FabGCprnk7jocSPNkuaqxhhAKdxCkgqg9EzZTeQVC33e2Bkr7tGpjbU8hj2apOV X-Received: by 2002:a17:90b:1f8c:b0:2f4:4003:f3ea with SMTP id 98e67ed59e1d1-3087bbc945fmr23249964a91.33.1745303075276; Mon, 21 Apr 2025 23:24:35 -0700 (PDT) Received: from postal.iol.unh.edu (postal.iol.unh.edu. [2606:4100:3880:1234::84]) by smtp-relay.gmail.com with ESMTPS id 98e67ed59e1d1-3087dddf157sm538963a91.0.2025.04.21.23.24.35 (version=TLS1_2 cipher=ECDHE-ECDSA-AES128-GCM-SHA256 bits=128/128); Mon, 21 Apr 2025 23:24:35 -0700 (PDT) X-Relaying-Domain: iol.unh.edu Date: Mon, 21 Apr 2025 23:24:35 -0700 (PDT) Message-ID: <68073623.170a0220.2141a1.f1e8SMTPIN_ADDED_MISSING@mx.google.com> Received: from [172.21.0.6] (unknown [172.18.0.240]) by postal.iol.unh.edu (Postfix) with ESMTP id 697646052471; Tue, 22 Apr 2025 02:24:34 -0400 (EDT) Subject: |WARNING| [GIT MASTER] 4401486b5e30d43a134f80f9802f60b5f43e74a8 From: dpdklab@iol.unh.edu To: Test Report Cc: dpdk-test-reports@iol.unh.edu, Xueming Li , Christian Ehrhardt , Kevin Traynor , Luca Boccassi Content-Type: text/plain X-BeenThere: test-report@dpdk.org X-Mailman-Version: 2.1.29 Precedence: list List-Id: automatic DPDK test reports List-Unsubscribe: , List-Archive: List-Post: List-Help: List-Subscribe: , Errors-To: test-report-bounces@dpdk.org _Testing issues_ Branch: tags/v22.11 4401486b5e30d43a134f80f9802f60b5f43e74a8 --> testing issues Upstream job id: Windows-Compile-DPDK-Native#27996 Test environment and result as below: +---------------------+--------------------+-------------------------+ | Environment | dpdk_meson_compile | dpdk_llvm_clang_compile | +=====================+====================+=========================+ | CentOS Stream 9 | PEND | SKIPPED | +---------------------+--------------------+-------------------------+ | CentOS Stream 10 | PEND | SKIPPED | +---------------------+--------------------+-------------------------+ | Debian 12 | PEND | SKIPPED | +---------------------+--------------------+-------------------------+ | Fedora 40 (Clang) | PEND | SKIPPED | +---------------------+--------------------+-------------------------+ | Fedora 40 | PEND | SKIPPED | +---------------------+--------------------+-------------------------+ | Fedora 41 (Clang) | PEND | SKIPPED | +---------------------+--------------------+-------------------------+ | Fedora 41 | PASS | SKIPPED | +---------------------+--------------------+-------------------------+ | RHEL8 | PASS | SKIPPED | +---------------------+--------------------+-------------------------+ | openSUSE Leap 15 | PEND | SKIPPED | +---------------------+--------------------+-------------------------+ | RHEL9 | PEND | SKIPPED | +---------------------+--------------------+-------------------------+ | Ubuntu 20.04 | PASS | SKIPPED | +---------------------+--------------------+-------------------------+ | Ubuntu 22.04 | PEND | SKIPPED | +---------------------+--------------------+-------------------------+ | Ubuntu 24.04 | PEND | SKIPPED | +---------------------+--------------------+-------------------------+ | FreeBSD 13.5 | PASS | SKIPPED | +---------------------+--------------------+-------------------------+ | FreeBSD 14.2 | PASS | SKIPPED | +---------------------+--------------------+-------------------------+ | Windows Server 2022 | SKIPPED | FAIL | +---------------------+--------------------+-------------------------+ ==== 20 line log output for Windows Server 2022 (dpdk_llvm_clang_compile): ==== ..\lib\eal\include/rte_common.h:850:32: note: expanded from macro 'RTE_FMT_TAIL' #define RTE_FMT_TAIL(fmt, ...) __VA_ARGS__ ^~~~~~~~~~~ ..\lib\eal\include/rte_common.h:848:39: note: expanded from macro 'RTE_FMT' #define RTE_FMT(fmt, ...) fmt "%.0s", __VA_ARGS__ "" ^~~~~~~~~~~ ../drivers/crypto/mlx5/mlx5_crypto.c:463:18: note: forward declaration of 'struct mlx5_err_cqe' volatile struct mlx5_err_cqe *cqe = (volatile struct mlx5_err_cqe *) ^ 3 errors generated. [618/788] Compiling C object drivers/libtmp_rte_net_vmxnet3.a.p/net_vmxnet3_vmxnet3_rxtx.c.obj [619/788] Compiling C object drivers/libtmp_rte_crypto_mlx5.a.p/crypto_mlx5_mlx5_crypto_dek.c.obj [620/788] Linking static target drivers/libtmp_rte_net_octeon_ep.a [621/788] Compiling C object app/dpdk-testpmd.exe.p/test-pmd_5tswap.c.obj [622/788] Compiling C object drivers/libtmp_rte_net_mlx5.a.p/net_mlx5_mlx5_tx_nompw.c.obj [623/788] Compiling C object app/dpdk-testpmd.exe.p/test-pmd_cmdline_flow.c.obj [624/788] Compiling C object app/dpdk-testpmd.exe.p/test-pmd_config.c.obj [625/788] Compiling C object drivers/libtmp_rte_net_mlx5.a.p/net_mlx5_mlx5_tx_empw.c.obj [626/788] Compiling C object drivers/libtmp_rte_net_mlx5.a.p/net_mlx5_mlx5_tx_txpp.c.obj ninja: build stopped: subcommand failed. ==== End log output ==== CentOS Stream 9 Kernel: Depends on container host Compiler: gcc 11.5.0 20240719 (Red Hat 11.5.0-2) CentOS Stream 10 Kernel: Depends on container host Compiler: gcc 14.2.1 20241104 (Red Hat 14.2.1-6) Debian 12 Kernel: Depends on container host Compiler: gcc (Debian 12.2.0-14) 12.2.0 Fedora 40 (Clang) Kernel: Depends on container host Compiler: clang 18.1.8 (Fedora 18.1.8-1.fc40) Fedora 40 Kernel: Depends on container host Compiler: gcc 14.2.1 20240912 (Red Hat 14.2.1-3) Fedora 41 (Clang) Kernel: Depends on container host Compiler: clang 19.1.5 (Fedora 19.1.5-1.fc41) Fedora 41 Kernel: Depends on container host Compiler: gcc 14.2.1 20240912 (Red Hat 14.2.1-3) RHEL8 Kernel: Depends on container host Compiler: gcc 8.5.0 20210514 (Red Hat 8.5.0-22) openSUSE Leap 15 Kernel: Depends on container host Compiler: gcc (SUSE Linux) 7.5.0 RHEL9 Kernel: Depends on container host Compiler: gcc 11.5.0 20240719 (Red Hat 11.5.0-2) Ubuntu 20.04 Kernel: Depends on container host Compiler: gcc (Ubuntu 9.4.0-1ubuntu1~20.04.2) 9.4.0 Ubuntu 22.04 Kernel: Depends on container host Compiler: gcc (Ubuntu 11.4.0-1ubuntu1~22.04) 11.4.0 Ubuntu 24.04 Kernel: Depends on container host Compiler: gcc (Ubuntu 13.3.0-6ubuntu2~24.04) 13.3.0 FreeBSD 13.5 Kernel: 13.5-RELEASE Compiler: clang 19.1.7 FreeBSD 14.2 Kernel: 14.2-RELEASE Compiler: clang 18.1.6 Windows Server 2022 Kernel: 10.0.20348.2031 Compiler: clang 15.0.7, gcc 14.1.0 (MinGW), and MSVC VS 19.39.33521 To view detailed results, visit: https://lab.dpdk.org/results/dashboard/tarballs/33319/ UNH-IOL DPDK Community Lab To manage your email subscriptions, visit: https://lab.dpdk.org/results/dashboard/preferences/subscriptions/