From mboxrd@z Thu Jan 1 00:00:00 1970 Return-Path: Received: from mails.dpdk.org (mails.dpdk.org [217.70.189.124]) by inbox.dpdk.org (Postfix) with ESMTP id AB468465FA for ; Tue, 22 Apr 2025 08:58:27 +0200 (CEST) Received: from mails.dpdk.org (localhost [127.0.0.1]) by mails.dpdk.org (Postfix) with ESMTP id A73CB402A9; Tue, 22 Apr 2025 08:58:27 +0200 (CEST) Received: from mail-io1-f100.google.com (mail-io1-f100.google.com [209.85.166.100]) by mails.dpdk.org (Postfix) with ESMTP id BFD9040299 for ; Tue, 22 Apr 2025 08:58:26 +0200 (CEST) Received: by mail-io1-f100.google.com with SMTP id ca18e2360f4ac-85de3e8d0adso61697239f.1 for ; Mon, 21 Apr 2025 23:58:26 -0700 (PDT) DKIM-Signature: v=1; a=rsa-sha256; c=relaxed/relaxed; d=iol.unh.edu; s=unh-iol; t=1745305106; x=1745909906; darn=dpdk.org; h=cc:to:from:subject:message-id:date:from:to:cc:subject:date :message-id:reply-to; bh=TF5vTzuPHsbaipjeyljKouYDUewdRr7ZpIWwjIokJZw=; b=DSzaV9+01WA/lTYzIlv+dWd3lop/A5pC32b1H3wMc0TsmLXydao4i0X5Vc8/RtC3W5 ZHBTO0/0Hr1Lo74WbbzA5oI1rdRJMKU9gWbv2LuiEoPNpI0foKDAuNzObhpTxu0wdsz+ JyrUd2wsPudR6oOwy4EATSb/MkKi8etlLPKL8= X-Google-DKIM-Signature: v=1; a=rsa-sha256; c=relaxed/relaxed; d=1e100.net; s=20230601; t=1745305106; x=1745909906; h=cc:to:from:subject:message-id:date:x-gm-message-state:from:to:cc :subject:date:message-id:reply-to; bh=TF5vTzuPHsbaipjeyljKouYDUewdRr7ZpIWwjIokJZw=; b=d89MgRifPVB5NUfdbnjBJ1mX/wwdBymSd1kCjwkgqxifAeZmQDNU69t2G8JMHwpWqb yN25+6mzHc/Qa4Dfbfa4ZyIZqwcJ3P3idobr6sccsKr2pdlIfVimK5N548UwV9Fcvl50 OzdCJ51g0C8iChkaZ3kgkcZvr8aWD9e8YXqAzDeWs2s3MHZcR48rgQyB5ZFtBPRmHhu4 G+QQFvlsaypc96kdF/9PfNlkGOmgYFun55ogxC7Y7RKtycxVe5V0oan3yqsAuS1KO9ZD 79B+2YoiugC1I1fyuHUcH4xPn8rsR/2X3eAoLdDdBGSbeIAW4SkVPrVRxyehb1mbEAx2 bZlg== X-Gm-Message-State: AOJu0YyWgrSK15dUTcEgeEMFzQJr/9WWs4Rbw1DI/8zjuoOBro3kDYt+ F7VLpjTDbHrgTBT5XDth5lR7m03nrJKFY/KdxKlXR80J1ABrJM8awdNa3UAY86n7+i7BZLIDyTk 1jdFlWvN/nmNsgBt+ACV2HzbzcC+lQElX+cDN+rrmLDCPRoox X-Gm-Gg: ASbGncs5vyXGvj7n21SOeITSBp39sOFVicSqf2rL9WgJ/L5HGIuPl+KJLNvA126p2w2 HMwAHxiHrx1VWjMn3xGEBaVrHL6zQ03dnisyHHLWAdDl/oyuqyhpSe0FAH528anUzWg/U5oiaHn x9Yolp2HR5oGZCrJiPGU/qQ+syFp/b4INf2DdEl5KC31wXBMTULvMs8UGtasTMHbO0sdsZPOhdr l6plT960SYbnNIGJZ23YngWYUnmX+AwAMW6fqn5AoV2N+NWMb0kiZpcmgTxme8oti86EnD5ivur n4227T8nffTPNIbJDUNHGY03eYVLf4QW+6aGRdih8Pf/kCLz X-Google-Smtp-Source: AGHT+IGzBXdgl2fYpfIseSVLPw2kgVgHrleqVbxOpDPHeXM+Rm8Z+FEbTVuZPO8uWmDhYdSIsvkcP2spCmJi X-Received: by 2002:a05:6602:3789:b0:85b:3885:159e with SMTP id ca18e2360f4ac-861dbdc71e1mr1590330039f.3.1745305106161; Mon, 21 Apr 2025 23:58:26 -0700 (PDT) Received: from postal.iol.unh.edu (postal.iol.unh.edu. [2606:4100:3880:1234::84]) by smtp-relay.gmail.com with ESMTPS id ca18e2360f4ac-861d9603fccsm34649239f.3.2025.04.21.23.58.26 (version=TLS1_2 cipher=ECDHE-ECDSA-AES128-GCM-SHA256 bits=128/128); Mon, 21 Apr 2025 23:58:26 -0700 (PDT) X-Relaying-Domain: iol.unh.edu Date: Mon, 21 Apr 2025 23:58:26 -0700 (PDT) Message-ID: <68073e12.050a0220.3cea8a.36dfSMTPIN_ADDED_MISSING@mx.google.com> Received: from [172.21.0.6] (unknown [172.18.0.240]) by postal.iol.unh.edu (Postfix) with ESMTP id A19096052471; Tue, 22 Apr 2025 02:58:25 -0400 (EDT) Subject: |FAILURE| [GIT MASTER] 4401486b5e30d43a134f80f9802f60b5f43e74a8 From: dpdklab@iol.unh.edu To: Test Report Cc: dpdk-test-reports@iol.unh.edu, Xueming Li , Christian Ehrhardt , Kevin Traynor , Luca Boccassi Content-Type: text/plain X-BeenThere: test-report@dpdk.org X-Mailman-Version: 2.1.29 Precedence: list List-Id: automatic DPDK test reports List-Unsubscribe: , List-Archive: List-Post: List-Help: List-Subscribe: , Errors-To: test-report-bounces@dpdk.org _Testing issues_ Branch: tags/v22.11 4401486b5e30d43a134f80f9802f60b5f43e74a8 --> testing issues Upstream job id: Generic-Unit-Test-DPDK#332580 Test environment and result as below: +---------------------+----------------+ | Environment | dpdk_unit_test | +=====================+================+ | Debian 12 | FAIL | +---------------------+----------------+ | Fedora 40 | FAIL | +---------------------+----------------+ | CentOS Stream 9 | FAIL | +---------------------+----------------+ | Fedora 40 (Clang) | FAIL | +---------------------+----------------+ | CentOS Stream 10 | FAIL | +---------------------+----------------+ | Fedora 41 (Clang) | FAIL | +---------------------+----------------+ | RHEL8 | FAIL | +---------------------+----------------+ | Ubuntu 20.04 | FAIL | +---------------------+----------------+ | RHEL9 | FAIL | +---------------------+----------------+ | Fedora 41 | FAIL | +---------------------+----------------+ | Ubuntu 22.04 | FAIL | +---------------------+----------------+ | Ubuntu 24.04 | FAIL | +---------------------+----------------+ | Windows Server 2022 | FAIL | +---------------------+----------------+ ==== Unit test summary for Windows Server 2022 (dpdk_unit_test): ==== Failed to get the unit test results. Displaying the unit test results is not supported for some environments, such as our aarch32 testing, where meson is not used to run the tests. Download the logs available on our CI site. ==== End log output ==== Debian 12 Kernel: Depends on container host Compiler: gcc (Debian 12.2.0-14) 12.2.0 Fedora 40 Kernel: Depends on container host Compiler: gcc 14.2.1 20240912 (Red Hat 14.2.1-3) CentOS Stream 9 Kernel: Depends on container host Compiler: gcc 11.5.0 20240719 (Red Hat 11.5.0-2) Fedora 40 (Clang) Kernel: Depends on container host Compiler: clang 18.1.8 (Fedora 18.1.8-1.fc40) CentOS Stream 10 Kernel: Depends on container host Compiler: gcc 14.2.1 20241104 (Red Hat 14.2.1-6) Fedora 41 (Clang) Kernel: Depends on container host Compiler: clang 19.1.5 (Fedora 19.1.5-1.fc41) RHEL8 Kernel: Depends on container host Compiler: gcc 8.5.0 20210514 (Red Hat 8.5.0-22) Ubuntu 20.04 Kernel: Depends on container host Compiler: gcc (Ubuntu 9.4.0-1ubuntu1~20.04.2) 9.4.0 RHEL9 Kernel: Depends on container host Compiler: gcc 11.5.0 20240719 (Red Hat 11.5.0-2) Fedora 41 Kernel: Depends on container host Compiler: gcc 14.2.1 20240912 (Red Hat 14.2.1-3) Ubuntu 22.04 Kernel: Depends on container host Compiler: gcc (Ubuntu 11.4.0-1ubuntu1~22.04) 11.4.0 Ubuntu 24.04 Kernel: Depends on container host Compiler: gcc (Ubuntu 13.3.0-6ubuntu2~24.04) 13.3.0 Windows Server 2022 Kernel: 10.0.20348.2031 Compiler: clang 15.0.7, gcc 14.1.0 (MinGW), and MSVC VS 19.39.33521 To view detailed results, visit: https://lab.dpdk.org/results/dashboard/tarballs/33319/ UNH-IOL DPDK Community Lab To manage your email subscriptions, visit: https://lab.dpdk.org/results/dashboard/preferences/subscriptions/