From mboxrd@z Thu Jan 1 00:00:00 1970 Return-Path: Received: from mails.dpdk.org (mails.dpdk.org [217.70.189.124]) by inbox.dpdk.org (Postfix) with ESMTP id 9801F465FC for ; Tue, 22 Apr 2025 15:11:45 +0200 (CEST) Received: from mails.dpdk.org (localhost [127.0.0.1]) by mails.dpdk.org (Postfix) with ESMTP id 74EDD402E7; Tue, 22 Apr 2025 15:11:45 +0200 (CEST) Received: from mail-yw1-f225.google.com (mail-yw1-f225.google.com [209.85.128.225]) by mails.dpdk.org (Postfix) with ESMTP id C6BE1402E6 for ; Tue, 22 Apr 2025 15:11:43 +0200 (CEST) Received: by mail-yw1-f225.google.com with SMTP id 00721157ae682-7053f85f059so39317117b3.2 for ; Tue, 22 Apr 2025 06:11:43 -0700 (PDT) DKIM-Signature: v=1; a=rsa-sha256; c=relaxed/relaxed; d=iol.unh.edu; s=unh-iol; t=1745327503; x=1745932303; darn=dpdk.org; h=references:in-reply-to:cc:to:from:subject:message-id:date:from:to :cc:subject:date:message-id:reply-to; bh=4VN52mL085gxpYGLQnf1wCDh0pMpNk2JnBe3Uz09VI8=; b=C4kk0Yi6ocqqidfn82/Vd0FDTBaxtkOtb2zclgu/5i46pobohEngqAg+xAhLqXd1YU AabvJeBduNX8yiIdS7WRo7/7lDTm4Q9ldZ0Znzw7J8MPuHzU2ty0oxOMYrebpIPGZLWz g4R+SpPbZWqcsT1hWi8LRCrNRXhY7fsrSih18= X-Google-DKIM-Signature: v=1; a=rsa-sha256; c=relaxed/relaxed; d=1e100.net; s=20230601; t=1745327503; x=1745932303; h=references:in-reply-to:cc:to:from:subject:message-id:date :x-gm-message-state:from:to:cc:subject:date:message-id:reply-to; bh=4VN52mL085gxpYGLQnf1wCDh0pMpNk2JnBe3Uz09VI8=; b=oIzTNs+9g5EkKJU0HccdT0LVhKH7OqFGL37ajmuBwzHr6c4RYaT2ahm4CGdsBoMbNW HPXAgMSOn0e4EGX3mAyPJMSiDc+1Xm53JxpEtPhtdHs3khls62PDFuea3cdYOyYhvEmW 0ptlF+BWOzuwVwLFHzPX436ecYHCBKAYuuPanRJhEO4kb3Z7nDmo9uDS7qURmn82KdsH R6dsXOgUHYXs8/8UEJysbWytIkUOjIJWIBfZCUPJLAPYHp5S8ZFX+qiWTMYglVU3qUR8 RHfJZWVgRwS6Xhm505/5dwh/Z+zhhHRRrH4mfOfVKwvumGn3CcfQJP+BpLARjet2Qd/x CUSQ== X-Gm-Message-State: AOJu0Yw2pUuUorsfIn2tvc0g/fbMIrAdAqzJ9vXUy2UbA5oakQaxJSae /YS43jqlO6rOSk55W+dNFizBTQvVtlSOgYgJQzuZbQuRWx++qhUP2xYw1NfifXyTiVCsz6/Ij0V o8K9JldNx4UJerh9bfumACYGju7xLoVHdvv/eLvVT34kzTzHfY5LoBm20 X-Gm-Gg: ASbGncuHJZF0MZ+cPVzED3Gay5E0ulEFW/HSGNN96B/agkdee9A/I9WQo0iveabSxCj 63pbTcyGtBraHDondBJ3iM2dhjQoVom92vHufiVBGGt7qs4Zbz3+G4wzU6TSrsAVAc8Rg3OztoO lXAVH8ZA7JiIUhmIowjP5p7eZfCKyzHjNENEaTYzVTIG2oNB91GT7+D8ZpHT2eGIBSEN4TLjRHx rNCxkRyh8Ft7T/Orzg+X0wYhrRzYQ8IbxjEhA7xUEXi/HjTMBLovTM0okMzB72CG5h6lxk0C04N XJNRHVR/necAb6W7LGLsVysLEMENisWflDcyNWk6uQbgyXNg X-Google-Smtp-Source: AGHT+IGh1V1Urer2qxcuMsNgMcDYp0WRn8oh3xqrci1gjkdnJwc4Hk3qNwvaDoQ4UohaPzVDA3jX5jSo+ZSc X-Received: by 2002:a05:690c:744a:b0:6fb:9280:5bf4 with SMTP id 00721157ae682-706ccda1648mr213148297b3.30.1745327502826; Tue, 22 Apr 2025 06:11:42 -0700 (PDT) Received: from postal.iol.unh.edu (postal.iol.unh.edu. [2606:4100:3880:1234::84]) by smtp-relay.gmail.com with ESMTPS id 00721157ae682-706ca5ced55sm6057567b3.64.2025.04.22.06.11.42 (version=TLS1_2 cipher=ECDHE-ECDSA-AES128-GCM-SHA256 bits=128/128); Tue, 22 Apr 2025 06:11:42 -0700 (PDT) X-Relaying-Domain: iol.unh.edu Date: Tue, 22 Apr 2025 06:11:42 -0700 (PDT) Message-ID: <6807958e.0d0a0220.246583.3417SMTPIN_ADDED_MISSING@mx.google.com> Received: from [172.17.0.2] (unknown [172.18.0.215]) by postal.iol.unh.edu (Postfix) with ESMTP id 6B3CE6052471; Tue, 22 Apr 2025 09:11:42 -0400 (EDT) Subject: |WARNING| pw153072 [PATCH] ethdev_trace.h: Update the trace point fu From: dpdklab@iol.unh.edu To: Test Report Cc: dpdk-test-reports@iol.unh.edu In-Reply-To: <20250422113523.867473-1-changqing.li@windriver.com> References: <20250422113523.867473-1-changqing.li@windriver.com> Content-Type: text/plain X-BeenThere: test-report@dpdk.org X-Mailman-Version: 2.1.29 Precedence: list List-Id: automatic DPDK test reports List-Unsubscribe: , List-Archive: List-Post: List-Help: List-Subscribe: , Errors-To: test-report-bounces@dpdk.org Test-Label: iol-abi-testing Test-Status: WARNING http://dpdk.org/patch/153072 _Testing issues_ Submitter: Date: Tuesday, April 22 2025 11:35:23 DPDK git baseline: Repo:dpdk Branch: master CommitID:e1079be7f8cd78c0952a2b52404814c926dde2a8 153072 --> testing issues Upstream job id: Generic-DPDK-Compile-ABI#124054 Test environment and result as below: +-------------------+----------+ | Environment | abi_test | +===================+==========+ | CentOS Stream 9 | FAIL | +-------------------+----------+ | CentOS Stream 10 | FAIL | +-------------------+----------+ | Debian 12 | FAIL | +-------------------+----------+ | Fedora 40 (Clang) | FAIL | +-------------------+----------+ | Fedora 40 | FAIL | +-------------------+----------+ | Fedora 41 (Clang) | FAIL | +-------------------+----------+ | RHEL9 | FAIL | +-------------------+----------+ | Fedora 41 | FAIL | +-------------------+----------+ | RHEL8 | FAIL | +-------------------+----------+ | Ubuntu 22.04 | FAIL | +-------------------+----------+ | Ubuntu 24.04 | FAIL | +-------------------+----------+ | openSUSE Leap 15 | FAIL | +-------------------+----------+ ==== 20 line log output for openSUSE Leap 15 (abi_test): ==== Variables changes summary: 0 Removed, 0 Changed, 0 Added variable Functions changes summary: 0 Removed, 0 Changed (4 filtered out), 0 Added functions Variables changes summary: 0 Removed, 0 Changed, 0 Added variable Functions changes summary: 0 Removed, 0 Changed, 0 Added (20 filtered out) functions Variables changes summary: 0 Removed, 0 Changed, 0 Added variable Functions changes summary: 0 Removed, 0 Changed (24 filtered out), 0 Added functions Variables changes summary: 0 Removed, 0 Changed (2 filtered out), 0 Added variables Functions changes summary: 0 Removed, 0 Changed (4 filtered out), 0 Added (1 filtered out) functions Variables changes summary: 0 Removed, 0 Changed (1 filtered out), 0 Added variable Functions changes summary: 0 Removed, 0 Changed, 0 Added (1 filtered out) function Variables changes summary: 0 Removed, 0 Changed, 0 Added variable Functions changes summary: 0 Removed, 0 Changed (15 filtered out), 0 Added (2 filtered out) functions Variables changes summary: 0 Removed, 0 Changed (2 filtered out), 0 Added variables ==== End log output ==== CentOS Stream 9 Kernel: Depends on container host Compiler: gcc 11.5.0 20240719 (Red Hat 11.5.0-2) CentOS Stream 10 Kernel: Depends on container host Compiler: gcc 14.2.1 20241104 (Red Hat 14.2.1-6) Debian 12 Kernel: Depends on container host Compiler: gcc (Debian 12.2.0-14) 12.2.0 Fedora 40 (Clang) Kernel: Depends on container host Compiler: clang 18.1.8 (Fedora 18.1.8-1.fc40) Fedora 40 Kernel: Depends on container host Compiler: gcc 14.2.1 20240912 (Red Hat 14.2.1-3) Fedora 41 (Clang) Kernel: Depends on container host Compiler: clang 19.1.5 (Fedora 19.1.5-1.fc41) RHEL9 Kernel: Depends on container host Compiler: gcc 11.5.0 20240719 (Red Hat 11.5.0-2) Fedora 41 Kernel: Depends on container host Compiler: gcc 14.2.1 20240912 (Red Hat 14.2.1-3) RHEL8 Kernel: Depends on container host Compiler: gcc 8.5.0 20210514 (Red Hat 8.5.0-22) Ubuntu 22.04 Kernel: Depends on container host Compiler: gcc (Ubuntu 11.4.0-1ubuntu1~22.04) 11.4.0 Ubuntu 24.04 Kernel: Depends on container host Compiler: gcc (Ubuntu 13.3.0-6ubuntu2~24.04) 13.3.0 openSUSE Leap 15 Kernel: Depends on container host Compiler: gcc (SUSE Linux) 7.5.0 To view detailed results, visit: https://lab.dpdk.org/results/dashboard/patchsets/33049/ UNH-IOL DPDK Community Lab To manage your email subscriptions, visit: https://lab.dpdk.org/results/dashboard/preferences/subscriptions/