From mboxrd@z Thu Jan 1 00:00:00 1970 Return-Path: Received: from mails.dpdk.org (mails.dpdk.org [217.70.189.124]) by inbox.dpdk.org (Postfix) with ESMTP id 75A45465FD for ; Tue, 22 Apr 2025 17:16:48 +0200 (CEST) Received: from mails.dpdk.org (localhost [127.0.0.1]) by mails.dpdk.org (Postfix) with ESMTP id 7149E40292; Tue, 22 Apr 2025 17:16:48 +0200 (CEST) Received: from mail-yw1-f228.google.com (mail-yw1-f228.google.com [209.85.128.228]) by mails.dpdk.org (Postfix) with ESMTP id B37E840151 for ; Tue, 22 Apr 2025 17:16:47 +0200 (CEST) Received: by mail-yw1-f228.google.com with SMTP id 00721157ae682-7020d8b110aso40515267b3.1 for ; Tue, 22 Apr 2025 08:16:47 -0700 (PDT) DKIM-Signature: v=1; a=rsa-sha256; c=relaxed/relaxed; d=iol.unh.edu; s=unh-iol; t=1745335007; x=1745939807; darn=dpdk.org; h=references:in-reply-to:cc:to:from:subject:message-id:date:from:to :cc:subject:date:message-id:reply-to; bh=zNxHprhyhDQ6a2ZZQu5gD8KQeyRFXlVEiJXRGS1Mbsk=; b=PlEYnB9Z4uncNOPgNbJ0DUxmHYzbrd5V7O0K6c2ClGbK2DlskMjiHo1t5KA3vLbMC1 6TBheC7j8wlffuF89EFo61SZv7Vn145SpUA8vGqhDpO5e+a37P7FQetdY5XR0t2Se/9H A+bkBlttVFzSio0bwYquREDo9GF2z1Sua2+Ow= X-Google-DKIM-Signature: v=1; a=rsa-sha256; c=relaxed/relaxed; d=1e100.net; s=20230601; t=1745335007; x=1745939807; h=references:in-reply-to:cc:to:from:subject:message-id:date :x-gm-message-state:from:to:cc:subject:date:message-id:reply-to; bh=zNxHprhyhDQ6a2ZZQu5gD8KQeyRFXlVEiJXRGS1Mbsk=; b=Qeu2qs/hNNWRoEp5meGVIJWj0WHLf+F7E3KMrLHI0XUQz1lMsaZVo7jZ4tkGfpn6wl XOSl62XgkF1AAGikhbijyt3M1JALomL7zEwFCTx7cDpQZEAF0W4H/QfH3IIRUL8kCfPj xwwT5lFx4mx744oNJMTjPJjsiRuQ1B8bOe5ym6j44nMsChwMwb1ePwNi+sO37oNhIH0e 9QgUBC//6/HhjhG7gZNns5edyHFq77s76quRxEi7GJzn8iDdsgLYIFrkZqx0D9Lw3ElK SNEdGuY1/xoJEehquS2Eob7R6lJg/P7zeVX83BiY3U67U3UMZ3Ufcu0HcJhtSxFWTj0s mbeQ== X-Gm-Message-State: AOJu0Yy4F0w5lqqmh28x3pYrYyorfpINY3ci5ZzfJCqlIpRsoF7851X0 E5NoMi4S/H2ZrPlQob6E7hdrzZAdFN2fmMtdKm5i2EpNjE5cZWSzDmKB1jPZPq4nm4Yco4LyDAy UmubOk76srPPnQOYTZPJtPBWUbMN/qhc6FpixVcmOaXK3V3mGKO3lnPQr X-Gm-Gg: ASbGncubvmo4m3XX7wTQodQf9emo1SwaQ+GJWIOAL48f6fZccS+Ad0AOh/0aRq30j+4 U+l0wGMrYzWA+w1z0UKBJaCQD2dmyoXw9+JbJol/hv6Mv+0sCU6zq3MdVaURyNNecBjtOAiIVR2 V/SYD/X8L5bAcR3bSm18jS6iAt5jjqjfOt0Fv3RhSUKLQrM3Z5cxdYAaKbTv07o6dcjUhfR3+3t VK2Lwu5z2xOhiSxVtTS6vYljlqMkR2nzufpTIUtnyUGHLP4OlhFicVcvZ0JwfdcxzmnUBopivyW q5vX2MOsX6G2j/J5l8TLMTwMpUOzXw2uDxMyP2RIuYtNyCXW X-Google-Smtp-Source: AGHT+IFhobDHQN/CK/9c64J6QftYTods8Sn1TIIkdMQT5Mds+JgUbJHfbuS7DX3F1Mqg/Pu0DCFLqJCRTxau X-Received: by 2002:a05:690c:4b88:b0:6fe:b88e:4d94 with SMTP id 00721157ae682-706ccd1b6f6mr234431967b3.19.1745335006973; Tue, 22 Apr 2025 08:16:46 -0700 (PDT) Received: from postal.iol.unh.edu (postal.iol.unh.edu. [2606:4100:3880:1234::84]) by smtp-relay.gmail.com with ESMTPS id 00721157ae682-706ca475061sm6217527b3.2.2025.04.22.08.16.46 (version=TLS1_2 cipher=ECDHE-ECDSA-AES128-GCM-SHA256 bits=128/128); Tue, 22 Apr 2025 08:16:46 -0700 (PDT) X-Relaying-Domain: iol.unh.edu Date: Tue, 22 Apr 2025 08:16:46 -0700 (PDT) Message-ID: <6807b2de.810a0220.1ceb62.462bSMTPIN_ADDED_MISSING@mx.google.com> Received: from [172.17.0.4] (unknown [172.18.0.217]) by postal.iol.unh.edu (Postfix) with ESMTP id 8DD276052471; Tue, 22 Apr 2025 11:16:46 -0400 (EDT) Subject: |FAILURE| pw153071 [PATCH] net/mlx5: fix out-of-bounds write in Rx s From: dpdklab@iol.unh.edu To: Test Report Cc: dpdk-test-reports@iol.unh.edu, patryk ochal In-Reply-To: <20250422063754.3429965-1-patrykochal@gmail.com> References: <20250422063754.3429965-1-patrykochal@gmail.com> Content-Type: text/plain X-BeenThere: test-report@dpdk.org X-Mailman-Version: 2.1.29 Precedence: list List-Id: automatic DPDK test reports List-Unsubscribe: , List-Archive: List-Post: List-Help: List-Subscribe: , Errors-To: test-report-bounces@dpdk.org Test-Label: iol-compile-arm64-testing Test-Status: FAILURE http://dpdk.org/patch/153071 _Testing issues_ Submitter: patryk ochal Date: Tuesday, April 22 2025 06:37:54 DPDK git baseline: Repo:dpdk Branch: master CommitID:edd3f4b1265e6da707c46ca9b6c39d332647baea 153071 --> testing issues Upstream job id: Generic-DPDK-Compile-Meson#381980 Test environment and result as below: +----------------------------------------+--------------------+ | Environment | dpdk_meson_compile | +========================================+====================+ | RHEL9 (ARM) | FAIL | +----------------------------------------+--------------------+ | Ubuntu 20.04 ARM GCC Cross Compile | PEND | +----------------------------------------+--------------------+ | Debian 12 with MUSDK | PEND | +----------------------------------------+--------------------+ | Ubuntu 20.04 ARM SVE | PASS | +----------------------------------------+--------------------+ | Fedora 41 (ARM Clang) | PEND | +----------------------------------------+--------------------+ | Fedora 40 (ARM) | FAIL | +----------------------------------------+--------------------+ | Fedora 41 (ARM) | PEND | +----------------------------------------+--------------------+ | Fedora 40 (ARM Clang) | PEND | +----------------------------------------+--------------------+ | Ubuntu 22.04 (ARM) | PEND | +----------------------------------------+--------------------+ | Ubuntu 24.04 (ARM) | PEND | +----------------------------------------+--------------------+ | Ubuntu 20.04 (ARM) | PEND | +----------------------------------------+--------------------+ | CentOS Stream 9 (ARM) | PEND | +----------------------------------------+--------------------+ | CentOS Stream 10 (ARM) | PEND | +----------------------------------------+--------------------+ | Debian 12 (arm) | PEND | +----------------------------------------+--------------------+ | Ubuntu 20.04 aarch32 GCC Cross Compile | PEND | +----------------------------------------+--------------------+ | Ubuntu 20.04 ARM Clang Cross Compile | PEND | +----------------------------------------+--------------------+ ==== 20 line log output for Fedora 40 (ARM) (dpdk_meson_compile): ==== [1995/3416] Compiling C object drivers/libtmp_rte_net_mlx5.a.p/net_mlx5_mlx5_rxtx_vec.c.o FAILED: drivers/libtmp_rte_net_mlx5.a.p/net_mlx5_mlx5_rxtx_vec.c.o ccache cc -Idrivers/libtmp_rte_net_mlx5.a.p -Idrivers -I../drivers -Idrivers/net/mlx5 -I../drivers/net/mlx5 -Idrivers/net/mlx5/linux -I../drivers/net/mlx5/linux -Idrivers/net/mlx5/hws -I../drivers/net/mlx5/hws -Ilib/ethdev -I../lib/ethdev -I. -I.. -Iconfig -I../config -Ilib/eal/include -I../lib/eal/include -Ilib/eal/linux/include -I../lib/eal/linux/include -Ilib/eal/arm/include -I../lib/eal/arm/include -I../kernel/linux -Ilib/eal/common -I../lib/eal/common -Ilib/eal -I../lib/eal -Ilib/kvargs -I../lib/kvargs -Ilib/log -I../lib/log -Ilib/metrics -I../lib/metrics -Ilib/telemetry -I../lib/telemetry -Ilib/net -I../lib/net -Ilib/mbuf -I../lib/mbuf -Ilib/mempool -I../lib/mempool -Ilib/ring -I../lib/ring -Ilib/meter -I../lib/meter -Idrivers/bus/pci -I../drivers/bus/pci -I../drivers/bus/pci/linux -Ilib/pci -I../lib/pci -Idrivers/bus/vdev -I../drivers/bus/vdev -Ilib/hash -I../lib/hash -Ilib/rcu -I../lib/rcu -Idrivers/common/mlx5 -I../drivers/common/mlx5 -Idrivers/common/mlx5/linux -I../drivers /common/mlx5/linux -Idrivers/bus/auxiliary -I../drivers/bus/auxiliary -fdiagnostics-color=always -pipe -D_FILE_OFFSET_BITS=64 -Wall -Winvalid-pch -Wextra -Werror -std=c11 -O3 -include rte_config.h -Wvla -Wcast-qual -Wdeprecated -Wformat -Wformat-nonliteral -Wformat-security -Wmissing-declarations -Wmissing-prototypes -Wnested-externs -Wold-style-definition -Wpointer-arith -Wsign-compare -Wstrict-prototypes -Wundef -Wwrite-strings -Wno-packed-not-aligned -Wno-missing-field-initializers -D_GNU_SOURCE -fPIC -march=armv8.1-a+crc+crypto -DALLOW_EXPERIMENTAL_API -DALLOW_INTERNAL_API -Wno-format-truncation -Wno-address-of-packed-member -std=c11 -Wno-strict-prototypes -D_BSD_SOURCE -D_DEFAULT_SOURCE -D_XOPEN_SOURCE=600 -UPEDANTIC -Wno-vla -DRTE_LOG_DEFAULT_LOGTYPE=pmd.net.mlx5 -MD -MQ drivers/libtmp_rte_net_mlx5.a.p/net_mlx5_mlx5_rxtx_vec.c.o -MF drivers/libtmp_rte_net_mlx5.a.p/net_mlx5_mlx5_rxtx_vec.c.o.d -o drivers/libtmp_rte_net_mlx5.a.p/net_mlx5_mlx5_rxtx_vec.c.o -c ../drivers/net/mlx5/ mlx5_rxtx_vec.c In file included from ../lib/mbuf/rte_mbuf.h:36, from ../drivers/net/mlx5/mlx5_rxtx_vec.c:10: ../drivers/net/mlx5/mlx5_rxtx_vec.c: In function 'rxq_burst_v': ../lib/eal/include/rte_common.h:765:20: error: comparison of integer expressions of different signedness: 'int' and 'uint32_t' {aka 'unsigned int'} [-Werror=sign-compare] 765 | _a < _b ? _a : _b; \ | ^ ../drivers/net/mlx5/mlx5_rxtx_vec.c:324:18: note: in expansion of macro 'RTE_MIN' 324 | pkts_n = RTE_MIN(pkts_n - rcvd_pkt, rxq->rq_ci - rxq->rq_pi); | ^~~~~~~ ../lib/eal/include/rte_common.h:765:27: error: operand of '?:' changes signedness from 'int' to 'uint32_t' {aka 'unsigned int'} due to unsignedness of other operand [-Werror=sign-compare] 765 | _a < _b ? _a : _b; \ | ^~ ../drivers/net/mlx5/mlx5_rxtx_vec.c:324:18: note: in expansion of macro 'RTE_MIN' 324 | pkts_n = RTE_MIN(pkts_n - rcvd_pkt, rxq->rq_ci - rxq->rq_pi); | ^~~~~~~ cc1: all warnings being treated as errors ninja: build stopped: subcommand failed. ==== End log output ==== RHEL9 (ARM) Kernel: Depends on container host Compiler: gcc 11.5.0 20240719 (Red Hat 11.5.0-2) Ubuntu 20.04 ARM GCC Cross Compile Kernel: Depends on container host Compiler: aarch64-linux-gnu-gcc (Ubuntu 9.4.0-1ubuntu1~20.04.2) 9.4.0 Debian 12 with MUSDK Kernel: Depends on container host Compiler: gcc (Debian 12.2.0-14) 12.2.0 Ubuntu 20.04 ARM SVE Kernel: Depends on container host Compiler: gcc (Ubuntu 10.5.0-1ubuntu1~20.04) 10.5.0 Fedora 41 (ARM Clang) Kernel: Depends on container host Compiler: clang 19.1.5 (Fedora 19.1.5-1.fc41) Fedora 40 (ARM) Kernel: Depends on container host Compiler: gcc 14.2.1 20240912 (Red Hat 14.2.1-3) Fedora 41 (ARM) Kernel: Depends on container host Compiler: gcc 14.2.1 20240912 (Red Hat 14.2.1-3) Fedora 40 (ARM Clang) Kernel: Depends on container host Compiler: clang 18.1.8 (Fedora 18.1.8-1.fc40) Ubuntu 22.04 (ARM) Kernel: Depends on container host Compiler: gcc (Ubuntu 11.4.0-1ubuntu1~22.04) 11.4.0 Ubuntu 24.04 (ARM) Kernel: Depends on container host Compiler: gcc (Ubuntu 13.3.0-6ubuntu2~24.04) 13.3.0 Ubuntu 20.04 (ARM) Kernel: Depends on container host Compiler: gcc (Ubuntu 9.4.0-1ubuntu1~20.04.2) 9.4.0 CentOS Stream 9 (ARM) Kernel: Depends on container host Compiler: gcc 11.5.0 20240719 (Red Hat 11.5.0-2) CentOS Stream 10 (ARM) Kernel: Depends on container host Compiler: gcc 14.2.1 20241104 (Red Hat 14.2.1-6) Debian 12 (arm) Kernel: Depends on container host Compiler: gcc (Debian 12.2.0-14) 12.2.0 Ubuntu 20.04 aarch32 GCC Cross Compile Kernel: Depends on container host Compiler: gcc 9.4.0 Ubuntu 20.04 ARM Clang Cross Compile Kernel: Depends on container host Compiler: clang 10.0.0-4ubuntu1 To view detailed results, visit: https://lab.dpdk.org/results/dashboard/patchsets/33048/ UNH-IOL DPDK Community Lab To manage your email subscriptions, visit: https://lab.dpdk.org/results/dashboard/preferences/subscriptions/