From mboxrd@z Thu Jan  1 00:00:00 1970
Return-Path: <test-report-bounces@dpdk.org>
Received: from mails.dpdk.org (mails.dpdk.org [217.70.189.124])
	by inbox.dpdk.org (Postfix) with ESMTP id 00E7646600
	for <public@inbox.dpdk.org>; Tue, 22 Apr 2025 19:01:59 +0200 (CEST)
Received: from mails.dpdk.org (localhost [127.0.0.1])
	by mails.dpdk.org (Postfix) with ESMTP id D154740156;
	Tue, 22 Apr 2025 19:01:59 +0200 (CEST)
Received: from mail-pj1-f99.google.com (mail-pj1-f99.google.com
 [209.85.216.99]) by mails.dpdk.org (Postfix) with ESMTP id 4EF4040151
 for <test-report@dpdk.org>; Tue, 22 Apr 2025 19:01:58 +0200 (CEST)
Received: by mail-pj1-f99.google.com with SMTP id
 98e67ed59e1d1-3018e2d042bso3629854a91.2
 for <test-report@dpdk.org>; Tue, 22 Apr 2025 10:01:58 -0700 (PDT)
DKIM-Signature: v=1; a=rsa-sha256; c=relaxed/relaxed;
 d=iol.unh.edu; s=unh-iol; t=1745341317; x=1745946117; darn=dpdk.org;
 h=references:in-reply-to:cc:to:from:subject:message-id:date:from:to
 :cc:subject:date:message-id:reply-to;
 bh=lTkOcy76y9Cyau+cGYEO+WCIW9b2gMzZ2o06buRrFIQ=;
 b=arFdg6YZJ+8dedrutmOTMBiZOLis/CXQZOarDuradxyGRzkwjiRagV9BlyGD59nLcK
 Y+ou7+MuwWsM6mKCBZp8732QasKYwhCVD7eHzq1uBLYTf9Ofv0PW2twXU2mWBbHnMQkw
 4WRJG62SWJGX9nsAbItWT/EjZS53q2l0jtnBI=
X-Google-DKIM-Signature: v=1; a=rsa-sha256; c=relaxed/relaxed;
 d=1e100.net; s=20230601; t=1745341317; x=1745946117;
 h=references:in-reply-to:cc:to:from:subject:message-id:date
 :x-gm-message-state:from:to:cc:subject:date:message-id:reply-to;
 bh=lTkOcy76y9Cyau+cGYEO+WCIW9b2gMzZ2o06buRrFIQ=;
 b=Wm7Tm4eVjvRYpEDw7Q8rBKjs92sKhTMovm8+9lODN9mvjgCGvm9o2UaxEvMzqQ/0jd
 JSvYEQTDNTkkZBlNJ2EkoU6TTByYAtXbGtvcrLMZ2yiG4sKmRzX+dk9ROLgvvn4Amb7j
 wIC1HT8RZVG4B6L16SXaC6sANry/FKxJsi8evMSxkmd1ngb8r+qeuziZKCxcoUDch6RX
 qeFBqGvR1rQ699lMKDR0R7qvZ7YP0QxrCQoS4QTa+ERH0QqAvmE/EzoNROJeYSivozKi
 hMIAouu1bf3LTCJJYq6H+cEG1eKBOyHYKUu1i4HlcS1ROHCwse5uJNbZxBS6/9eC2sng
 PkEQ==
X-Gm-Message-State: AOJu0Ywq0r1XWsK/fCGQr/npkrgeraVdKACdY78g+zcdf/BGstHxE1P0
 nO4/jn2MxKvTroUmZIGch1heTGGaJKAra38xQTBnlbW91Yp7cQ7cbqQR0K1FVnUjUil5lznNdB5
 BHVRbT6gL6NwyDxWue93WgGrJvH9XiE2EEz6omoC9
X-Gm-Gg: ASbGnculewhD6dRILwwvqOX7AKUSGNYp+ngBYA34UaG5CuPiw1tLtmQmmHsoWf+IQgI
 Ev77NV89jM3gNflUJRW6WKIG2LzBS+kOo7CY/BVXfeOiHq8J3/U6Q0s47InjSm3bLPdrVJ5nFeC
 k8wlkuABI+Cp7onFDtKRC9cV9sUT6+YGKvTN23IcRXVhphAtYnyMttoQLfdgnnEGLUAycKwJSbG
 5Ums5XKu6QJSYFNt/h2h52n9j26IPNsZPAb4h7xUj6kbn5TXRbyl8aU/5fQ61BOtUMD8UMZKymY
 R8vB8AruInR6ggqYYt3Mv/aZn2iB37yLBP5p
X-Google-Smtp-Source: AGHT+IGSshFIfhsPCAvSoWQzWlcaG1uZCXXUPApfT2nlToRVLy0JfipHBcxRqL7zQRvQCeuNPgXY57QDflTc
X-Received: by 2002:a17:90b:540e:b0:305:5f55:899 with SMTP id
 98e67ed59e1d1-3087bb48f40mr23520929a91.11.1745341316767; 
 Tue, 22 Apr 2025 10:01:56 -0700 (PDT)
Received: from postal.iol.unh.edu (postal.iol.unh.edu. [132.177.123.84])
 by smtp-relay.gmail.com with ESMTPS id
 98e67ed59e1d1-3087df24d13sm593356a91.8.2025.04.22.10.01.56
 (version=TLS1_2 cipher=ECDHE-ECDSA-AES128-GCM-SHA256 bits=128/128);
 Tue, 22 Apr 2025 10:01:56 -0700 (PDT)
X-Relaying-Domain: iol.unh.edu
Date: Tue, 22 Apr 2025 10:01:56 -0700 (PDT)
Message-ID: <6807cb84.170a0220.1220cd.0a69SMTPIN_ADDED_MISSING@mx.google.com>
Received: from [172.21.0.10] (unknown [172.18.0.240])
 by postal.iol.unh.edu (Postfix) with ESMTP id D853C6052471;
 Tue, 22 Apr 2025 13:01:55 -0400 (EDT)
Subject: |FAILURE| pw153071 [PATCH] net/mlx5: fix out-of-bounds write in Rx s
From: dpdklab@iol.unh.edu
To: Test Report <test-report@dpdk.org>
Cc: dpdk-test-reports@iol.unh.edu, patryk ochal <patrykochal@gmail.com>
In-Reply-To: <20250422063754.3429965-1-patrykochal@gmail.com>
References: <20250422063754.3429965-1-patrykochal@gmail.com>
Content-Type: text/plain
X-BeenThere: test-report@dpdk.org
X-Mailman-Version: 2.1.29
Precedence: list
List-Id: automatic DPDK test reports <test-report.dpdk.org>
List-Unsubscribe: <https://mails.dpdk.org/options/test-report>,
 <mailto:test-report-request@dpdk.org?subject=unsubscribe>
List-Archive: <http://mails.dpdk.org/archives/test-report/>
List-Post: <mailto:test-report@dpdk.org>
List-Help: <mailto:test-report-request@dpdk.org?subject=help>
List-Subscribe: <https://mails.dpdk.org/listinfo/test-report>,
 <mailto:test-report-request@dpdk.org?subject=subscribe>
Errors-To: test-report-bounces@dpdk.org

Test-Label: iol-compile-arm64-testing
Test-Status: FAILURE
http://dpdk.org/patch/153071

_Testing issues_

Submitter: patryk ochal <patrykochal@gmail.com>
Date: Tuesday, April 22 2025 06:37:54 
DPDK git baseline: Repo:dpdk
  Branch: master
  CommitID:edd3f4b1265e6da707c46ca9b6c39d332647baea

153071 --> testing issues

Upstream job id: Generic-DPDK-Compile-Meson#381981

Test environment and result as below:

+----------------------------------------+--------------------+
|              Environment               | dpdk_meson_compile |
+========================================+====================+
| RHEL9 (ARM)                            | FAIL               |
+----------------------------------------+--------------------+
| Ubuntu 20.04 ARM GCC Cross Compile     | PASS               |
+----------------------------------------+--------------------+
| Debian 12 with MUSDK                   | PASS               |
+----------------------------------------+--------------------+
| Ubuntu 20.04 ARM SVE                   | PASS               |
+----------------------------------------+--------------------+
| Fedora 41 (ARM Clang)                  | PASS               |
+----------------------------------------+--------------------+
| Fedora 40 (ARM)                        | FAIL               |
+----------------------------------------+--------------------+
| Fedora 41 (ARM)                        | FAIL               |
+----------------------------------------+--------------------+
| Fedora 40 (ARM Clang)                  | PASS               |
+----------------------------------------+--------------------+
| Ubuntu 22.04 (ARM)                     | FAIL               |
+----------------------------------------+--------------------+
| Ubuntu 24.04 (ARM)                     | FAIL               |
+----------------------------------------+--------------------+
| Ubuntu 20.04 (ARM)                     | FAIL               |
+----------------------------------------+--------------------+
| CentOS Stream 9 (ARM)                  | FAIL               |
+----------------------------------------+--------------------+
| CentOS Stream 10 (ARM)                 | FAIL               |
+----------------------------------------+--------------------+
| Debian 12 (arm)                        | FAIL               |
+----------------------------------------+--------------------+
| Ubuntu 20.04 aarch32 GCC Cross Compile | PASS               |
+----------------------------------------+--------------------+
| Ubuntu 20.04 ARM Clang Cross Compile   | PASS               |
+----------------------------------------+--------------------+

==== 20 line log output for Debian 12 (arm) (dpdk_meson_compile): ====
[1995/3416] Compiling C object drivers/libtmp_rte_net_mlx5.a.p/net_mlx5_mlx5_rxtx_vec.c.o
FAILED: drivers/libtmp_rte_net_mlx5.a.p/net_mlx5_mlx5_rxtx_vec.c.o
ccache cc -Idrivers/libtmp_rte_net_mlx5.a.p -Idrivers -I../drivers -Idrivers/net/mlx5 -I../drivers/net/mlx5 -Idrivers/net/mlx5/linux -I../drivers/net/mlx5/linux -Idrivers/net/mlx5/hws -I../drivers/net/mlx5/hws -Ilib/ethdev -I../lib/ethdev -I. -I.. -Iconfig -I../config -Ilib/eal/include -I../lib/eal/include -Ilib/eal/linux/include -I../lib/eal/linux/include -Ilib/eal/arm/include -I../lib/eal/arm/include -I../kernel/linux -Ilib/eal/common -I../lib/eal/common -Ilib/eal -I../lib/eal -Ilib/kvargs -I../lib/kvargs -Ilib/log -I../lib/log -Ilib/metrics -I../lib/metrics -Ilib/telemetry -I../lib/telemetry -Ilib/net -I../lib/net -Ilib/mbuf -I../lib/mbuf -Ilib/mempool -I../lib/mempool -Ilib/ring -I../lib/ring -Ilib/meter -I../lib/meter -Idrivers/bus/pci -I../drivers/bus/pci -I../drivers/bus/pci/linux -Ilib/pci -I../lib/pci -Idrivers/bus/vdev -I../drivers/bus/vdev -Ilib/hash -I../lib/hash -Ilib/rcu -I../lib/rcu -Idrivers/common/mlx5 -I../drivers/common/mlx5 -Idrivers/common/mlx5/linux -I../drivers
 /common/mlx5/linux -Idrivers/bus/auxiliary -I../drivers/bus/auxiliary -I/usr/include/libnl3 -fdiagnostics-color=always -pipe -D_FILE_OFFSET_BITS=64 -Wall -Winvalid-pch -Wextra -Werror -std=c11 -O3 -include rte_config.h -Wvla -Wcast-qual -Wdeprecated -Wformat -Wformat-nonliteral -Wformat-security -Wmissing-declarations -Wmissing-prototypes -Wnested-externs -Wold-style-definition -Wpointer-arith -Wsign-compare -Wstrict-prototypes -Wundef -Wwrite-strings -Wno-packed-not-aligned -Wno-missing-field-initializers -D_GNU_SOURCE -fPIC -march=armv8.1-a+crc+crypto -DALLOW_EXPERIMENTAL_API -DALLOW_INTERNAL_API -Wno-format-truncation -Wno-address-of-packed-member -std=c11 -Wno-strict-prototypes -D_BSD_SOURCE -D_DEFAULT_SOURCE -D_XOPEN_SOURCE=600 -UPEDANTIC -Wno-vla -DRTE_LOG_DEFAULT_LOGTYPE=pmd.net.mlx5 -MD -MQ drivers/libtmp_rte_net_mlx5.a.p/net_mlx5_mlx5_rxtx_vec.c.o -MF drivers/libtmp_rte_net_mlx5.a.p/net_mlx5_mlx5_rxtx_vec.c.o.d -o drivers/libtmp_rte_net_mlx5.a.p/net_mlx5_mlx5_rxtx_vec.c.o -
 c ../drivers/net/mlx5/mlx5_rxtx_vec.c
In file included from ../lib/mbuf/rte_mbuf.h:36,
from ../drivers/net/mlx5/mlx5_rxtx_vec.c:10:
../drivers/net/mlx5/mlx5_rxtx_vec.c: In function 'rxq_burst_v':
../lib/eal/include/rte_common.h:765:20: error: comparison of integer expressions of different signedness: 'int' and 'uint32_t' {aka 'unsigned int'} [-Werror=sign-compare]
765 |                 _a < _b ? _a : _b; \
|                    ^
../drivers/net/mlx5/mlx5_rxtx_vec.c:324:18: note: in expansion of macro 'RTE_MIN'
324 |         pkts_n = RTE_MIN(pkts_n - rcvd_pkt, rxq->rq_ci - rxq->rq_pi);
|                  ^~~~~~~
../lib/eal/include/rte_common.h:765:27: error: operand of '?:' changes signedness from 'int' to 'uint32_t' {aka 'unsigned int'} due to unsignedness of other operand [-Werror=sign-compare]
765 |                 _a < _b ? _a : _b; \
|                           ^~
../drivers/net/mlx5/mlx5_rxtx_vec.c:324:18: note: in expansion of macro 'RTE_MIN'
324 |         pkts_n = RTE_MIN(pkts_n - rcvd_pkt, rxq->rq_ci - rxq->rq_pi);
|                  ^~~~~~~
cc1: all warnings being treated as errors
ninja: build stopped: subcommand failed.
==== End log output ====

RHEL9 (ARM)
	Kernel: Depends on container host
	Compiler: gcc 11.5.0 20240719 (Red Hat 11.5.0-2)

Ubuntu 20.04 ARM GCC Cross Compile
	Kernel: Depends on container host
	Compiler: aarch64-linux-gnu-gcc (Ubuntu 9.4.0-1ubuntu1~20.04.2) 9.4.0

Debian 12 with MUSDK
	Kernel: Depends on container host
	Compiler: gcc (Debian 12.2.0-14) 12.2.0

Ubuntu 20.04 ARM SVE
	Kernel: Depends on container host
	Compiler: gcc (Ubuntu 10.5.0-1ubuntu1~20.04) 10.5.0

Fedora 41 (ARM Clang)
	Kernel: Depends on container host
	Compiler: clang 19.1.5 (Fedora 19.1.5-1.fc41)

Fedora 40 (ARM)
	Kernel: Depends on container host
	Compiler: gcc 14.2.1 20240912 (Red Hat 14.2.1-3)

Fedora 41 (ARM)
	Kernel: Depends on container host
	Compiler: gcc 14.2.1 20240912 (Red Hat 14.2.1-3)

Fedora 40 (ARM Clang)
	Kernel: Depends on container host
	Compiler: clang 18.1.8 (Fedora 18.1.8-1.fc40)

Ubuntu 22.04 (ARM)
	Kernel: Depends on container host
	Compiler: gcc (Ubuntu 11.4.0-1ubuntu1~22.04) 11.4.0

Ubuntu 24.04 (ARM)
	Kernel: Depends on container host
	Compiler: gcc (Ubuntu 13.3.0-6ubuntu2~24.04) 13.3.0

Ubuntu 20.04 (ARM)
	Kernel: Depends on container host
	Compiler: gcc (Ubuntu 9.4.0-1ubuntu1~20.04.2) 9.4.0

CentOS Stream 9 (ARM)
	Kernel: Depends on container host
	Compiler: gcc 11.5.0 20240719 (Red Hat 11.5.0-2)

CentOS Stream 10 (ARM)
	Kernel: Depends on container host
	Compiler: gcc 14.2.1 20241104 (Red Hat 14.2.1-6)

Debian 12 (arm)
	Kernel: Depends on container host
	Compiler: gcc (Debian 12.2.0-14) 12.2.0

Ubuntu 20.04 aarch32 GCC Cross Compile
	Kernel: Depends on container host
	Compiler: gcc 9.4.0

Ubuntu 20.04 ARM Clang Cross Compile
	Kernel: Depends on container host
	Compiler: clang 10.0.0-4ubuntu1

To view detailed results, visit:
https://lab.dpdk.org/results/dashboard/patchsets/33048/

UNH-IOL DPDK Community Lab

To manage your email subscriptions, visit: 
https://lab.dpdk.org/results/dashboard/preferences/subscriptions/