From mboxrd@z Thu Jan 1 00:00:00 1970 Return-Path: Received: from mails.dpdk.org (mails.dpdk.org [217.70.189.124]) by inbox.dpdk.org (Postfix) with ESMTP id 97E8346602 for ; Tue, 22 Apr 2025 23:10:32 +0200 (CEST) Received: from mails.dpdk.org (localhost [127.0.0.1]) by mails.dpdk.org (Postfix) with ESMTP id 5EB8240156; Tue, 22 Apr 2025 23:10:32 +0200 (CEST) Received: from mail-oo1-f98.google.com (mail-oo1-f98.google.com [209.85.161.98]) by mails.dpdk.org (Postfix) with ESMTP id 7652F40151 for ; Tue, 22 Apr 2025 23:10:31 +0200 (CEST) Received: by mail-oo1-f98.google.com with SMTP id 006d021491bc7-605fc8e319bso2249523eaf.1 for ; Tue, 22 Apr 2025 14:10:31 -0700 (PDT) DKIM-Signature: v=1; a=rsa-sha256; c=relaxed/relaxed; d=iol.unh.edu; s=unh-iol; t=1745356230; x=1745961030; darn=dpdk.org; h=references:in-reply-to:cc:to:from:subject:message-id:date:from:to :cc:subject:date:message-id:reply-to; bh=EX2PRsf5fKxQHm3kZuSTotnkDu/ZWjzH5utYYCXuJkk=; b=elNnUarSwUjYPOSYH2Nm8Svt/BL2zIxbiWx0o4HyLS5MrCiXDie5fG+YVa9ZXQuSGn whYtG1MvyFseFD+Za7fw/NqBh52Q0iI8y04HiBWiehF5U+om2ETxbpk9l63Vx1d0Dffc VXF89kmxH/A55J9id336UDxIALI3EnJ28ibCs= X-Google-DKIM-Signature: v=1; a=rsa-sha256; c=relaxed/relaxed; d=1e100.net; s=20230601; t=1745356230; x=1745961030; h=references:in-reply-to:cc:to:from:subject:message-id:date :x-gm-message-state:from:to:cc:subject:date:message-id:reply-to; bh=EX2PRsf5fKxQHm3kZuSTotnkDu/ZWjzH5utYYCXuJkk=; b=j7Mcz3m9YwiXa2ndFADadnNS7L6OEI4LkRNrZW03dxS1gTv6Ve540ThziyiMUDWKTi JWMZKf6ft4UZVRk3SC6pkhchYKHZpm4r48PQ6ryd2bxl41iSIhJdGrSytCHYr8bh2mp2 Jj+HJz0ngicZymaGQHNBB3ljfwTmZqZKaOpwMFWO+pk+3ftZBz5z+3K1SnIBZsqPuUZI InyZCSd23Z/ooVzXGMs0xkp9WgFzw/8m8OtH4T8X/Wk/6uCwFiwh+XgQVwVlituQaeV2 HE0k10msVOir4W+1keEzqBA0Zrs/RgKtgbJaeduj9nZzZWnCr/YKceSjzjg6a+lYMF/H t34A== X-Gm-Message-State: AOJu0YxAX3HmxeS3qaWfcbvh+TakYosklp6Y//UxD1ivLxRMqttlG0UZ ah1jE1tD8OWllPe+qnjISJpH0a2oRrxHUBsAKJwvCR7afGon942s443Xh0nt4wX07rLoyTvuwrH izG7u32cfrSh0835TBKYBu8vCBCzggBM/qpesX7sBzLjRzLqL810mmo2s X-Gm-Gg: ASbGnct+1YkdO1iy3l6VtJri/MWlufYN+yptNoXf8XxcviXOzf1JqBednA372HhnPey nRQjYwVm44DeKNMxJKsApQnSZSELN6qBhquLbR8NnOHZ/CAagXQ5Anx3kLOcSF5ljmvIrxhWXFD EmQdkm8779M+mJ14KKCpm6h+JaBoSYsReg+ClBVHd6qX8JihnavM3ZJEWV0DAMpqz4eI4eC4mRs Lem9GkipEWZ9Bppi6i9HTd7o3iy0T1L9zZP27bJjFs4qKIIoic8COOutWgpGNAa31dTS+CXJR04 E+JO2ih1lYq0H5NChru8gq6yRRHk14SMjf7RMRLnbvhA2r2Z X-Google-Smtp-Source: AGHT+IFvZ/+nYwWCpF9bMo/xZzF1UaQUyHz+jE7VHH6m/CQuxiwSqpE0iDyKqIjXp+V+yuEK5RCKg7eBWp14 X-Received: by 2002:a05:6820:308b:b0:604:18c9:79e4 with SMTP id 006d021491bc7-6060054a2fdmr10380214eaf.3.1745356230389; Tue, 22 Apr 2025 14:10:30 -0700 (PDT) Received: from postal.iol.unh.edu (postal.iol.unh.edu. [2606:4100:3880:1234::84]) by smtp-relay.gmail.com with ESMTPS id 006d021491bc7-605ff67d595sm118501eaf.18.2025.04.22.14.10.30 (version=TLS1_2 cipher=ECDHE-ECDSA-AES128-GCM-SHA256 bits=128/128); Tue, 22 Apr 2025 14:10:30 -0700 (PDT) X-Relaying-Domain: iol.unh.edu Date: Tue, 22 Apr 2025 14:10:30 -0700 (PDT) Message-ID: <680805c6.4a0a0220.92925.68bbSMTPIN_ADDED_MISSING@mx.google.com> Received: from [172.21.0.5] (unknown [172.18.0.240]) by postal.iol.unh.edu (Postfix) with ESMTP id 78F916052471; Tue, 22 Apr 2025 17:10:29 -0400 (EDT) Subject: |WARNING| pw153073 [PATCH] [V2] ethdev_trace.h: Update the trace poi From: dpdklab@iol.unh.edu To: Test Report Cc: dpdk-test-reports@iol.unh.edu In-Reply-To: <20250422122956.1217418-1-changqing.li@windriver.com> References: <20250422122956.1217418-1-changqing.li@windriver.com> Content-Type: text/plain X-BeenThere: test-report@dpdk.org X-Mailman-Version: 2.1.29 Precedence: list List-Id: automatic DPDK test reports List-Unsubscribe: , List-Archive: List-Post: List-Help: List-Subscribe: , Errors-To: test-report-bounces@dpdk.org Test-Label: iol-abi-testing Test-Status: WARNING http://dpdk.org/patch/153073 _Testing issues_ Submitter: Date: Tuesday, April 22 2025 12:29:56 DPDK git baseline: Repo:dpdk Branch: master CommitID:3829b7150b2bacd8df97134f85ec61bfbdc3f4b1 153073 --> testing issues Upstream job id: Generic-DPDK-Compile-ABI#124129 Test environment and result as below: +-------------------+----------+ | Environment | abi_test | +===================+==========+ | CentOS Stream 9 | FAIL | +-------------------+----------+ | CentOS Stream 10 | FAIL | +-------------------+----------+ | Debian 12 | FAIL | +-------------------+----------+ | Fedora 40 | FAIL | +-------------------+----------+ | Fedora 40 (Clang) | FAIL | +-------------------+----------+ | Fedora 41 (Clang) | FAIL | +-------------------+----------+ | openSUSE Leap 15 | FAIL | +-------------------+----------+ | RHEL9 | FAIL | +-------------------+----------+ | Fedora 41 | FAIL | +-------------------+----------+ | Ubuntu 22.04 | FAIL | +-------------------+----------+ | Ubuntu 24.04 | FAIL | +-------------------+----------+ | RHEL8 | FAIL | +-------------------+----------+ ==== 20 line log output for RHEL8 (abi_test): ==== Variables changes summary: 0 Removed, 0 Changed, 0 Added variable Functions changes summary: 0 Removed, 0 Changed (4 filtered out), 0 Added functions Variables changes summary: 0 Removed, 0 Changed, 0 Added variable Functions changes summary: 0 Removed, 0 Changed (2 filtered out), 0 Added functions Variables changes summary: 0 Removed, 0 Changed, 0 Added variable Functions changes summary: 0 Removed, 0 Changed (5 filtered out), 0 Added functions Variables changes summary: 0 Removed, 0 Changed, 0 Added variable Functions changes summary: 0 Removed, 0 Changed (24 filtered out), 0 Added functions Variables changes summary: 0 Removed, 0 Changed (2 filtered out), 0 Added variables Functions changes summary: 0 Removed, 0 Changed (7 filtered out), 0 Added functions Variables changes summary: 0 Removed, 0 Changed, 0 Added variable Functions changes summary: 0 Removed, 0 Changed (4 filtered out), 0 Added (1 filtered out) functions Variables changes summary: 0 Removed, 0 Changed (1 filtered out), 0 Added variable ==== End log output ==== CentOS Stream 9 Kernel: Depends on container host Compiler: gcc 11.5.0 20240719 (Red Hat 11.5.0-2) CentOS Stream 10 Kernel: Depends on container host Compiler: gcc 14.2.1 20241104 (Red Hat 14.2.1-6) Debian 12 Kernel: Depends on container host Compiler: gcc (Debian 12.2.0-14) 12.2.0 Fedora 40 Kernel: Depends on container host Compiler: gcc 14.2.1 20240912 (Red Hat 14.2.1-3) Fedora 40 (Clang) Kernel: Depends on container host Compiler: clang 18.1.8 (Fedora 18.1.8-1.fc40) Fedora 41 (Clang) Kernel: Depends on container host Compiler: clang 19.1.5 (Fedora 19.1.5-1.fc41) openSUSE Leap 15 Kernel: Depends on container host Compiler: gcc (SUSE Linux) 7.5.0 RHEL9 Kernel: Depends on container host Compiler: gcc 11.5.0 20240719 (Red Hat 11.5.0-2) Fedora 41 Kernel: Depends on container host Compiler: gcc 14.2.1 20240912 (Red Hat 14.2.1-3) Ubuntu 22.04 Kernel: Depends on container host Compiler: gcc (Ubuntu 11.4.0-1ubuntu1~22.04) 11.4.0 Ubuntu 24.04 Kernel: Depends on container host Compiler: gcc (Ubuntu 13.3.0-6ubuntu2~24.04) 13.3.0 RHEL8 Kernel: Depends on container host Compiler: gcc 8.5.0 20210514 (Red Hat 8.5.0-22) To view detailed results, visit: https://lab.dpdk.org/results/dashboard/patchsets/33050/ UNH-IOL DPDK Community Lab To manage your email subscriptions, visit: https://lab.dpdk.org/results/dashboard/preferences/subscriptions/