From mboxrd@z Thu Jan  1 00:00:00 1970
Return-Path: <test-report-bounces@dpdk.org>
Received: from mails.dpdk.org (mails.dpdk.org [217.70.189.124])
	by inbox.dpdk.org (Postfix) with ESMTP id 3F22A46618
	for <public@inbox.dpdk.org>; Thu, 24 Apr 2025 08:31:30 +0200 (CEST)
Received: from mails.dpdk.org (localhost [127.0.0.1])
	by mails.dpdk.org (Postfix) with ESMTP id 3A0BF40156;
	Thu, 24 Apr 2025 08:31:30 +0200 (CEST)
Received: from mail-yb1-f228.google.com (mail-yb1-f228.google.com
 [209.85.219.228])
 by mails.dpdk.org (Postfix) with ESMTP id 51EF9400D5
 for <test-report@dpdk.org>; Thu, 24 Apr 2025 08:31:29 +0200 (CEST)
Received: by mail-yb1-f228.google.com with SMTP id
 3f1490d57ef6-e7270e0edf5so604381276.2
 for <test-report@dpdk.org>; Wed, 23 Apr 2025 23:31:29 -0700 (PDT)
DKIM-Signature: v=1; a=rsa-sha256; c=relaxed/relaxed;
 d=iol.unh.edu; s=unh-iol; t=1745476288; x=1746081088; darn=dpdk.org;
 h=cc:to:from:subject:message-id:date:from:to:cc:subject:date
 :message-id:reply-to;
 bh=+r447jMg7kFC+XpFjakHMtkjDpw3IYeEETxi6lLEq6w=;
 b=dV+Ka9uRIOsv+ZoraXeQuXH0JjTvbCYChgLUUmzAvbw8XPXTM4ZVcTXV3Smrtra2hx
 DqEJx7/DvB1i9JQuK3m3wMhm1e3yw0Y/4V7NvGS9166eaf/1c1NVCTUbm1E2bFNQ/qn3
 aEvMDqYTKCqiD4Cistq43VCeZKvv42f4EH4Kk=
X-Google-DKIM-Signature: v=1; a=rsa-sha256; c=relaxed/relaxed;
 d=1e100.net; s=20230601; t=1745476288; x=1746081088;
 h=cc:to:from:subject:message-id:date:x-gm-message-state:from:to:cc
 :subject:date:message-id:reply-to;
 bh=+r447jMg7kFC+XpFjakHMtkjDpw3IYeEETxi6lLEq6w=;
 b=FEHex0lQac7LK8iWBeC2ELNm89jVU1gsXNmJVF3uu067+dlznWY5Cia/iHG2u0gtIE
 phxLge83K6nyT8pR4kMReCPhS5ZeiTQvyILbie4glMpaPlfvwPhwtEK46He+ldpnpm3y
 TycaM1qKR8AXh3Ilq85UjeQunJZG1zk2/NUYsFZh/95synmnVAvcish+BApJ5OtidGhs
 JKLhZzoSZk4Ideq7TRXdFMOXIDY1RJDOq9j4ILaRkkKdqFlKqq7k3A9F5dym8lXwBDl8
 0Koe0VkdR5W/Nq0LHEJKll4lWjdhKXId8XpLLiguntk+LRyunrKYQ/c/igyTlmu60Fse
 /B2A==
X-Gm-Message-State: AOJu0Yx18W9PTG+mNPGXqj9spMCK0ouAwhv+/a/kNjNOScf8Xk5c9+g9
 NGvHwA7/LAlYshKR875RrJGoVcTBPkioHmz30VAQyshF02Q//m4tjnvZk0n+xQYaR4faPrSVkf1
 7rMV3g5JrT/fbwxmHINSc+QeuOBlXDy4T
X-Gm-Gg: ASbGncsdCOYSwgTm0v9yMDF0O9kyAtf23bpo8YPquM+kQyqgS6W6qfUnb12K+/miIqa
 6wfr+TiURPXpQSsMZIdnYm2cljH9vQ5rrc7nTW/9LnUpswYcOJZiiR4sZ1wpm8pfo2M/mtF9r4H
 ncCjpc/7tyFBPYSsttn8xw549/nDjGiBihTlEF2eLfPIqe9S/b6rxNNwTkN1PVEIJU9UMhfW4X0
 dYxZqAYZQOo3qQOLfhYkV5eN6NWQ5t+lw008uxqVb9aonCMf7NditlwxXRawP/ErcJAoo0cXq5N
 W7Aa/lxqMpKD4mygOeSuwmO/C0ZOb24YZnTU
X-Google-Smtp-Source: AGHT+IGQlKV+0tb5z/vcw9olTzc9cxFM4av4dK9jZrbLJ0+5YScj7iBl1u1I2UcNfMCdBDbHsLuxFwY0ULhf
X-Received: by 2002:a05:6902:2402:b0:e6d:e8d4:680b with SMTP id
 3f1490d57ef6-e730351554fmr2228605276.6.1745476288649; 
 Wed, 23 Apr 2025 23:31:28 -0700 (PDT)
Received: from postal.iol.unh.edu (postal.iol.unh.edu. [132.177.123.84])
 by smtp-relay.gmail.com with ESMTPS id
 3f1490d57ef6-e73045421d4sm42088276.8.2025.04.23.23.31.28
 (version=TLS1_2 cipher=ECDHE-ECDSA-AES128-GCM-SHA256 bits=128/128);
 Wed, 23 Apr 2025 23:31:28 -0700 (PDT)
X-Relaying-Domain: iol.unh.edu
Date: Wed, 23 Apr 2025 23:31:28 -0700 (PDT)
Message-ID: <6809dac0.250a0220.1952e6.2b06SMTPIN_ADDED_MISSING@mx.google.com>
Received: from [172.21.0.5] (unknown [172.18.0.240])
 by postal.iol.unh.edu (Postfix) with ESMTP id 323F06052471;
 Thu, 24 Apr 2025 02:31:28 -0400 (EDT)
Subject: |WARNING| [GIT MASTER] 4401486b5e30d43a134f80f9802f60b5f43e74a8
From: dpdklab@iol.unh.edu
To: Test Report <test-report@dpdk.org>
Cc: dpdk-test-reports@iol.unh.edu, Xueming Li <xuemingl@nvidia.com>,
 Christian Ehrhardt <christian.ehrhardt@canonical.com>,
 Kevin Traynor <ktraynor@redhat.com>, Luca Boccassi <bluca@debian.org>
Content-Type: text/plain
X-BeenThere: test-report@dpdk.org
X-Mailman-Version: 2.1.29
Precedence: list
List-Id: automatic DPDK test reports <test-report.dpdk.org>
List-Unsubscribe: <https://mails.dpdk.org/options/test-report>,
 <mailto:test-report-request@dpdk.org?subject=unsubscribe>
List-Archive: <http://mails.dpdk.org/archives/test-report/>
List-Post: <mailto:test-report@dpdk.org>
List-Help: <mailto:test-report-request@dpdk.org?subject=help>
List-Subscribe: <https://mails.dpdk.org/listinfo/test-report>,
 <mailto:test-report-request@dpdk.org?subject=subscribe>
Errors-To: test-report-bounces@dpdk.org

_Testing issues_

Branch: tags/v22.11

4401486b5e30d43a134f80f9802f60b5f43e74a8 --> testing issues

Upstream job id: Windows-Compile-DPDK-Native#28040

Test environment and result as below:

+---------------------+--------------------+-------------------------+
|     Environment     | dpdk_meson_compile | dpdk_llvm_clang_compile |
+=====================+====================+=========================+
| CentOS Stream 9     | PEND               | SKIPPED                 |
+---------------------+--------------------+-------------------------+
| CentOS Stream 10    | PEND               | SKIPPED                 |
+---------------------+--------------------+-------------------------+
| Debian 12           | PEND               | SKIPPED                 |
+---------------------+--------------------+-------------------------+
| Fedora 40 (Clang)   | PEND               | SKIPPED                 |
+---------------------+--------------------+-------------------------+
| Fedora 40           | PEND               | SKIPPED                 |
+---------------------+--------------------+-------------------------+
| openSUSE Leap 15    | PEND               | SKIPPED                 |
+---------------------+--------------------+-------------------------+
| Ubuntu 20.04        | PASS               | SKIPPED                 |
+---------------------+--------------------+-------------------------+
| Fedora 41 (Clang)   | PEND               | SKIPPED                 |
+---------------------+--------------------+-------------------------+
| Fedora 41           | PEND               | SKIPPED                 |
+---------------------+--------------------+-------------------------+
| RHEL9               | PEND               | SKIPPED                 |
+---------------------+--------------------+-------------------------+
| RHEL8               | PEND               | SKIPPED                 |
+---------------------+--------------------+-------------------------+
| Ubuntu 22.04        | PEND               | SKIPPED                 |
+---------------------+--------------------+-------------------------+
| Ubuntu 24.04        | PEND               | SKIPPED                 |
+---------------------+--------------------+-------------------------+
| FreeBSD 13.5        | PASS               | SKIPPED                 |
+---------------------+--------------------+-------------------------+
| FreeBSD 14.2        | PASS               | SKIPPED                 |
+---------------------+--------------------+-------------------------+
| Windows Server 2022 | SKIPPED            | FAIL                    |
+---------------------+--------------------+-------------------------+

==== 20 line log output for Windows Server 2022 (dpdk_llvm_clang_compile): ====
..\lib\eal\include/rte_common.h:850:32: note: expanded from macro 'RTE_FMT_TAIL'
#define RTE_FMT_TAIL(fmt, ...) __VA_ARGS__
^~~~~~~~~~~
..\lib\eal\include/rte_common.h:848:39: note: expanded from macro 'RTE_FMT'
#define RTE_FMT(fmt, ...) fmt "%.0s", __VA_ARGS__ ""
^~~~~~~~~~~
../drivers/crypto/mlx5/mlx5_crypto.c:463:18: note: forward declaration of 'struct mlx5_err_cqe'
volatile struct mlx5_err_cqe *cqe = (volatile struct mlx5_err_cqe *)
^
3 errors generated.
[625/788] Linking static target drivers/libtmp_rte_net_octeon_ep.a
[626/788] Compiling C object drivers/libtmp_rte_net_vmxnet3.a.p/net_vmxnet3_vmxnet3_ethdev.c.obj
[627/788] Compiling C object drivers/libtmp_rte_net_vmxnet3.a.p/net_vmxnet3_vmxnet3_rxtx.c.obj
[628/788] Compiling C object drivers/libtmp_rte_crypto_mlx5.a.p/crypto_mlx5_mlx5_crypto_dek.c.obj
[629/788] Compiling C object app/dpdk-testpmd.exe.p/test-pmd_cmdline_tm.c.obj
[630/788] Compiling C object drivers/libtmp_rte_net_mlx5.a.p/net_mlx5_mlx5_tx_empw.c.obj
[631/788] Compiling C object drivers/libtmp_rte_net_mlx5.a.p/net_mlx5_mlx5_tx_nompw.c.obj
[632/788] Compiling C object app/test/dpdk-test.exe.p/test_cryptodev.c.obj
[633/788] Compiling C object drivers/libtmp_rte_net_mlx5.a.p/net_mlx5_mlx5_tx_txpp.c.obj
ninja: build stopped: subcommand failed.
==== End log output ====

CentOS Stream 9
	Kernel: Depends on container host
	Compiler: gcc 11.5.0 20240719 (Red Hat 11.5.0-2)

CentOS Stream 10
	Kernel: Depends on container host
	Compiler: gcc 14.2.1 20241104 (Red Hat 14.2.1-6)

Debian 12
	Kernel: Depends on container host
	Compiler: gcc (Debian 12.2.0-14) 12.2.0

Fedora 40 (Clang)
	Kernel: Depends on container host
	Compiler: clang 18.1.8 (Fedora 18.1.8-1.fc40)

Fedora 40
	Kernel: Depends on container host
	Compiler: gcc 14.2.1 20240912 (Red Hat 14.2.1-3)

openSUSE Leap 15
	Kernel: Depends on container host
	Compiler: gcc (SUSE Linux) 7.5.0

Ubuntu 20.04
	Kernel: Depends on container host
	Compiler: gcc (Ubuntu 9.4.0-1ubuntu1~20.04.2) 9.4.0

Fedora 41 (Clang)
	Kernel: Depends on container host
	Compiler: clang 19.1.5 (Fedora 19.1.5-1.fc41)

Fedora 41
	Kernel: Depends on container host
	Compiler: gcc 14.2.1 20240912 (Red Hat 14.2.1-3)

RHEL9
	Kernel: Depends on container host
	Compiler: gcc 11.5.0 20240719 (Red Hat 11.5.0-2)

RHEL8
	Kernel: Depends on container host
	Compiler: gcc 8.5.0 20210514 (Red Hat 8.5.0-22)

Ubuntu 22.04
	Kernel: Depends on container host
	Compiler: gcc (Ubuntu 11.4.0-1ubuntu1~22.04) 11.4.0

Ubuntu 24.04
	Kernel: Depends on container host
	Compiler: gcc (Ubuntu 13.3.0-6ubuntu2~24.04) 13.3.0

FreeBSD 13.5
	Kernel: 13.5-RELEASE
	Compiler: clang 19.1.7

FreeBSD 14.2
	Kernel: 14.2-RELEASE
	Compiler: clang 18.1.6

Windows Server 2022
	Kernel: 10.0.20348.2031
	Compiler: clang 15.0.7, gcc 14.1.0 (MinGW), and MSVC VS 19.39.33521

To view detailed results, visit:
https://lab.dpdk.org/results/dashboard/tarballs/33345/

UNH-IOL DPDK Community Lab

To manage your email subscriptions, visit: 
https://lab.dpdk.org/results/dashboard/preferences/subscriptions/