From mboxrd@z Thu Jan  1 00:00:00 1970
Return-Path: <test-report-bounces@dpdk.org>
Received: from mails.dpdk.org (mails.dpdk.org [217.70.189.124])
	by inbox.dpdk.org (Postfix) with ESMTP id 28E3D4661C
	for <public@inbox.dpdk.org>; Thu, 24 Apr 2025 10:37:49 +0200 (CEST)
Received: from mails.dpdk.org (localhost [127.0.0.1])
	by mails.dpdk.org (Postfix) with ESMTP id 253D940156;
	Thu, 24 Apr 2025 10:37:49 +0200 (CEST)
Received: from mail-il1-f227.google.com (mail-il1-f227.google.com
 [209.85.166.227])
 by mails.dpdk.org (Postfix) with ESMTP id C5BF7400D5
 for <test-report@dpdk.org>; Thu, 24 Apr 2025 10:37:47 +0200 (CEST)
Received: by mail-il1-f227.google.com with SMTP id
 e9e14a558f8ab-3d8b6954251so2798345ab.0
 for <test-report@dpdk.org>; Thu, 24 Apr 2025 01:37:47 -0700 (PDT)
DKIM-Signature: v=1; a=rsa-sha256; c=relaxed/relaxed;
 d=iol.unh.edu; s=unh-iol; t=1745483867; x=1746088667; darn=dpdk.org;
 h=cc:to:from:subject:message-id:date:from:to:cc:subject:date
 :message-id:reply-to;
 bh=r/gM/IwVhHUBjR7IHX1dFrLmcejSut8HShlkecediIw=;
 b=T0760E9EIRB2mWD9BkFCW1ncQUm/Wkkaxt+sKNQA4Qp2ZM/bK8/Goe07ixDyEcPgKs
 sKdp/eUkLcsREKgPWfjpztKAjCOyR9ZYELjrtzRMmbJ6Cnsxs/xt+RRZKllcdxZgDwG3
 1JX5HPA05qD37dFfEwx8aIyoNCQ8hyz0p6Uow=
X-Google-DKIM-Signature: v=1; a=rsa-sha256; c=relaxed/relaxed;
 d=1e100.net; s=20230601; t=1745483867; x=1746088667;
 h=cc:to:from:subject:message-id:date:x-gm-message-state:from:to:cc
 :subject:date:message-id:reply-to;
 bh=r/gM/IwVhHUBjR7IHX1dFrLmcejSut8HShlkecediIw=;
 b=wW/q0GyRHI0/aC1EcfxNxcoIs1rxIeg7Eag2GHLe4K+UYrp3qBDsbns9wGWKDMGyde
 ENc7FjbtQsm/OPMiKp2QMkiN0ylATuOAvGzAMA2CS+8JKOKWDqHF0NsoqVRyPr4UdWI9
 SCjq1x63F8eyOY0wPbfBpabOfd7hpn8FuC2JfxUvjiJHd4pEJ1K4Xhl7O6+BuZuSVqkl
 h4POr/vLyi2mInbMOYFbh3noI/IWC8+f747S+xF8S8sulh5Wqxn3tAVKuC1TId6gWuI5
 pP7Cq7DmuJ2EWoy9U4kA1+UTpM6LOjh14DhTLI//GfoRiGGgAm249DkYTwMv6eYtz9ZM
 QwKw==
X-Gm-Message-State: AOJu0YxEKmPt2K/UA7QlCZX9q2THOE3BIc0KTS4kzLNA6iZMqe8HuadT
 tkvjTvNfN+9LRweBEtJB1ti1R1LKbrhh1Tl0+hU4JRT3SrGUeSqGHHPhlBvKYzwei9UB/2Js+Kt
 yzzuF6lY8Dlfuh8eto2MMk5v3BgKSgPjK
X-Gm-Gg: ASbGncurInYRRDaelD6VxouwblgBurqc0/QMg6xX5S7j2K5Pe2TCdzR6UraF+1Hpb4f
 FjREHFT2E8RrkwBAXqy4VTPvZgABBp8PzwVdD3efMGbpszZUSnEgq5aZjt+k3pq3s6Xcmw2ydzC
 ftliBDFe4j68Cai1rQZiqOd0zseBwTn4KJEHboCTw2pZVFgluWkL/cmg2IaM5rpLg0CKInn1aeW
 +KfTj+Xy8ywqy65wunFtX9GZk9f68ncw+U6aUrtJP6bZ6CPUH25tNnyGnR4ncTCgHjewyLuCuw9
 1tC125O88UBOx6nE6rSHa1EsZ3pzx6bSgq2F
X-Google-Smtp-Source: AGHT+IHuU01ZnhScK/mT8lq/tmXH8AHpP4o+Blf3a94d2c4GkqMwnyOwKUxH9U3saNXt93hLJdw6BjUPQPM4
X-Received: by 2002:a05:6e02:1989:b0:3d8:2197:1aa0 with SMTP id
 e9e14a558f8ab-3d9303b269fmr14838135ab.11.1745483867045; 
 Thu, 24 Apr 2025 01:37:47 -0700 (PDT)
Received: from postal.iol.unh.edu (postal.iol.unh.edu. [132.177.123.84])
 by smtp-relay.gmail.com with ESMTPS id
 8926c6da1cb9f-4f824a41c86sm34594173.27.2025.04.24.01.37.46
 (version=TLS1_2 cipher=ECDHE-ECDSA-AES128-GCM-SHA256 bits=128/128);
 Thu, 24 Apr 2025 01:37:47 -0700 (PDT)
X-Relaying-Domain: iol.unh.edu
Date: Thu, 24 Apr 2025 01:37:47 -0700 (PDT)
Message-ID: <6809f85b.050a0220.a528a.256cSMTPIN_ADDED_MISSING@mx.google.com>
Received: from [172.21.0.5] (unknown [172.18.0.240])
 by postal.iol.unh.edu (Postfix) with ESMTP id 7E0796052471;
 Thu, 24 Apr 2025 04:37:46 -0400 (EDT)
Subject: |FAILURE| [GIT MASTER] 4401486b5e30d43a134f80f9802f60b5f43e74a8
From: dpdklab@iol.unh.edu
To: Test Report <test-report@dpdk.org>
Cc: dpdk-test-reports@iol.unh.edu, Xueming Li <xuemingl@nvidia.com>,
 Christian Ehrhardt <christian.ehrhardt@canonical.com>,
 Kevin Traynor <ktraynor@redhat.com>, Luca Boccassi <bluca@debian.org>
Content-Type: text/plain
X-BeenThere: test-report@dpdk.org
X-Mailman-Version: 2.1.29
Precedence: list
List-Id: automatic DPDK test reports <test-report.dpdk.org>
List-Unsubscribe: <https://mails.dpdk.org/options/test-report>,
 <mailto:test-report-request@dpdk.org?subject=unsubscribe>
List-Archive: <http://mails.dpdk.org/archives/test-report/>
List-Post: <mailto:test-report@dpdk.org>
List-Help: <mailto:test-report-request@dpdk.org?subject=help>
List-Subscribe: <https://mails.dpdk.org/listinfo/test-report>,
 <mailto:test-report-request@dpdk.org?subject=subscribe>
Errors-To: test-report-bounces@dpdk.org

_Testing issues_

Branch: tags/v22.11

4401486b5e30d43a134f80f9802f60b5f43e74a8 --> testing issues

Upstream job id: Generic-Unit-Test-DPDK#333234

Test environment and result as below:

+---------------------+----------------+
|     Environment     | dpdk_unit_test |
+=====================+================+
| Ubuntu 22.04        | FAIL           |
+---------------------+----------------+
| Debian 12           | PEND           |
+---------------------+----------------+
| Fedora 40           | FAIL           |
+---------------------+----------------+
| CentOS Stream 10    | FAIL           |
+---------------------+----------------+
| Fedora 40 (Clang)   | FAIL           |
+---------------------+----------------+
| Fedora 41           | FAIL           |
+---------------------+----------------+
| Ubuntu 20.04        | PASS           |
+---------------------+----------------+
| CentOS Stream 9     | FAIL           |
+---------------------+----------------+
| Fedora 41 (Clang)   | FAIL           |
+---------------------+----------------+
| RHEL8               | FAIL           |
+---------------------+----------------+
| Ubuntu 24.04        | PEND           |
+---------------------+----------------+
| RHEL9               | PEND           |
+---------------------+----------------+
| Windows Server 2022 | FAIL           |
+---------------------+----------------+

==== Unit test summary for Windows Server 2022 (dpdk_unit_test): ====
Failed to get the unit test results.
Displaying the unit test results is not supported for some environments,
such as our aarch32 testing, where meson is not used to run the tests.
Download the logs available on our CI site.
==== End log output ====

Ubuntu 22.04
	Kernel: Depends on container host
	Compiler: gcc (Ubuntu 11.4.0-1ubuntu1~22.04) 11.4.0

Debian 12
	Kernel: Depends on container host
	Compiler: gcc (Debian 12.2.0-14) 12.2.0

Fedora 40
	Kernel: Depends on container host
	Compiler: gcc 14.2.1 20240912 (Red Hat 14.2.1-3)

CentOS Stream 10
	Kernel: Depends on container host
	Compiler: gcc 14.2.1 20241104 (Red Hat 14.2.1-6)

Fedora 40 (Clang)
	Kernel: Depends on container host
	Compiler: clang 18.1.8 (Fedora 18.1.8-1.fc40)

Fedora 41
	Kernel: Depends on container host
	Compiler: gcc 14.2.1 20240912 (Red Hat 14.2.1-3)

Ubuntu 20.04
	Kernel: Depends on container host
	Compiler: gcc (Ubuntu 9.4.0-1ubuntu1~20.04.2) 9.4.0

CentOS Stream 9
	Kernel: Depends on container host
	Compiler: gcc 11.5.0 20240719 (Red Hat 11.5.0-2)

Fedora 41 (Clang)
	Kernel: Depends on container host
	Compiler: clang 19.1.5 (Fedora 19.1.5-1.fc41)

RHEL8
	Kernel: Depends on container host
	Compiler: gcc 8.5.0 20210514 (Red Hat 8.5.0-22)

Ubuntu 24.04
	Kernel: Depends on container host
	Compiler: gcc (Ubuntu 13.3.0-6ubuntu2~24.04) 13.3.0

RHEL9
	Kernel: Depends on container host
	Compiler: gcc 11.5.0 20240719 (Red Hat 11.5.0-2)

Windows Server 2022
	Kernel: 10.0.20348.2031
	Compiler: clang 15.0.7, gcc 14.1.0 (MinGW), and MSVC VS 19.39.33521

To view detailed results, visit:
https://lab.dpdk.org/results/dashboard/tarballs/33345/

UNH-IOL DPDK Community Lab

To manage your email subscriptions, visit: 
https://lab.dpdk.org/results/dashboard/preferences/subscriptions/