From mboxrd@z Thu Jan  1 00:00:00 1970
Return-Path: <test-report-bounces@dpdk.org>
Received: from mails.dpdk.org (mails.dpdk.org [217.70.189.124])
	by inbox.dpdk.org (Postfix) with ESMTP id BAAF54661C
	for <public@inbox.dpdk.org>; Thu, 24 Apr 2025 10:56:28 +0200 (CEST)
Received: from mails.dpdk.org (localhost [127.0.0.1])
	by mails.dpdk.org (Postfix) with ESMTP id 9914940156;
	Thu, 24 Apr 2025 10:56:28 +0200 (CEST)
Received: from mail-io1-f100.google.com (mail-io1-f100.google.com
 [209.85.166.100])
 by mails.dpdk.org (Postfix) with ESMTP id 46DFC400D5
 for <test-report@dpdk.org>; Thu, 24 Apr 2025 10:56:27 +0200 (CEST)
Received: by mail-io1-f100.google.com with SMTP id
 ca18e2360f4ac-85db3475637so58185439f.1
 for <test-report@dpdk.org>; Thu, 24 Apr 2025 01:56:27 -0700 (PDT)
DKIM-Signature: v=1; a=rsa-sha256; c=relaxed/relaxed;
 d=iol.unh.edu; s=unh-iol; t=1745484986; x=1746089786; darn=dpdk.org;
 h=cc:to:from:subject:message-id:date:from:to:cc:subject:date
 :message-id:reply-to;
 bh=6gU93spz3/NYVqDz1ReLcrOWyIXh8PJzLO9xaVeH4ec=;
 b=CyylIheSPoaGLF6O302RZSow+r0PHDEp6jhUCVFDX6bGfTTv+UpPTjcHRqIk95GN9K
 KxlGEgf0g5IZUl79ljBw7iaUdH3yEtzZOh2EObChIRGqJpwSWI40d19NfYZVpB/c7vXb
 8ZRVanCbz8BvKfkKITMNP6c8I0p7a1GtvAj4Y=
X-Google-DKIM-Signature: v=1; a=rsa-sha256; c=relaxed/relaxed;
 d=1e100.net; s=20230601; t=1745484986; x=1746089786;
 h=cc:to:from:subject:message-id:date:x-gm-message-state:from:to:cc
 :subject:date:message-id:reply-to;
 bh=6gU93spz3/NYVqDz1ReLcrOWyIXh8PJzLO9xaVeH4ec=;
 b=fXHd+Pkwb1I5QftoK4qvKT8tUpG7kw82zwH4pR32IVs6y/R9nntGqYAs7l4Et5i4uu
 Kwr1Uew+TRriTNccxsi0bv4yU9CZoozcBNnshiBExUV6U7Ocw0/w3+7MynF+DI1zwJDQ
 V0o3MP+1kWRcCm3p08RlqpRsv6bJlhMVEHtXSYKJ7dIQuO2sy5sXYwCwDGBlwcOFvE7w
 M6S1dPDmtDhD+rRAHpEP10P4kzBHM2warIM1gMNq2AEp79H2v3lovHUkodBj7zD4xcNk
 xDYRhAHbI0fiU2A6pN8qCjBUtYpcbNF+VEvJWsmZ7TS13D4K7lHqCZPEAbtKmeUNEGTQ
 UA8A==
X-Gm-Message-State: AOJu0Yzrkq3oCCvs1zRWemj1si8F4Z3TgHeaVxXxqjeQ5BOId8I/DYw0
 kAQeUpxr4KA4bZgivgT1Mo03WHP7NUxmPWymfZ5q4fMdt0pQokQu1KzTW5/FfQjFrG+Q1VbsSBw
 8cGNzncEeUWOAMJFmPgfO6gINFD3+IldC3iNKCmPOw6XJRotj
X-Gm-Gg: ASbGncs2MeFLd8IFzlKqV8ONlg2LUHKHxE7UklNyi6qJuotCRoOPVrl6VsGUjd69i0d
 wtREtzu+25bO5seKqVk8nPdMXDzfImNtiFtTsaKpedaHpUN8utOk4ykhX0o1Zaz7VIdEKKxNQRO
 j8m4mIPj58RSlfUKMfUijainmlwza0xb2FQaDj7gHZEBkQhhnhaBU2p1xs18LzN9FaSQU+47p+G
 hIpEaXUQXVin2dNfj4cckNu2WBcMAC7lAEoCL+tHR6g0wVGzyQ4pLRIeg3eThmLlKm1EFUW0o2s
 nPu3ImKAEZFWT4ieiIlHONMy4HDu2ZpIydS5aUURQk0jTLky
X-Google-Smtp-Source: AGHT+IGk3lDzvp4I6F0TpovcFsNV3tCl/aqiN9UStH7l6bkNu8d7b/y54zNO5xz+N8iGBB4d3UIAY2cBGCAa
X-Received: by 2002:a05:6e02:3609:b0:3d3:d08d:d526 with SMTP id
 e9e14a558f8ab-3d93164647fmr9097465ab.11.1745484986111; 
 Thu, 24 Apr 2025 01:56:26 -0700 (PDT)
Received: from postal.iol.unh.edu (postal.iol.unh.edu.
 [2606:4100:3880:1234::84]) by smtp-relay.gmail.com with ESMTPS id
 e9e14a558f8ab-3d9315ec9a4sm438495ab.43.2025.04.24.01.56.26
 (version=TLS1_2 cipher=ECDHE-ECDSA-AES128-GCM-SHA256 bits=128/128);
 Thu, 24 Apr 2025 01:56:26 -0700 (PDT)
X-Relaying-Domain: iol.unh.edu
Date: Thu, 24 Apr 2025 01:56:26 -0700 (PDT)
Message-ID: <6809fcba.920a0220.2bf990.2f51SMTPIN_ADDED_MISSING@mx.google.com>
Received: from [172.21.0.7] (unknown [172.18.0.240])
 by postal.iol.unh.edu (Postfix) with ESMTP id AD27C6052471;
 Thu, 24 Apr 2025 04:56:25 -0400 (EDT)
Subject: |FAILURE| [GIT MASTER] 4401486b5e30d43a134f80f9802f60b5f43e74a8
From: dpdklab@iol.unh.edu
To: Test Report <test-report@dpdk.org>
Cc: dpdk-test-reports@iol.unh.edu, Xueming Li <xuemingl@nvidia.com>,
 Christian Ehrhardt <christian.ehrhardt@canonical.com>,
 Kevin Traynor <ktraynor@redhat.com>, Luca Boccassi <bluca@debian.org>
Content-Type: text/plain
X-BeenThere: test-report@dpdk.org
X-Mailman-Version: 2.1.29
Precedence: list
List-Id: automatic DPDK test reports <test-report.dpdk.org>
List-Unsubscribe: <https://mails.dpdk.org/options/test-report>,
 <mailto:test-report-request@dpdk.org?subject=unsubscribe>
List-Archive: <http://mails.dpdk.org/archives/test-report/>
List-Post: <mailto:test-report@dpdk.org>
List-Help: <mailto:test-report-request@dpdk.org?subject=help>
List-Subscribe: <https://mails.dpdk.org/listinfo/test-report>,
 <mailto:test-report-request@dpdk.org?subject=subscribe>
Errors-To: test-report-bounces@dpdk.org

_Testing issues_

Branch: tags/v22.11

4401486b5e30d43a134f80f9802f60b5f43e74a8 --> testing issues

Upstream job id: Generic-Unit-Test-DPDK#333230

Test environment and result as below:

+---------------------+----------------+
|     Environment     | dpdk_unit_test |
+=====================+================+
| Ubuntu 22.04        | FAIL           |
+---------------------+----------------+
| Debian 12           | FAIL           |
+---------------------+----------------+
| Fedora 40           | FAIL           |
+---------------------+----------------+
| CentOS Stream 10    | FAIL           |
+---------------------+----------------+
| Fedora 40 (Clang)   | FAIL           |
+---------------------+----------------+
| Fedora 41           | FAIL           |
+---------------------+----------------+
| Ubuntu 20.04        | PASS           |
+---------------------+----------------+
| CentOS Stream 9     | FAIL           |
+---------------------+----------------+
| Fedora 41 (Clang)   | FAIL           |
+---------------------+----------------+
| RHEL8               | FAIL           |
+---------------------+----------------+
| Ubuntu 24.04        | PEND           |
+---------------------+----------------+
| RHEL9               | FAIL           |
+---------------------+----------------+
| Windows Server 2022 | FAIL           |
+---------------------+----------------+

==== Unit test summary for Windows Server 2022 (dpdk_unit_test): ====
Failed to get the unit test results.
Displaying the unit test results is not supported for some environments,
such as our aarch32 testing, where meson is not used to run the tests.
Download the logs available on our CI site.
==== End log output ====

Ubuntu 22.04
	Kernel: Depends on container host
	Compiler: gcc (Ubuntu 11.4.0-1ubuntu1~22.04) 11.4.0

Debian 12
	Kernel: Depends on container host
	Compiler: gcc (Debian 12.2.0-14) 12.2.0

Fedora 40
	Kernel: Depends on container host
	Compiler: gcc 14.2.1 20240912 (Red Hat 14.2.1-3)

CentOS Stream 10
	Kernel: Depends on container host
	Compiler: gcc 14.2.1 20241104 (Red Hat 14.2.1-6)

Fedora 40 (Clang)
	Kernel: Depends on container host
	Compiler: clang 18.1.8 (Fedora 18.1.8-1.fc40)

Fedora 41
	Kernel: Depends on container host
	Compiler: gcc 14.2.1 20240912 (Red Hat 14.2.1-3)

Ubuntu 20.04
	Kernel: Depends on container host
	Compiler: gcc (Ubuntu 9.4.0-1ubuntu1~20.04.2) 9.4.0

CentOS Stream 9
	Kernel: Depends on container host
	Compiler: gcc 11.5.0 20240719 (Red Hat 11.5.0-2)

Fedora 41 (Clang)
	Kernel: Depends on container host
	Compiler: clang 19.1.5 (Fedora 19.1.5-1.fc41)

RHEL8
	Kernel: Depends on container host
	Compiler: gcc 8.5.0 20210514 (Red Hat 8.5.0-22)

Ubuntu 24.04
	Kernel: Depends on container host
	Compiler: gcc (Ubuntu 13.3.0-6ubuntu2~24.04) 13.3.0

RHEL9
	Kernel: Depends on container host
	Compiler: gcc 11.5.0 20240719 (Red Hat 11.5.0-2)

Windows Server 2022
	Kernel: 10.0.20348.2031
	Compiler: clang 15.0.7, gcc 14.1.0 (MinGW), and MSVC VS 19.39.33521

To view detailed results, visit:
https://lab.dpdk.org/results/dashboard/tarballs/33345/

UNH-IOL DPDK Community Lab

To manage your email subscriptions, visit: 
https://lab.dpdk.org/results/dashboard/preferences/subscriptions/