From mboxrd@z Thu Jan  1 00:00:00 1970
Return-Path: <test-report-bounces@dpdk.org>
Received: from mails.dpdk.org (mails.dpdk.org [217.70.189.124])
	by inbox.dpdk.org (Postfix) with ESMTP id CD7F346658
	for <public@inbox.dpdk.org>; Sat, 26 Apr 2025 10:09:10 +0200 (CEST)
Received: from mails.dpdk.org (localhost [127.0.0.1])
	by mails.dpdk.org (Postfix) with ESMTP id 9B8A140263;
	Sat, 26 Apr 2025 10:09:10 +0200 (CEST)
Received: from mail-pj1-f100.google.com (mail-pj1-f100.google.com
 [209.85.216.100])
 by mails.dpdk.org (Postfix) with ESMTP id 06B5C400D7
 for <test-report@dpdk.org>; Sat, 26 Apr 2025 10:09:10 +0200 (CEST)
Received: by mail-pj1-f100.google.com with SMTP id
 98e67ed59e1d1-306b6ae4fb2so2823913a91.3
 for <test-report@dpdk.org>; Sat, 26 Apr 2025 01:09:09 -0700 (PDT)
DKIM-Signature: v=1; a=rsa-sha256; c=relaxed/relaxed;
 d=iol.unh.edu; s=unh-iol; t=1745654949; x=1746259749; darn=dpdk.org;
 h=cc:to:from:subject:message-id:date:from:to:cc:subject:date
 :message-id:reply-to;
 bh=UzboE+aMcf/cynBmv3MJsWbgw4ZKqm3oY9dA5OnuMO0=;
 b=HxSDElCFZ7ApSkh2y2bqA8WGtaDJJqHR4W8IddvGrc92x0+STtWUSuuRahCwcQ2yQI
 cgn+QyE+iKKPjaJqsBZ1AIRv98cgbl1kZI81NSgXIMvrOH054/3hS7DwlqHcL+WQOsU2
 2EWV7JO6+SI6nTiNhM7LaiDVZDo7RXrhhg7Do=
X-Google-DKIM-Signature: v=1; a=rsa-sha256; c=relaxed/relaxed;
 d=1e100.net; s=20230601; t=1745654949; x=1746259749;
 h=cc:to:from:subject:message-id:date:x-gm-message-state:from:to:cc
 :subject:date:message-id:reply-to;
 bh=UzboE+aMcf/cynBmv3MJsWbgw4ZKqm3oY9dA5OnuMO0=;
 b=SgkT476kL0GuNeUqHQm/+T0hGAVuGVfRu3CISeJojDuPScT6LkBG+kxyj0ro+PHFFX
 rQjGbLFE5FZZHHMdS++gwZO1v7QRV616ZHwAnQHbfiil8Gfd/nDMoBStrxOQJj7ne0Bt
 m0UuS6OoqglRJDkGawf5cfwmCYmhtcFEx0dE0MQKJP1Wxg05KtUNNOshpsL1kDQHZ4C4
 1wi/u04v6U2glYIL6wZVZ5cWc0EpJ947R3Cbxxm5Nq5HXYSs2xEY5qeT6Q0fTp41U+B3
 FTt4iYcO0QeXUkN38dnC87f883SBzJEhnXn96i/4689pzn6RCk8QaQoN/Z1Ka4VnTCie
 bqag==
X-Gm-Message-State: AOJu0YwLuJFMn7OeY+oKKKiKj0JePplj7UQsjU9V5yAf6zVGWF9fB2q+
 BP+BPP8esf51dNMhnIam7OPj3fTOdA1vS9buj5yTd/ui7SBCPvbQNgZ16LQpESs73dmmgx8gHqS
 YBi553MJDL4Nw7+9b2WH/bDfv/D9pP6b0
X-Gm-Gg: ASbGncv7VrP4lK9mUkYXpQJsAbZhu3x/K0PnSm8Ipv9Edcw8jsCO1Jr+inlvthcJqhd
 JWFxwkjCB6bDOG6uPfVYc8m2cvYcvJkIDeti63YqFmeYaPh6m2BPvYBQUfMw7RFfp8rkfjwK1eq
 pyjfp0dbdnl//2KtdU2UN7NNVlI0nYY/vBQwC7dlT0r6m8MbK6MfbCgRqijQ8UfRuLmpQukRFWP
 q5XVDTEEET3xcx0mN3tX2QC12JsvSMr0hhWbMEiswhm5av/3o7IWfsbLXL6s0CIb3CxF3dZenjb
 0xxPzdduDKU164OJ2zf+DAkr9K0e6bSGgY9O
X-Google-Smtp-Source: AGHT+IEU6QanHS4fYgj+2VxjCcUyEPB59Vm5K28FTM9Trkfu7stATbGDoW62nIxlEFJxEmFRBFVbqWS/v1Y3
X-Received: by 2002:a17:90a:bb88:b0:309:ffa5:d526 with SMTP id
 98e67ed59e1d1-309ffa5d606mr3680779a91.16.1745654949088; 
 Sat, 26 Apr 2025 01:09:09 -0700 (PDT)
Received: from postal.iol.unh.edu (postal.iol.unh.edu. [132.177.123.84])
 by smtp-relay.gmail.com with ESMTPS id
 d9443c01a7336-22db5221459sm2384135ad.121.2025.04.26.01.09.08
 (version=TLS1_2 cipher=ECDHE-ECDSA-AES128-GCM-SHA256 bits=128/128);
 Sat, 26 Apr 2025 01:09:09 -0700 (PDT)
X-Relaying-Domain: iol.unh.edu
Date: Sat, 26 Apr 2025 01:09:09 -0700 (PDT)
Message-ID: <680c94a5.170a0220.3439c9.d57fSMTPIN_ADDED_MISSING@mx.google.com>
Received: from [172.21.0.6] (unknown [172.18.0.240])
 by postal.iol.unh.edu (Postfix) with ESMTP id 6E6146052471;
 Sat, 26 Apr 2025 04:09:08 -0400 (EDT)
Subject: |FAILURE| [GIT MASTER] 4401486b5e30d43a134f80f9802f60b5f43e74a8
From: dpdklab@iol.unh.edu
To: Test Report <test-report@dpdk.org>
Cc: dpdk-test-reports@iol.unh.edu, Xueming Li <xuemingl@nvidia.com>,
 Christian Ehrhardt <christian.ehrhardt@canonical.com>,
 Kevin Traynor <ktraynor@redhat.com>, Luca Boccassi <bluca@debian.org>
Content-Type: text/plain
X-BeenThere: test-report@dpdk.org
X-Mailman-Version: 2.1.29
Precedence: list
List-Id: automatic DPDK test reports <test-report.dpdk.org>
List-Unsubscribe: <https://mails.dpdk.org/options/test-report>,
 <mailto:test-report-request@dpdk.org?subject=unsubscribe>
List-Archive: <http://mails.dpdk.org/archives/test-report/>
List-Post: <mailto:test-report@dpdk.org>
List-Help: <mailto:test-report-request@dpdk.org?subject=help>
List-Subscribe: <https://mails.dpdk.org/listinfo/test-report>,
 <mailto:test-report-request@dpdk.org?subject=subscribe>
Errors-To: test-report-bounces@dpdk.org

_Testing issues_

Branch: tags/v22.11

4401486b5e30d43a134f80f9802f60b5f43e74a8 --> testing issues

Upstream job id: Generic-Unit-Test-DPDK#333651

Test environment and result as below:

+---------------------+----------------+
|     Environment     | dpdk_unit_test |
+=====================+================+
| CentOS Stream 10    | FAIL           |
+---------------------+----------------+
| Fedora 41 (Clang)   | FAIL           |
+---------------------+----------------+
| CentOS Stream 9     | FAIL           |
+---------------------+----------------+
| RHEL9               | FAIL           |
+---------------------+----------------+
| Fedora 40           | FAIL           |
+---------------------+----------------+
| Ubuntu 24.04        | FAIL           |
+---------------------+----------------+
| Fedora 41           | FAIL           |
+---------------------+----------------+
| RHEL8               | FAIL           |
+---------------------+----------------+
| Ubuntu 20.04        | PASS           |
+---------------------+----------------+
| Fedora 40 (Clang)   | FAIL           |
+---------------------+----------------+
| Debian 12           | PEND           |
+---------------------+----------------+
| Ubuntu 22.04        | PEND           |
+---------------------+----------------+
| Windows Server 2022 | FAIL           |
+---------------------+----------------+

==== Unit test summary for Windows Server 2022 (dpdk_unit_test): ====
Failed to get the unit test results.
Displaying the unit test results is not supported for some environments,
such as our aarch32 testing, where meson is not used to run the tests.
Download the logs available on our CI site.
==== End log output ====

CentOS Stream 10
	Kernel: Depends on container host
	Compiler: gcc 14.2.1 20241104 (Red Hat 14.2.1-6)

Fedora 41 (Clang)
	Kernel: Depends on container host
	Compiler: clang 19.1.5 (Fedora 19.1.5-1.fc41)

CentOS Stream 9
	Kernel: Depends on container host
	Compiler: gcc 11.5.0 20240719 (Red Hat 11.5.0-2)

RHEL9
	Kernel: Depends on container host
	Compiler: gcc 11.5.0 20240719 (Red Hat 11.5.0-2)

Fedora 40
	Kernel: Depends on container host
	Compiler: gcc 14.2.1 20240912 (Red Hat 14.2.1-3)

Ubuntu 24.04
	Kernel: Depends on container host
	Compiler: gcc (Ubuntu 13.3.0-6ubuntu2~24.04) 13.3.0

Fedora 41
	Kernel: Depends on container host
	Compiler: gcc 14.2.1 20240912 (Red Hat 14.2.1-3)

RHEL8
	Kernel: Depends on container host
	Compiler: gcc 8.5.0 20210514 (Red Hat 8.5.0-22)

Ubuntu 20.04
	Kernel: Depends on container host
	Compiler: gcc (Ubuntu 9.4.0-1ubuntu1~20.04.2) 9.4.0

Fedora 40 (Clang)
	Kernel: Depends on container host
	Compiler: clang 18.1.8 (Fedora 18.1.8-1.fc40)

Debian 12
	Kernel: Depends on container host
	Compiler: gcc (Debian 12.2.0-14) 12.2.0

Ubuntu 22.04
	Kernel: Depends on container host
	Compiler: gcc (Ubuntu 11.4.0-1ubuntu1~22.04) 11.4.0

Windows Server 2022
	Kernel: 10.0.20348.2031
	Compiler: clang 15.0.7, gcc 14.1.0 (MinGW), and MSVC VS 19.39.33521

To view detailed results, visit:
https://lab.dpdk.org/results/dashboard/tarballs/33362/

UNH-IOL DPDK Community Lab

To manage your email subscriptions, visit: 
https://lab.dpdk.org/results/dashboard/preferences/subscriptions/