From mboxrd@z Thu Jan  1 00:00:00 1970
Return-Path: <test-report-bounces@dpdk.org>
Received: from mails.dpdk.org (mails.dpdk.org [217.70.189.124])
	by inbox.dpdk.org (Postfix) with ESMTP id 775644664B
	for <public@inbox.dpdk.org>; Mon, 28 Apr 2025 09:00:19 +0200 (CEST)
Received: from mails.dpdk.org (localhost [127.0.0.1])
	by mails.dpdk.org (Postfix) with ESMTP id 5EBC84021F;
	Mon, 28 Apr 2025 09:00:19 +0200 (CEST)
Received: from mail-yb1-f225.google.com (mail-yb1-f225.google.com
 [209.85.219.225])
 by mails.dpdk.org (Postfix) with ESMTP id 5496F40156
 for <test-report@dpdk.org>; Mon, 28 Apr 2025 09:00:17 +0200 (CEST)
Received: by mail-yb1-f225.google.com with SMTP id
 3f1490d57ef6-e72cc45d99cso3793982276.3
 for <test-report@dpdk.org>; Mon, 28 Apr 2025 00:00:17 -0700 (PDT)
DKIM-Signature: v=1; a=rsa-sha256; c=relaxed/relaxed;
 d=iol.unh.edu; s=unh-iol; t=1745823616; x=1746428416; darn=dpdk.org;
 h=cc:to:from:subject:message-id:date:from:to:cc:subject:date
 :message-id:reply-to;
 bh=mxq0FQAt6N5NOl/iy5UCWJxir6zWuj+3suHTnnyMmCo=;
 b=bihAFwKqza4OSndJCLTyfrQqGuR65fXxV/kG2yzsByzJRpZiIcG8PJLPYtLOok+rtz
 1B0eGqnVgAhAdUqFi5ia6JbHGlMfWn9eOdZ4QriPYmegY9QqMwYd04RwKCtJ9CApsoOc
 l9VMmIO1YGtG4CgHW5mFKoskrih6Hpad8wkYA=
X-Google-DKIM-Signature: v=1; a=rsa-sha256; c=relaxed/relaxed;
 d=1e100.net; s=20230601; t=1745823616; x=1746428416;
 h=cc:to:from:subject:message-id:date:x-gm-message-state:from:to:cc
 :subject:date:message-id:reply-to;
 bh=mxq0FQAt6N5NOl/iy5UCWJxir6zWuj+3suHTnnyMmCo=;
 b=BTDgODzINCAlNnG8xPjZFl9JW18UVRpfECbNTQUHHCk2Iwc158U6/DtZycFvlP7/Am
 oL6DwKY2jRUFp8Zi/hCX5aO5ROJSBPgxno62AAJj75ZQqiZamAqvBGFtcfNjXWdfG5Xw
 gSXlO38bnCYABLKNZa7pDce9gghNoUE4DHe5kUkYMk5k+MpD306D+jtjSAcIJrHL5wt0
 66iJ2qUhF+g+pWiqQrddVuLjp7z29ieXe4JQoBXRIaJn2TuvUWwB7scY9DshOYWdpmpm
 alLX2+UW4vl7Xyca7jiohm+T7vnHQuuX1ocVrpVfKmx68ldDo4lcHW7RtriciHRz2lhu
 wR1w==
X-Gm-Message-State: AOJu0YycPixPPABqm/TYDtLNVQ1PqLDJptjfFRq+OkcyC5Y+fYcEnfRP
 Rqg+sIE/4pP7lARa067h/IdvyaUluSTwnLhBFji4x69Bwf9KAOI5ggKjXpFYzy4+55LL6hCj2by
 6j+JDvdclzWhYGdBoLyXyMax9lsS4/Fy/
X-Gm-Gg: ASbGnctQx3Dh2J2qHmZ6+JbSS0QZMmdoeJ5Da90aqIRs9OIwDdBZGRw6PgJAApE5arS
 JbVsq7CrzY2W7MGxgjh6CslY+S+iygkIysqcqYzVuOw3FUXcfUSZaUul314QSDj3HRnjExwGziq
 R1OZAJC6T8x75BpVJYJ/8eMYOShknYHHuPOVdZkbIqMFlbLeiSDCJwZx9OTwn1EN70bxcZW9hm5
 EUTJibxlaCdPtDZqJH4PQATMLmvr45U5J8wZ0I+JsrR+xuQkwAhBA7kcLUIjrS0aq1xGdVAhuJC
 dKubV+8Q7tIDNH7zIBEBOZSSBRfq1gIXqaJq
X-Google-Smtp-Source: AGHT+IEKbtgTVY9+zr35aUI3blw6102qxUPePK7J9aFsBLczAUYhBsguVT/Ra7KJLdkE/A1bLCeTd6wrw+2j
X-Received: by 2002:a05:6902:4805:b0:e72:d096:841f with SMTP id
 3f1490d57ef6-e7322fecbdfmr10310156276.0.1745823616678; 
 Mon, 28 Apr 2025 00:00:16 -0700 (PDT)
Received: from postal.iol.unh.edu (postal.iol.unh.edu. [132.177.123.84])
 by smtp-relay.gmail.com with ESMTPS id
 3f1490d57ef6-e7315eabfbfsm648909276.23.2025.04.28.00.00.16
 (version=TLS1_2 cipher=ECDHE-ECDSA-AES128-GCM-SHA256 bits=128/128);
 Mon, 28 Apr 2025 00:00:16 -0700 (PDT)
X-Relaying-Domain: iol.unh.edu
Date: Mon, 28 Apr 2025 00:00:16 -0700 (PDT)
Message-ID: <680f2780.050a0220.603ac.86d4SMTPIN_ADDED_MISSING@mx.google.com>
Received: from [172.21.0.7] (unknown [172.18.0.240])
 by postal.iol.unh.edu (Postfix) with ESMTP id 2D9346052471;
 Mon, 28 Apr 2025 03:00:16 -0400 (EDT)
Subject: |FAILURE| [GIT MASTER] 4401486b5e30d43a134f80f9802f60b5f43e74a8
From: dpdklab@iol.unh.edu
To: Test Report <test-report@dpdk.org>
Cc: dpdk-test-reports@iol.unh.edu, Xueming Li <xuemingl@nvidia.com>,
 Christian Ehrhardt <christian.ehrhardt@canonical.com>,
 Kevin Traynor <ktraynor@redhat.com>, Luca Boccassi <bluca@debian.org>
Content-Type: text/plain
X-BeenThere: test-report@dpdk.org
X-Mailman-Version: 2.1.29
Precedence: list
List-Id: automatic DPDK test reports <test-report.dpdk.org>
List-Unsubscribe: <https://mails.dpdk.org/options/test-report>,
 <mailto:test-report-request@dpdk.org?subject=unsubscribe>
List-Archive: <http://mails.dpdk.org/archives/test-report/>
List-Post: <mailto:test-report@dpdk.org>
List-Help: <mailto:test-report-request@dpdk.org?subject=help>
List-Subscribe: <https://mails.dpdk.org/listinfo/test-report>,
 <mailto:test-report-request@dpdk.org?subject=subscribe>
Errors-To: test-report-bounces@dpdk.org

_Testing issues_

Branch: tags/v22.11

4401486b5e30d43a134f80f9802f60b5f43e74a8 --> testing issues

Upstream job id: Generic-Unit-Test-DPDK#333915

Test environment and result as below:

+---------------------+----------------+
|     Environment     | dpdk_unit_test |
+=====================+================+
| CentOS Stream 9     | FAIL           |
+---------------------+----------------+
| CentOS Stream 10    | FAIL           |
+---------------------+----------------+
| Debian 12           | FAIL           |
+---------------------+----------------+
| RHEL8               | FAIL           |
+---------------------+----------------+
| Fedora 40           | FAIL           |
+---------------------+----------------+
| Ubuntu 24.04        | PEND           |
+---------------------+----------------+
| Ubuntu 20.04        | PASS           |
+---------------------+----------------+
| RHEL9               | PEND           |
+---------------------+----------------+
| Fedora 41 (Clang)   | PEND           |
+---------------------+----------------+
| Fedora 41           | PEND           |
+---------------------+----------------+
| Fedora 40 (Clang)   | PEND           |
+---------------------+----------------+
| Ubuntu 22.04        | FAIL           |
+---------------------+----------------+
| Windows Server 2022 | FAIL           |
+---------------------+----------------+

==== Unit test summary for Windows Server 2022 (dpdk_unit_test): ====
Failed to get the unit test results.
Displaying the unit test results is not supported for some environments,
such as our aarch32 testing, where meson is not used to run the tests.
Download the logs available on our CI site.
==== End log output ====

CentOS Stream 9
	Kernel: Depends on container host
	Compiler: gcc 11.5.0 20240719 (Red Hat 11.5.0-2)

CentOS Stream 10
	Kernel: Depends on container host
	Compiler: gcc 14.2.1 20241104 (Red Hat 14.2.1-6)

Debian 12
	Kernel: Depends on container host
	Compiler: gcc (Debian 12.2.0-14) 12.2.0

RHEL8
	Kernel: Depends on container host
	Compiler: gcc 8.5.0 20210514 (Red Hat 8.5.0-22)

Fedora 40
	Kernel: Depends on container host
	Compiler: gcc 14.2.1 20240912 (Red Hat 14.2.1-3)

Ubuntu 24.04
	Kernel: Depends on container host
	Compiler: gcc (Ubuntu 13.3.0-6ubuntu2~24.04) 13.3.0

Ubuntu 20.04
	Kernel: Depends on container host
	Compiler: gcc (Ubuntu 9.4.0-1ubuntu1~20.04.2) 9.4.0

RHEL9
	Kernel: Depends on container host
	Compiler: gcc 11.5.0 20240719 (Red Hat 11.5.0-2)

Fedora 41 (Clang)
	Kernel: Depends on container host
	Compiler: clang 19.1.5 (Fedora 19.1.5-1.fc41)

Fedora 41
	Kernel: Depends on container host
	Compiler: gcc 14.2.1 20240912 (Red Hat 14.2.1-3)

Fedora 40 (Clang)
	Kernel: Depends on container host
	Compiler: clang 18.1.8 (Fedora 18.1.8-1.fc40)

Ubuntu 22.04
	Kernel: Depends on container host
	Compiler: gcc (Ubuntu 11.4.0-1ubuntu1~22.04) 11.4.0

Windows Server 2022
	Kernel: 10.0.20348.2031
	Compiler: clang 15.0.7, gcc 14.1.0 (MinGW), and MSVC VS 19.39.33521

To view detailed results, visit:
https://lab.dpdk.org/results/dashboard/tarballs/33374/

UNH-IOL DPDK Community Lab

To manage your email subscriptions, visit: 
https://lab.dpdk.org/results/dashboard/preferences/subscriptions/