From: dpdklab@iol.unh.edu
To: Test Report <test-report@dpdk.org>
Cc: dpdk-test-reports@iol.unh.edu
Subject: |PENDING| pw153181 [PATCH] Add new tracepoint function for type time
Date: Mon, 28 Apr 2025 20:52:18 -0700 (PDT) [thread overview]
Message-ID: <68104cf2.050a0220.2d86d8.19a2SMTPIN_ADDED_MISSING@mx.google.com> (raw)
In-Reply-To: <20250429030017.1126516-1-changqing.li@windriver.com>
Test-Label: iol-unit-amd64-testing
Test-Status: PENDING
http://dpdk.org/patch/153181
_Testing pending_
Submitter: Changqing Li <changqing.li@windriver.com>
Date: Tuesday, April 29 2025 03:00:17
DPDK git baseline: Repo:dpdk
Branch: master
CommitID:ca1690ebd224f148268285b15b97441ccdbdd07e
153181 --> testing pending
Upstream job id: Generic-Unit-Test-DPDK#334131
Test environment and result as below:
+---------------------+----------------+
| Environment | dpdk_unit_test |
+=====================+================+
| CentOS Stream 9 | PASS |
+---------------------+----------------+
| CentOS Stream 10 | PEND |
+---------------------+----------------+
| Fedora 40 (Clang) | PEND |
+---------------------+----------------+
| Debian 12 | PEND |
+---------------------+----------------+
| Fedora 40 | PEND |
+---------------------+----------------+
| Fedora 41 | PEND |
+---------------------+----------------+
| Ubuntu 22.04 | PEND |
+---------------------+----------------+
| RHEL8 | PEND |
+---------------------+----------------+
| Fedora 41 (Clang) | PEND |
+---------------------+----------------+
| Ubuntu 20.04 | PEND |
+---------------------+----------------+
| Ubuntu 24.04 | PEND |
+---------------------+----------------+
| RHEL9 | PEND |
+---------------------+----------------+
| Windows Server 2022 | PEND |
+---------------------+----------------+
CentOS Stream 9
Kernel: Depends on container host
Compiler: gcc 11.5.0 20240719 (Red Hat 11.5.0-2)
CentOS Stream 10
Kernel: Depends on container host
Compiler: gcc 14.2.1 20241104 (Red Hat 14.2.1-6)
Fedora 40 (Clang)
Kernel: Depends on container host
Compiler: clang 18.1.8 (Fedora 18.1.8-1.fc40)
Debian 12
Kernel: Depends on container host
Compiler: gcc (Debian 12.2.0-14) 12.2.0
Fedora 40
Kernel: Depends on container host
Compiler: gcc 14.2.1 20240912 (Red Hat 14.2.1-3)
Fedora 41
Kernel: Depends on container host
Compiler: gcc 14.2.1 20240912 (Red Hat 14.2.1-3)
Ubuntu 22.04
Kernel: Depends on container host
Compiler: gcc (Ubuntu 11.4.0-1ubuntu1~22.04) 11.4.0
RHEL8
Kernel: Depends on container host
Compiler: gcc 8.5.0 20210514 (Red Hat 8.5.0-22)
Fedora 41 (Clang)
Kernel: Depends on container host
Compiler: clang 19.1.5 (Fedora 19.1.5-1.fc41)
Ubuntu 20.04
Kernel: Depends on container host
Compiler: gcc (Ubuntu 9.4.0-1ubuntu1~20.04.2) 9.4.0
Ubuntu 24.04
Kernel: Depends on container host
Compiler: gcc (Ubuntu 13.3.0-6ubuntu2~24.04) 13.3.0
RHEL9
Kernel: Depends on container host
Compiler: gcc 11.5.0 20240719 (Red Hat 11.5.0-2)
Windows Server 2022
Kernel: 10.0.20348.2031
Compiler: clang 15.0.7, gcc 14.1.0 (MinGW), and MSVC VS 19.39.33521
To view detailed results, visit:
https://lab.dpdk.org/results/dashboard/patchsets/33082/
UNH-IOL DPDK Community Lab
To manage your email subscriptions, visit:
https://lab.dpdk.org/results/dashboard/preferences/subscriptions/
next prev parent reply other threads:[~2025-04-29 3:52 UTC|newest]
Thread overview: 23+ messages / expand[flat|nested] mbox.gz Atom feed top
[not found] <20250429030017.1126516-1-changqing.li@windriver.com>
2025-04-29 2:27 ` |SUCCESS| pw153181 [PATCH] Add new tracepoint function for type time_t qemudev
2025-04-29 2:31 ` qemudev
2025-04-29 3:00 ` |WARNING| " checkpatch
2025-04-29 3:26 ` |SUCCESS| pw153181 [PATCH] Add new tracepoint function for type time dpdklab
2025-04-29 3:30 ` dpdklab
2025-04-29 3:43 ` |PENDING| " dpdklab
2025-04-29 3:45 ` |SUCCESS| " dpdklab
2025-04-29 3:47 ` dpdklab
2025-04-29 3:48 ` |PENDING| " dpdklab
2025-04-29 3:50 ` |SUCCESS| " dpdklab
2025-04-29 3:52 ` dpdklab [this message]
2025-04-29 3:55 ` dpdklab
2025-04-29 4:01 ` dpdklab
2025-04-29 4:04 ` |FAILURE| pw153181 [PATCH] Add new tracepoint function for type time_t 0-day Robot
2025-04-29 4:07 ` |PENDING| pw153181 [PATCH] Add new tracepoint function for type time dpdklab
2025-04-29 4:10 ` |SUCCESS| " dpdklab
2025-04-29 4:11 ` |PENDING| " dpdklab
2025-04-29 4:34 ` |SUCCESS| " dpdklab
2025-04-29 4:59 ` dpdklab
2025-04-29 5:01 ` dpdklab
2025-04-29 5:34 ` dpdklab
2025-04-29 6:55 ` dpdklab
2025-04-29 8:18 ` dpdklab
Reply instructions:
You may reply publicly to this message via plain-text email
using any one of the following methods:
* Save the following mbox file, import it into your mail client,
and reply-to-all from there: mbox
Avoid top-posting and favor interleaved quoting:
https://en.wikipedia.org/wiki/Posting_style#Interleaved_style
* Reply using the --to, --cc, and --in-reply-to
switches of git-send-email(1):
git send-email \
--in-reply-to=68104cf2.050a0220.2d86d8.19a2SMTPIN_ADDED_MISSING@mx.google.com \
--to=dpdklab@iol.unh.edu \
--cc=dpdk-test-reports@iol.unh.edu \
--cc=test-report@dpdk.org \
/path/to/YOUR_REPLY
https://kernel.org/pub/software/scm/git/docs/git-send-email.html
* If your mail client supports setting the In-Reply-To header
via mailto: links, try the mailto: link
Be sure your reply has a Subject: header at the top and a blank line
before the message body.
This is a public inbox, see mirroring instructions
for how to clone and mirror all data and code used for this inbox;
as well as URLs for NNTP newsgroup(s).