From mboxrd@z Thu Jan 1 00:00:00 1970 Return-Path: Received: from mails.dpdk.org (mails.dpdk.org [217.70.189.124]) by inbox.dpdk.org (Postfix) with ESMTP id 53DB846658 for ; Tue, 29 Apr 2025 07:34:26 +0200 (CEST) Received: from mails.dpdk.org (localhost [127.0.0.1]) by mails.dpdk.org (Postfix) with ESMTP id 4F1EF4026C; Tue, 29 Apr 2025 07:34:26 +0200 (CEST) Received: from mail-il1-f225.google.com (mail-il1-f225.google.com [209.85.166.225]) by mails.dpdk.org (Postfix) with ESMTP id 6A71140263 for ; Tue, 29 Apr 2025 07:34:25 +0200 (CEST) Received: by mail-il1-f225.google.com with SMTP id e9e14a558f8ab-3d5ebc2b725so18915915ab.3 for ; Mon, 28 Apr 2025 22:34:25 -0700 (PDT) DKIM-Signature: v=1; a=rsa-sha256; c=relaxed/relaxed; d=iol.unh.edu; s=unh-iol; t=1745904864; x=1746509664; darn=dpdk.org; h=cc:to:from:subject:message-id:date:from:to:cc:subject:date :message-id:reply-to; bh=xJADBLfoqHuHiFpmzLBvl+BEzdKW6yzhw1xmrKaRAJc=; b=Hew7jL017FVATbDnHESq/7OGvd8W5v2uuuhVN6iMqfX79Uidp2zKT7qfnChTIjv2yM fNexnKm5yfnGJyiBEZx1279kvad/DHay07SJmiPRzDW8PLNmW/5yWxj7KCHjPo3oWprw nealXTrR0N7z0A+bxAREIQXMu8Rm2cFksu5f0= X-Google-DKIM-Signature: v=1; a=rsa-sha256; c=relaxed/relaxed; d=1e100.net; s=20230601; t=1745904864; x=1746509664; h=cc:to:from:subject:message-id:date:x-gm-message-state:from:to:cc :subject:date:message-id:reply-to; bh=xJADBLfoqHuHiFpmzLBvl+BEzdKW6yzhw1xmrKaRAJc=; b=FydrPG+af0nVRieniRBQSH6nVUoZTjgnKuVMQu2j5OqQS43St1T95IsWL87Gkm85NI r8YV/HaCvKtIkJSbO3o4gcnIuUKRz0qOviv/0Wd/UwwZ0SHzfzfDdtGWbOj98t6GaYGx mlwNlTMVQ06daY2TbZ71QrYT0Bl7fp6sgawraf7De8yCiLNYFf4SrZnubr/9x2TH3C4w B+e4tsw4hEXkEYawisIKxGQ/eisuXwftzBry5w3UfPdYInda1CtIC9p4bYc9q/pTiZqP 3CU97SZxtNtwVYeYUs5jZDwLOp5eknmBxfWyYa5lmjjy3/jB3uVsVkYhmmxwa4pLnyLE Fvxw== X-Gm-Message-State: AOJu0YzWY8sWSznQv9z5n9GKms3UIwwe9l2b1h+tk+bKInNFdUJXteiQ wVnw5Buhfgf+PkQDYjEC5Te14PZDSoMGEIKwuD1enLYLJAUeKC/2AGVv3dKOmcIrShAYsBJ4M1C uumOuTBtK6ml2cdxiedQj7ZyCrPsjAeBr9WPpeuh7yg3xH2Rw X-Gm-Gg: ASbGnctYVgCl/AvJkXd6l8sQe0EZcwK9YJyo3KR94Vd0nO68A6MmnAf/1j8lm9KQ+8L PCjhYZ9cc5uewomEP1PHaPUlgH0eWn1r7kxeFk8D9kEhkUSwkl7E0EhIj4EJ8eTg/29h8whvkn+ zdVy2W3APzAKRRWcwK/yTz1RJi1JbsRe8HjUK+v6rzJx92xCgLXXat/xwyz/Tmebx8c9MQZj7ez hXaPBR+625WV+uIU5ks+08aLdWduJpXTEue0V4/V1zG4cnMVcS/6MJ8IlcO2WopHQkPIIgWW75S bjvBScJhYjT5au6GL1IfcUC+Ye6dq1ZseKvjOaV28y2b5jdL X-Google-Smtp-Source: AGHT+IGGHozk4yVwdxqqZF8ivwGQAfBR63lyAXrhm4LReg+WjysYTDEuN47R0jhc5aaLMTxz0swnNP+RqOi0 X-Received: by 2002:a05:6e02:3313:b0:3d8:1d2d:60b0 with SMTP id e9e14a558f8ab-3d95d243721mr22295765ab.5.1745904864694; Mon, 28 Apr 2025 22:34:24 -0700 (PDT) Received: from postal.iol.unh.edu (postal.iol.unh.edu. [2606:4100:3880:1234::84]) by smtp-relay.gmail.com with ESMTPS id 8926c6da1cb9f-4f862dacbc8sm38443173.10.2025.04.28.22.34.24 (version=TLS1_2 cipher=ECDHE-ECDSA-AES128-GCM-SHA256 bits=128/128); Mon, 28 Apr 2025 22:34:24 -0700 (PDT) X-Relaying-Domain: iol.unh.edu Date: Mon, 28 Apr 2025 22:34:24 -0700 (PDT) Message-ID: <681064e0.050a0220.d0352.1f5fSMTPIN_ADDED_MISSING@mx.google.com> Received: from [172.21.0.6] (unknown [172.18.0.240]) by postal.iol.unh.edu (Postfix) with ESMTP id 2717D6052471; Tue, 29 Apr 2025 01:34:24 -0400 (EDT) Subject: |WARNING| [GIT MASTER] 4401486b5e30d43a134f80f9802f60b5f43e74a8 From: dpdklab@iol.unh.edu To: Test Report Cc: dpdk-test-reports@iol.unh.edu, Xueming Li , Christian Ehrhardt , Kevin Traynor , Luca Boccassi Content-Type: text/plain X-BeenThere: test-report@dpdk.org X-Mailman-Version: 2.1.29 Precedence: list List-Id: automatic DPDK test reports List-Unsubscribe: , List-Archive: List-Post: List-Help: List-Subscribe: , Errors-To: test-report-bounces@dpdk.org _Testing issues_ Branch: tags/v22.11 4401486b5e30d43a134f80f9802f60b5f43e74a8 --> testing issues Upstream job id: Windows-Compile-DPDK-Native#28116 Test environment and result as below: +---------------------+--------------------+-------------------------+ | Environment | dpdk_meson_compile | dpdk_llvm_clang_compile | +=====================+====================+=========================+ | Ubuntu 20.04 | PASS | SKIPPED | +---------------------+--------------------+-------------------------+ | FreeBSD 13.5 | PASS | SKIPPED | +---------------------+--------------------+-------------------------+ | FreeBSD 14.2 | PASS | SKIPPED | +---------------------+--------------------+-------------------------+ | CentOS Stream 9 | PEND | SKIPPED | +---------------------+--------------------+-------------------------+ | CentOS Stream 10 | PEND | SKIPPED | +---------------------+--------------------+-------------------------+ | Debian 12 | PEND | SKIPPED | +---------------------+--------------------+-------------------------+ | Fedora 40 (Clang) | PEND | SKIPPED | +---------------------+--------------------+-------------------------+ | Fedora 40 | PEND | SKIPPED | +---------------------+--------------------+-------------------------+ | Fedora 41 (Clang) | PEND | SKIPPED | +---------------------+--------------------+-------------------------+ | Windows Server 2022 | SKIPPED | FAIL | +---------------------+--------------------+-------------------------+ ==== 20 line log output for Windows Server 2022 (dpdk_llvm_clang_compile): ==== ..\lib\eal\include/rte_common.h:850:32: note: expanded from macro 'RTE_FMT_TAIL' #define RTE_FMT_TAIL(fmt, ...) __VA_ARGS__ ^~~~~~~~~~~ ..\lib\eal\include/rte_common.h:848:39: note: expanded from macro 'RTE_FMT' #define RTE_FMT(fmt, ...) fmt "%.0s", __VA_ARGS__ "" ^~~~~~~~~~~ ../drivers/crypto/mlx5/mlx5_crypto.c:463:18: note: forward declaration of 'struct mlx5_err_cqe' volatile struct mlx5_err_cqe *cqe = (volatile struct mlx5_err_cqe *) ^ 3 errors generated. [627/788] Compiling C object drivers/libtmp_rte_net_vmxnet3.a.p/net_vmxnet3_vmxnet3_ethdev.c.obj [628/788] Compiling C object app/dpdk-test-gpudev.exe.p/test-gpudev_main.c.obj [629/788] Compiling C object drivers/libtmp_rte_crypto_mlx5.a.p/crypto_mlx5_mlx5_crypto_dek.c.obj [630/788] Generating rte_net_octeon_ep.pmd.c with a custom command (wrapped by meson to set PATH) [631/788] Compiling C object drivers/libtmp_rte_net_mlx5.a.p/net_mlx5_mlx5_tx_nompw.c.obj [632/788] Compiling C object drivers/libtmp_rte_net_mlx5.a.p/net_mlx5_mlx5_tx_empw.c.obj [633/788] Compiling C object app/dpdk-testpmd.exe.p/test-pmd_cmdline.c.obj [634/788] Compiling C object app/test/dpdk-test.exe.p/test_cryptodev.c.obj [635/788] Compiling C object drivers/libtmp_rte_net_mlx5.a.p/net_mlx5_mlx5_tx_txpp.c.obj ninja: build stopped: subcommand failed. ==== End log output ==== Ubuntu 20.04 Kernel: 4.19.325-0419325-generic Compiler: gcc (Ubuntu 9.4.0-1ubuntu1~20.04.2) 9.4.0 FreeBSD 13.5 Kernel: 13.5-RELEASE Compiler: clang 19.1.7 FreeBSD 14.2 Kernel: 14.2-RELEASE Compiler: clang 18.1.6 CentOS Stream 9 Kernel: Depends on container host Compiler: gcc 11.5.0 20240719 (Red Hat 11.5.0-2) CentOS Stream 10 Kernel: Depends on container host Compiler: gcc 14.2.1 20241104 (Red Hat 14.2.1-6) Debian 12 Kernel: Depends on container host Compiler: gcc (Debian 12.2.0-14) 12.2.0 Fedora 40 (Clang) Kernel: Depends on container host Compiler: clang 18.1.8 (Fedora 18.1.8-1.fc40) Fedora 40 Kernel: Depends on container host Compiler: gcc 14.2.1 20240912 (Red Hat 14.2.1-3) Fedora 41 (Clang) Kernel: Depends on container host Compiler: clang 19.1.5 (Fedora 19.1.5-1.fc41) Windows Server 2022 Kernel: 10.0.20348.2031 Compiler: clang 15.0.7, gcc 14.1.0 (MinGW), and MSVC VS 19.39.33521 To view detailed results, visit: https://lab.dpdk.org/results/dashboard/tarballs/33384/ UNH-IOL DPDK Community Lab To manage your email subscriptions, visit: https://lab.dpdk.org/results/dashboard/preferences/subscriptions/