From mboxrd@z Thu Jan 1 00:00:00 1970 Return-Path: Received: from mails.dpdk.org (mails.dpdk.org [217.70.189.124]) by inbox.dpdk.org (Postfix) with ESMTP id 4EEEE4665A for ; Tue, 29 Apr 2025 08:44:41 +0200 (CEST) Received: from mails.dpdk.org (localhost [127.0.0.1]) by mails.dpdk.org (Postfix) with ESMTP id 507814026C; Tue, 29 Apr 2025 08:44:40 +0200 (CEST) Received: from mail-pf1-f228.google.com (mail-pf1-f228.google.com [209.85.210.228]) by mails.dpdk.org (Postfix) with ESMTP id 4427040263 for ; Tue, 29 Apr 2025 08:44:39 +0200 (CEST) Received: by mail-pf1-f228.google.com with SMTP id d2e1a72fcca58-7396f13b750so6251995b3a.1 for ; Mon, 28 Apr 2025 23:44:39 -0700 (PDT) DKIM-Signature: v=1; a=rsa-sha256; c=relaxed/relaxed; d=iol.unh.edu; s=unh-iol; t=1745909078; x=1746513878; darn=dpdk.org; h=cc:to:from:subject:message-id:date:from:to:cc:subject:date :message-id:reply-to; bh=e2LnKtKzQJjG8MR3RlUd5l5pciQppxz1nm3EMCzNCPo=; b=gn23BXQOIL/cc7aZ/7l1Kg3IyMA1VVXAOt9VrOjTsy7Y/V99IzYjq4FLXswQIzj9be TMAOvdMaoCvxWne2367XCO3zzCC1rApD4DaQdm/EnxfjlXjTthdB/X5H0NLQPwEESwlB LMVjc1ZAuI9DZOW96Pa4zAjfmrCwEKh+rwM5Q= X-Google-DKIM-Signature: v=1; a=rsa-sha256; c=relaxed/relaxed; d=1e100.net; s=20230601; t=1745909078; x=1746513878; h=cc:to:from:subject:message-id:date:x-gm-message-state:from:to:cc :subject:date:message-id:reply-to; bh=e2LnKtKzQJjG8MR3RlUd5l5pciQppxz1nm3EMCzNCPo=; b=o9wS3ZvdHgMRoLOIwn+mkdNdy11IEZHRFyJYLk1KcIAorhOonqFWIdgpErxlDfRkeF 0J2uqiSeXjKmW4NcoIWIHkaMrHudiqbu7ReuzGk1LFSy1iELMY/JEVl7joJMLhA7z4TT imE+PENOFVPRFH0443MvRjwt9CpGiW7V+HpoTXquHsyd6nF3E5seYnfb2OHlwTFcfGin qAksdZO1AyF0F3t/Ji1DDgSfX+TM8VXH88fgDlCSORM93GuHffZsRviKjrzaC2hpGRlV KV6l9pI0h4DzqXscfRlojPRX4HA1BVqk3bWPxaVl97JeybKVU6VVFKyA3NFoSgVR5qGe lb6A== X-Gm-Message-State: AOJu0YyPiwCmilC0RYU17FTS4Vpw1GI56C/8jnlxqLSYfHmNhfzHr9FV +7z2nysLFJVj5A4yZrA01qrGvhUHQlffhhs9fH3DgkNB4UZ0kuyYbiEcRQODKi7p7gR3pWeLXyr Wq5ZV8XUeRIfLM+nRNEBHdhsrNLNTeUXV X-Gm-Gg: ASbGncv3m+UXZ8X97FQh1fcT3TCgeD/1prZ+WsSxUS85CZd9EKLMwu98Du+pPEUnMp6 WRdfsKeuoEig7tOYWVkpzmpRn+W2GSssQsvy5HtAQPVpZgBIBx0iJKtaA4hqSq1Z40ZCz05lWPw XcofXVBzDoTqATGxCRCY2NA/KjOauCYxVbT8LdlE56KTdIJNuIbl2GwAnhIesF/6i52cR8tA9TM jxGrSrdcLIajvnHZ/yV9JZFN3AvckAl4CNzbUju8Mf2RbFfzBzOL4HzRTBFUpwaM7zU3m3lhftS XWDNhSaAQ4Nv1Qt8Gfxy7/ETQAZXE+xGPHz6 X-Google-Smtp-Source: AGHT+IGSm4amJQYSPljuLnGQzQVw7nmkLHceUBMvNDhXgpNxJ/Xw2dPrLr0JifYyPT9WVy49fSaD/6L7M0Ae X-Received: by 2002:a05:6a00:1897:b0:736:6d4d:ffa6 with SMTP id d2e1a72fcca58-740293adf33mr2443475b3a.15.1745909077844; Mon, 28 Apr 2025 23:44:37 -0700 (PDT) Received: from postal.iol.unh.edu (postal.iol.unh.edu. [132.177.123.84]) by smtp-relay.gmail.com with ESMTPS id d2e1a72fcca58-73e25be11ecsm1097139b3a.23.2025.04.28.23.44.37 (version=TLS1_2 cipher=ECDHE-ECDSA-AES128-GCM-SHA256 bits=128/128); Mon, 28 Apr 2025 23:44:37 -0700 (PDT) X-Relaying-Domain: iol.unh.edu Date: Mon, 28 Apr 2025 23:44:37 -0700 (PDT) Message-ID: <68107555.050a0220.1470d3.a6d0SMTPIN_ADDED_MISSING@mx.google.com> Received: from [172.21.0.6] (unknown [172.18.0.240]) by postal.iol.unh.edu (Postfix) with ESMTP id E14326052471; Tue, 29 Apr 2025 02:44:36 -0400 (EDT) Subject: |FAILURE| [GIT MASTER] 4401486b5e30d43a134f80f9802f60b5f43e74a8 From: dpdklab@iol.unh.edu To: Test Report Cc: dpdk-test-reports@iol.unh.edu, Xueming Li , Christian Ehrhardt , Kevin Traynor , Luca Boccassi Content-Type: text/plain X-BeenThere: test-report@dpdk.org X-Mailman-Version: 2.1.29 Precedence: list List-Id: automatic DPDK test reports List-Unsubscribe: , List-Archive: List-Post: List-Help: List-Subscribe: , Errors-To: test-report-bounces@dpdk.org _Testing issues_ Branch: tags/v22.11 4401486b5e30d43a134f80f9802f60b5f43e74a8 --> testing issues Upstream job id: Generic-Unit-Test-DPDK#334187 Test environment and result as below: +---------------------+----------------+ | Environment | dpdk_unit_test | +=====================+================+ | Fedora 40 (Clang) | FAIL | +---------------------+----------------+ | Ubuntu 22.04 | PEND | +---------------------+----------------+ | Fedora 40 | PEND | +---------------------+----------------+ | RHEL8 | PEND | +---------------------+----------------+ | Fedora 41 | PEND | +---------------------+----------------+ | CentOS Stream 9 | PEND | +---------------------+----------------+ | Fedora 41 (Clang) | PEND | +---------------------+----------------+ | CentOS Stream 10 | PEND | +---------------------+----------------+ | Ubuntu 20.04 | PASS | +---------------------+----------------+ | Ubuntu 24.04 | PEND | +---------------------+----------------+ | Debian 12 | PEND | +---------------------+----------------+ | RHEL9 | PEND | +---------------------+----------------+ | Windows Server 2022 | FAIL | +---------------------+----------------+ ==== Unit test summary for Windows Server 2022 (dpdk_unit_test): ==== Failed to get the unit test results. Displaying the unit test results is not supported for some environments, such as our aarch32 testing, where meson is not used to run the tests. Download the logs available on our CI site. ==== End log output ==== Fedora 40 (Clang) Kernel: Depends on container host Compiler: clang 18.1.8 (Fedora 18.1.8-1.fc40) Ubuntu 22.04 Kernel: Depends on container host Compiler: gcc (Ubuntu 11.4.0-1ubuntu1~22.04) 11.4.0 Fedora 40 Kernel: Depends on container host Compiler: gcc 14.2.1 20240912 (Red Hat 14.2.1-3) RHEL8 Kernel: Depends on container host Compiler: gcc 8.5.0 20210514 (Red Hat 8.5.0-22) Fedora 41 Kernel: Depends on container host Compiler: gcc 14.2.1 20240912 (Red Hat 14.2.1-3) CentOS Stream 9 Kernel: Depends on container host Compiler: gcc 11.5.0 20240719 (Red Hat 11.5.0-2) Fedora 41 (Clang) Kernel: Depends on container host Compiler: clang 19.1.5 (Fedora 19.1.5-1.fc41) CentOS Stream 10 Kernel: Depends on container host Compiler: gcc 14.2.1 20241104 (Red Hat 14.2.1-6) Ubuntu 20.04 Kernel: Depends on container host Compiler: gcc (Ubuntu 9.4.0-1ubuntu1~20.04.2) 9.4.0 Ubuntu 24.04 Kernel: Depends on container host Compiler: gcc (Ubuntu 13.3.0-6ubuntu2~24.04) 13.3.0 Debian 12 Kernel: Depends on container host Compiler: gcc (Debian 12.2.0-14) 12.2.0 RHEL9 Kernel: Depends on container host Compiler: gcc 11.5.0 20240719 (Red Hat 11.5.0-2) Windows Server 2022 Kernel: 10.0.20348.2031 Compiler: clang 15.0.7, gcc 14.1.0 (MinGW), and MSVC VS 19.39.33521 To view detailed results, visit: https://lab.dpdk.org/results/dashboard/tarballs/33384/ UNH-IOL DPDK Community Lab To manage your email subscriptions, visit: https://lab.dpdk.org/results/dashboard/preferences/subscriptions/