From mboxrd@z Thu Jan 1 00:00:00 1970 Return-Path: Received: from mails.dpdk.org (mails.dpdk.org [217.70.189.124]) by inbox.dpdk.org (Postfix) with ESMTP id 41B634665A for ; Tue, 29 Apr 2025 08:55:23 +0200 (CEST) Received: from mails.dpdk.org (localhost [127.0.0.1]) by mails.dpdk.org (Postfix) with ESMTP id 3D5BA4026C; Tue, 29 Apr 2025 08:55:23 +0200 (CEST) Received: from mail-pl1-f228.google.com (mail-pl1-f228.google.com [209.85.214.228]) by mails.dpdk.org (Postfix) with ESMTP id 6B3F640263 for ; Tue, 29 Apr 2025 08:55:22 +0200 (CEST) Received: by mail-pl1-f228.google.com with SMTP id d9443c01a7336-22435603572so63918355ad.1 for ; Mon, 28 Apr 2025 23:55:22 -0700 (PDT) DKIM-Signature: v=1; a=rsa-sha256; c=relaxed/relaxed; d=iol.unh.edu; s=unh-iol; t=1745909721; x=1746514521; darn=dpdk.org; h=cc:to:from:subject:message-id:date:from:to:cc:subject:date :message-id:reply-to; bh=1Zfzev6e/nwpkRGznftdIwq16YgxtEX1LTEyndyQCf4=; b=SgM+Ph5VEH+PgQWjMv3QPfwONPy39WmQAWfQKLEQoxa5Dz823hRiLBKqjH/wGFGsQN vPBzQIFFnWCfYCBbZKDzncqcxH7qAyNqv6vCmRIrzgaB6pmksG8l8QaE/6PAxeTP4IXh K3+4cmpSOe1ix7IVIbRigyutRUVa1sklf+nYc= X-Google-DKIM-Signature: v=1; a=rsa-sha256; c=relaxed/relaxed; d=1e100.net; s=20230601; t=1745909721; x=1746514521; h=cc:to:from:subject:message-id:date:x-gm-message-state:from:to:cc :subject:date:message-id:reply-to; bh=1Zfzev6e/nwpkRGznftdIwq16YgxtEX1LTEyndyQCf4=; b=Tzh9cTU0GRJS+GSw6+i6ngvLu62RJ7T+wIDQibeao3K70neb1pPTAUd5A8OcCpp3MQ brEv3+MvLVvUNfU2oxibe/jYu8gwYmNvBpmAa8AbPVQoApkBKpAI9HyAiBZ7Pljm48Xq JdffKnUFzUj7FWMG9OcSpFjRrYHexVvI7ow7VtmRsXBx2IuPnXwaSGBU8szohnSN3L3N GdRJOODFGEcb4g4H0axIz3iGwMoRlOE6ncxy5PuxW5Jkg+EEp22BgelNtc0qwaqXTtJz MGOPvRAQJvHTYg0Hv0iPB5CKf4iST3os4CpQYXfRuhlVglErNiYUqS9d0JIrj7e4tS6b tmAg== X-Gm-Message-State: AOJu0Yzwyq6J6aoj6SjW1QHl1oNwnBL0OlABEODWqbpO1ma2XZ+iqEb8 YOhsnmm/Xt9wXUYGZ8gefkMQ8eGq26oO0GJjZbfJyYgWDAb2yQsMC21A3lKZRByoCwQuvjuIHds FTmkt+NpYNmEGvQsAXd1dgdCI+BX+txW+ X-Gm-Gg: ASbGncutRs0ULc1Y9MJfk1SIpkyR1HIrL5ns6J2a1eEX9lBEFEZNvfdCZ7raWGA/i0V u+gVk1avWbe+1VhYvoET1zyTzNn7PjXi6o+d/U4I7zPEZKP0WTT6BotMKPha+ai+HQs8G6sPWCw yCt43N179qEc6uViRXUcZrCLEPasw+UHH/U0FeXjQPTPvc/n76Dx1mC6gARWqenRA8iug1EJR1M Pl4WLMKwBviWsCKEjknRHXvp3kx16N5OQ/8rlc4dtuSSji3dSHxtTw0TvV38pLnfWByono3VrvP za6l6CjvV06s51OH5oYlzbRlZ5g3EejzUdhf X-Google-Smtp-Source: AGHT+IGpQa5LTf/41X2Y54xbuAPsc243moH9kQaBKbFBpw2pZ8tN99ka5Yv42kmQ/lKkjTInXNWYMZrINH6c X-Received: by 2002:a17:902:f682:b0:223:66a1:4503 with SMTP id d9443c01a7336-22de5fdd6aemr31940885ad.30.1745909721545; Mon, 28 Apr 2025 23:55:21 -0700 (PDT) Received: from postal.iol.unh.edu (postal.iol.unh.edu. [132.177.123.84]) by smtp-relay.gmail.com with ESMTPS id d9443c01a7336-22db4f2f85dsm13303075ad.54.2025.04.28.23.55.21 (version=TLS1_2 cipher=ECDHE-ECDSA-AES128-GCM-SHA256 bits=128/128); Mon, 28 Apr 2025 23:55:21 -0700 (PDT) X-Relaying-Domain: iol.unh.edu Date: Mon, 28 Apr 2025 23:55:21 -0700 (PDT) Message-ID: <681077d9.170a0220.36f9a4.0746SMTPIN_ADDED_MISSING@mx.google.com> Received: from [172.21.0.5] (unknown [172.18.0.240]) by postal.iol.unh.edu (Postfix) with ESMTP id AF5096052471; Tue, 29 Apr 2025 02:55:20 -0400 (EDT) Subject: |WARNING| [GIT MASTER] 4401486b5e30d43a134f80f9802f60b5f43e74a8 From: dpdklab@iol.unh.edu To: Test Report Cc: dpdk-test-reports@iol.unh.edu, Xueming Li , Christian Ehrhardt , Kevin Traynor , Luca Boccassi Content-Type: text/plain X-BeenThere: test-report@dpdk.org X-Mailman-Version: 2.1.29 Precedence: list List-Id: automatic DPDK test reports List-Unsubscribe: , List-Archive: List-Post: List-Help: List-Subscribe: , Errors-To: test-report-bounces@dpdk.org _Testing issues_ Branch: tags/v22.11 4401486b5e30d43a134f80f9802f60b5f43e74a8 --> testing issues Upstream job id: Generic-DPDK-Compile-ABI#124740 Test environment and result as below: +-------------------+----------+ | Environment | abi_test | +===================+==========+ | CentOS Stream 10 | FAIL | +-------------------+----------+ | CentOS Stream 9 | PASS | +-------------------+----------+ | Fedora 40 (Clang) | FAIL | +-------------------+----------+ | Debian 12 | PASS | +-------------------+----------+ | Fedora 40 | PASS | +-------------------+----------+ | Fedora 41 | FAIL | +-------------------+----------+ | Fedora 41 (Clang) | PASS | +-------------------+----------+ | RHEL9 | FAIL | +-------------------+----------+ | RHEL8 | FAIL | +-------------------+----------+ | openSUSE Leap 15 | PASS | +-------------------+----------+ | Ubuntu 22.04 | FAIL | +-------------------+----------+ | Ubuntu 24.04 | PASS | +-------------------+----------+ ==== 20 line log output for Ubuntu 22.04 (abi_test): ==== './librte_vdpa_ifc.so' -> 'dpdk/pmds-23.0/librte_vdpa_ifc.so' './librte_vdpa_ifc.so.23' -> 'dpdk/pmds-23.0/librte_vdpa_ifc.so.23' './librte_vdpa_ifc.so.23.0' -> 'dpdk/pmds-23.0/librte_vdpa_ifc.so.23.0' './librte_vdpa_mlx5.so' -> 'dpdk/pmds-23.0/librte_vdpa_mlx5.so' './librte_vdpa_mlx5.so.23' -> 'dpdk/pmds-23.0/librte_vdpa_mlx5.so.23' './librte_vdpa_mlx5.so.23.0' -> 'dpdk/pmds-23.0/librte_vdpa_mlx5.so.23.0' './librte_vdpa_sfc.so' -> 'dpdk/pmds-23.0/librte_vdpa_sfc.so' './librte_vdpa_sfc.so.23' -> 'dpdk/pmds-23.0/librte_vdpa_sfc.so.23' './librte_vdpa_sfc.so.23.0' -> 'dpdk/pmds-23.0/librte_vdpa_sfc.so.23.0' Installing /root/workspace/Generic-DPDK-Compile-ABI@4/dpdk/usertools/dpdk-devbind.py to /root/workspace/Generic-DPDK-Compile-ABI@4/build_install/usr/local/bin Installing /root/workspace/Generic-DPDK-Compile-ABI@4/dpdk/usertools/dpdk-pmdinfo.py to /root/workspace/Generic-DPDK-Compile-ABI@4/build_install/usr/local/bin Installing /root/workspace/Generic-DPDK-Compile-ABI@4/dpdk/usertools/dpdk-telemetry.py to /root/workspace/Generic-DPDK-Compile-ABI@4/build_install/usr/local/bin Installing /root/workspace/Generic-DPDK-Compile-ABI@4/dpdk/usertools/dpdk-hugepages.py to /root/workspace/Generic-DPDK-Compile-ABI@4/build_install/usr/local/bin Installing /root/workspace/Generic-DPDK-Compile-ABI@4/dpdk/doc/guides/custom.css to /root/workspace/Generic-DPDK-Compile-ABI@4/build_install/usr/local/share/doc/dpdk/_static/css Installing /root/workspace/Generic-DPDK-Compile-ABI@4/dpdk/build/rte_build_config.h to /root/workspace/Generic-DPDK-Compile-ABI@4/build_install/usr/local/include Installing /root/workspace/Generic-DPDK-Compile-ABI@4/dpdk/build/meson-private/libdpdk-libs.pc to /root/workspace/Generic-DPDK-Compile-ABI@4/build_install/usr/local/lib/x86_64-linux-gnu/pkgconfig Installing /root/workspace/Generic-DPDK-Compile-ABI@4/dpdk/build/meson-private/libdpdk.pc to /root/workspace/Generic-DPDK-Compile-ABI@4/build_install/usr/local/lib/x86_64-linux-gnu/pkgconfig Running custom install script '/bin/sh /root/workspace/Generic-DPDK-Compile-ABI@4/dpdk/config/../buildtools/symlink-drivers-solibs.sh lib/x86_64-linux-gnu dpdk/pmds-23.0' ==== Compiled DPDK with debugoptimized bash: /scripts/generate_abi.sh: No such file or directory ==== End log output ==== CentOS Stream 10 Kernel: Depends on container host Compiler: gcc 14.2.1 20241104 (Red Hat 14.2.1-6) CentOS Stream 9 Kernel: Depends on container host Compiler: gcc 11.5.0 20240719 (Red Hat 11.5.0-2) Fedora 40 (Clang) Kernel: Depends on container host Compiler: clang 18.1.8 (Fedora 18.1.8-1.fc40) Debian 12 Kernel: Depends on container host Compiler: gcc (Debian 12.2.0-14) 12.2.0 Fedora 40 Kernel: Depends on container host Compiler: gcc 14.2.1 20240912 (Red Hat 14.2.1-3) Fedora 41 Kernel: Depends on container host Compiler: gcc 14.2.1 20240912 (Red Hat 14.2.1-3) Fedora 41 (Clang) Kernel: Depends on container host Compiler: clang 19.1.5 (Fedora 19.1.5-1.fc41) RHEL9 Kernel: Depends on container host Compiler: gcc 11.5.0 20240719 (Red Hat 11.5.0-2) RHEL8 Kernel: Depends on container host Compiler: gcc 8.5.0 20210514 (Red Hat 8.5.0-22) openSUSE Leap 15 Kernel: Depends on container host Compiler: gcc (SUSE Linux) 7.5.0 Ubuntu 22.04 Kernel: Depends on container host Compiler: gcc (Ubuntu 11.4.0-1ubuntu1~22.04) 11.4.0 Ubuntu 24.04 Kernel: Depends on container host Compiler: gcc (Ubuntu 13.3.0-6ubuntu2~24.04) 13.3.0 To view detailed results, visit: https://lab.dpdk.org/results/dashboard/tarballs/33384/ UNH-IOL DPDK Community Lab To manage your email subscriptions, visit: https://lab.dpdk.org/results/dashboard/preferences/subscriptions/