From mboxrd@z Thu Jan 1 00:00:00 1970 Return-Path: Received: from mails.dpdk.org (mails.dpdk.org [217.70.189.124]) by inbox.dpdk.org (Postfix) with ESMTP id 166884665A for ; Tue, 29 Apr 2025 09:04:07 +0200 (CEST) Received: from mails.dpdk.org (localhost [127.0.0.1]) by mails.dpdk.org (Postfix) with ESMTP id 129DD4026C; Tue, 29 Apr 2025 09:04:07 +0200 (CEST) Received: from mail-pf1-f227.google.com (mail-pf1-f227.google.com [209.85.210.227]) by mails.dpdk.org (Postfix) with ESMTP id 0A1E840263 for ; Tue, 29 Apr 2025 09:04:06 +0200 (CEST) Received: by mail-pf1-f227.google.com with SMTP id d2e1a72fcca58-736b98acaadso5378103b3a.1 for ; Tue, 29 Apr 2025 00:04:05 -0700 (PDT) DKIM-Signature: v=1; a=rsa-sha256; c=relaxed/relaxed; d=iol.unh.edu; s=unh-iol; t=1745910245; x=1746515045; darn=dpdk.org; h=cc:to:from:subject:message-id:date:from:to:cc:subject:date :message-id:reply-to; bh=aamCZ7Q6ZolSjUUB4UIY8TI7k5Qv7T0L492xh4SZTkE=; b=AaPpRv1nW4SkdS99qQbiNEFGX1NmHRqRaeWplgmGX+zH4nsllCDge2xF3z3uvxYSB6 dAjpy+eEdYGqO38q/N1ZUgsKCsnA89J0CoVHmbF/7yddnj6xR0vUmw4DCeA9//tJxYAW DEKXbwDQtEnJZX2NQ+3fQcr8p/AcuIP8iyBFQ= X-Google-DKIM-Signature: v=1; a=rsa-sha256; c=relaxed/relaxed; d=1e100.net; s=20230601; t=1745910245; x=1746515045; h=cc:to:from:subject:message-id:date:x-gm-message-state:from:to:cc :subject:date:message-id:reply-to; bh=aamCZ7Q6ZolSjUUB4UIY8TI7k5Qv7T0L492xh4SZTkE=; b=pXFtPOQFJVm3rPfmqz5VOvgmcdvh2wJ85mkN4EjwZxYbC7uQLsBQQxVWPUiwlGJpfh PIMQioUY0TkZIOaHcVLP7BCaR9btLR0Oweg+uu/JXnj7zGGMolZ937MFg8O0dZ4f5Q2X o1xTujuousGlLHmQoiyO36uOFiUnRs0jPgTHTe1OqvxL9hjtudq3MB18WHNKyJ9FuSvA mDdLRHKmblv1fPk2YHWa9qnDbmcVWzjdGnJWVkyvJJEbOzx+VVkfoVu4T95kgrSLOvOu Z1VKCvUgdlb126lHHEG8/T8wEEA7nJpZjrWgHOr5QSBgOVvhZdkycjOm/uTWvUb2GtW/ kjKg== X-Gm-Message-State: AOJu0YxuUM3zJY2SyIYbLfg/+kARoSqVIri7b1WkaESPtml2p864O1EO 1SlMpoaDxrTBS+vx1UJVKKi/+Avw3/r2nVhZxIkCPESK9zhBIrZHNY0tsipFoN5YbtENx1qJGYb D7C8iyjDlt6aCsFU3Ag6NDzedWjY2ZN0Y X-Gm-Gg: ASbGncvqGStbR8rfgSPr8T7yOcmNhBUvnem/O9V8Utk10eZD7/xuE+m43tQ1R7P/Kxw BOnNk55XKn2TnB5K/CPBk6goLLxC+9wO5N3em0w+86fqrl6kpcj/Wg6tn9/dedoR+xS9ZF8lhxc IPdDAipvfFwLk0ctf6U+GiokuRzI2kvC049oQQwlxp/POKIBwc7SRI435woRy8cRznisGXV/Oc+ i2h8igLH0O379/ngkMcSpvz0TOH6SE4OMjzaiEGnB6kGCoN3vfPHiOhHRxItIuCUk1jCO+JqVtq AcZ8fr/0ZmUhcask/of0i2oBF4fdT2vb5Lj+ X-Google-Smtp-Source: AGHT+IH+hl/eRwvE7bGtY4EpfS4Bbjl2I0xR8jMiWW2Thgz7OhM1tGP6DeRMKsivKdQFZHxYNks9eDee3cmP X-Received: by 2002:a05:6a20:d705:b0:1ee:e46d:58a2 with SMTP id adf61e73a8af0-2095b0fd65fmr2553363637.3.1745910245017; Tue, 29 Apr 2025 00:04:05 -0700 (PDT) Received: from postal.iol.unh.edu (postal.iol.unh.edu. [132.177.123.84]) by smtp-relay.gmail.com with ESMTPS id 41be03b00d2f7-b15f52dc192sm721188a12.0.2025.04.29.00.04.04 (version=TLS1_2 cipher=ECDHE-ECDSA-AES128-GCM-SHA256 bits=128/128); Tue, 29 Apr 2025 00:04:05 -0700 (PDT) X-Relaying-Domain: iol.unh.edu Date: Tue, 29 Apr 2025 00:04:05 -0700 (PDT) Message-ID: <681079e5.050a0220.7c95c.ed24SMTPIN_ADDED_MISSING@mx.google.com> Received: from [172.21.0.5] (unknown [172.18.0.240]) by postal.iol.unh.edu (Postfix) with ESMTP id 7064C6052471; Tue, 29 Apr 2025 03:04:04 -0400 (EDT) Subject: |FAILURE| [GIT MASTER] 4401486b5e30d43a134f80f9802f60b5f43e74a8 From: dpdklab@iol.unh.edu To: Test Report Cc: dpdk-test-reports@iol.unh.edu, Xueming Li , Christian Ehrhardt , Kevin Traynor , Luca Boccassi Content-Type: text/plain X-BeenThere: test-report@dpdk.org X-Mailman-Version: 2.1.29 Precedence: list List-Id: automatic DPDK test reports List-Unsubscribe: , List-Archive: List-Post: List-Help: List-Subscribe: , Errors-To: test-report-bounces@dpdk.org _Testing issues_ Branch: tags/v22.11 4401486b5e30d43a134f80f9802f60b5f43e74a8 --> testing issues Upstream job id: Generic-Unit-Test-DPDK#334190 Test environment and result as below: +---------------------+----------------+ | Environment | dpdk_unit_test | +=====================+================+ | Fedora 40 (Clang) | FAIL | +---------------------+----------------+ | Ubuntu 22.04 | FAIL | +---------------------+----------------+ | Fedora 40 | PEND | +---------------------+----------------+ | RHEL8 | FAIL | +---------------------+----------------+ | Fedora 41 | PEND | +---------------------+----------------+ | CentOS Stream 9 | FAIL | +---------------------+----------------+ | Fedora 41 (Clang) | PEND | +---------------------+----------------+ | CentOS Stream 10 | PEND | +---------------------+----------------+ | Ubuntu 20.04 | PASS | +---------------------+----------------+ | Ubuntu 24.04 | PEND | +---------------------+----------------+ | Debian 12 | PEND | +---------------------+----------------+ | RHEL9 | PEND | +---------------------+----------------+ | Windows Server 2022 | FAIL | +---------------------+----------------+ ==== Unit test summary for Windows Server 2022 (dpdk_unit_test): ==== Failed to get the unit test results. Displaying the unit test results is not supported for some environments, such as our aarch32 testing, where meson is not used to run the tests. Download the logs available on our CI site. ==== End log output ==== Fedora 40 (Clang) Kernel: Depends on container host Compiler: clang 18.1.8 (Fedora 18.1.8-1.fc40) Ubuntu 22.04 Kernel: Depends on container host Compiler: gcc (Ubuntu 11.4.0-1ubuntu1~22.04) 11.4.0 Fedora 40 Kernel: Depends on container host Compiler: gcc 14.2.1 20240912 (Red Hat 14.2.1-3) RHEL8 Kernel: Depends on container host Compiler: gcc 8.5.0 20210514 (Red Hat 8.5.0-22) Fedora 41 Kernel: Depends on container host Compiler: gcc 14.2.1 20240912 (Red Hat 14.2.1-3) CentOS Stream 9 Kernel: Depends on container host Compiler: gcc 11.5.0 20240719 (Red Hat 11.5.0-2) Fedora 41 (Clang) Kernel: Depends on container host Compiler: clang 19.1.5 (Fedora 19.1.5-1.fc41) CentOS Stream 10 Kernel: Depends on container host Compiler: gcc 14.2.1 20241104 (Red Hat 14.2.1-6) Ubuntu 20.04 Kernel: Depends on container host Compiler: gcc (Ubuntu 9.4.0-1ubuntu1~20.04.2) 9.4.0 Ubuntu 24.04 Kernel: Depends on container host Compiler: gcc (Ubuntu 13.3.0-6ubuntu2~24.04) 13.3.0 Debian 12 Kernel: Depends on container host Compiler: gcc (Debian 12.2.0-14) 12.2.0 RHEL9 Kernel: Depends on container host Compiler: gcc 11.5.0 20240719 (Red Hat 11.5.0-2) Windows Server 2022 Kernel: 10.0.20348.2031 Compiler: clang 15.0.7, gcc 14.1.0 (MinGW), and MSVC VS 19.39.33521 To view detailed results, visit: https://lab.dpdk.org/results/dashboard/tarballs/33384/ UNH-IOL DPDK Community Lab To manage your email subscriptions, visit: https://lab.dpdk.org/results/dashboard/preferences/subscriptions/