From mboxrd@z Thu Jan 1 00:00:00 1970 Return-Path: Received: from mails.dpdk.org (mails.dpdk.org [217.70.189.124]) by inbox.dpdk.org (Postfix) with ESMTP id 2A8584665A for ; Tue, 29 Apr 2025 09:04:26 +0200 (CEST) Received: from mails.dpdk.org (localhost [127.0.0.1]) by mails.dpdk.org (Postfix) with ESMTP id 25C274026C; Tue, 29 Apr 2025 09:04:26 +0200 (CEST) Received: from mail-yw1-f228.google.com (mail-yw1-f228.google.com [209.85.128.228]) by mails.dpdk.org (Postfix) with ESMTP id 7E87240263 for ; Tue, 29 Apr 2025 09:04:25 +0200 (CEST) Received: by mail-yw1-f228.google.com with SMTP id 00721157ae682-6ff27ad48beso48907677b3.0 for ; Tue, 29 Apr 2025 00:04:25 -0700 (PDT) DKIM-Signature: v=1; a=rsa-sha256; c=relaxed/relaxed; d=iol.unh.edu; s=unh-iol; t=1745910265; x=1746515065; darn=dpdk.org; h=cc:to:from:subject:message-id:date:from:to:cc:subject:date :message-id:reply-to; bh=EJ9QMoWGMxhNN7bOrEQ6kw7UoZLF4mapfHXs/jzKoDE=; b=MwgHyX3HgqNh1Zza056BdedvYXyi2UcIw2CtiJ5ImP+/TqKdGmqdJI6M9PFYtIflAN NSrSRmNODnDmpT46C0VDQxhDEwBoyrxNoZgMyT1IKNGVVl8o/y56T2KBPDbvuOx6+CGG ZcEcz+2fdYml5imDOSQ6/sXNm5PD8XinUbp00= X-Google-DKIM-Signature: v=1; a=rsa-sha256; c=relaxed/relaxed; d=1e100.net; s=20230601; t=1745910265; x=1746515065; h=cc:to:from:subject:message-id:date:x-gm-message-state:from:to:cc :subject:date:message-id:reply-to; bh=EJ9QMoWGMxhNN7bOrEQ6kw7UoZLF4mapfHXs/jzKoDE=; b=c61MBQArqLASNRcOyJArWsfslfcozoOfQLfh62NvYJL/oJ1Zig55QuGrgsefTfDzKE Em7RcfOQc757RbJulmZcKvTFvQf0BM2qq/lcUO322s8A0EvpdWHeTRyK0M79KTal1Dgj UgjFWwX9YWa8mWrmF8O8iVdxPGw0qPW/kaTZ4GQ2FfhbNWkkOhTH+w2QvS8Qha4sJVeh UhE9woCVMFbLZD4hkz1aRhmqEKmFWLvgGyTZwcxm2tB0Z24I5PU9CAOKFFO9gEHiRLO2 2mfwzU5g2Cy9JR8fK6fYbrp2v/VBzDDKpk64khrju3mDS8AYM0/1fBb3UwLe1d/ZlNkr rx9g== X-Gm-Message-State: AOJu0YziHUGzf+XKnQFT1UYmXCK/v2WKZ2G2sIiEAE/yb1JKjbhmQQcP 5KS9xzctRrOqT2On0eTh8uh5LUZqhy/DCyn4FXoEYcYjeMrr9loe0b6CqTjFSWlSQYZNdhtqlVe K9VUAeiwgG6LMgEMHTFhD4dDKu/OKFVLuGXu1zD5sAbLQQj7b X-Gm-Gg: ASbGncvJ07ot6FY9ZDX+rS7rfh8IfkIb1Hp1Wv0omfyPyaGesQEWQ76gVspV7gezMMy hQcPRm3vcZpxFdpiOnYIbPDkUXg/F95nCN11aDtPBM3AclB6ZiaBQte75oxcth6ZnBfjHtkOWRG XpgNoffkCxm3bFg4/bJgX/FYdbXFYuhFNeP13C8A44dW70VrOhrTAWONUaS23bfW2AorDP1uwMN PVzc4s8lz4GcFXkQFEta9M7TXjXdIK4Ft2qjbJRZNP+Hvm7T/A+PLc2OKkJLndjHXayWPkrXlz7 eN4qxzaoo0iTVhnRIyOZ8uTELKSTUidZcjUaBB29KFqVcQNN X-Google-Smtp-Source: AGHT+IEr6NXN3APYyIWN1wwvjAQkVYaOeFFZok/cj0bxJ4YAy8bLiX3lX0G6JC+L4BLD1U/UZd7ue2hr97o4 X-Received: by 2002:a05:690c:6b84:b0:702:4eac:175f with SMTP id 00721157ae682-7089b3588a9mr26177557b3.31.1745910264915; Tue, 29 Apr 2025 00:04:24 -0700 (PDT) Received: from postal.iol.unh.edu (postal.iol.unh.edu. [2606:4100:3880:1234::84]) by smtp-relay.gmail.com with ESMTPS id 00721157ae682-70841af9568sm11918087b3.70.2025.04.29.00.04.24 (version=TLS1_2 cipher=ECDHE-ECDSA-AES128-GCM-SHA256 bits=128/128); Tue, 29 Apr 2025 00:04:24 -0700 (PDT) X-Relaying-Domain: iol.unh.edu Date: Tue, 29 Apr 2025 00:04:24 -0700 (PDT) Message-ID: <681079f8.810a0220.21ffc9.15d0SMTPIN_ADDED_MISSING@mx.google.com> Received: from [172.21.0.5] (unknown [172.18.0.240]) by postal.iol.unh.edu (Postfix) with ESMTP id 80CDC6052471; Tue, 29 Apr 2025 03:04:24 -0400 (EDT) Subject: |FAILURE| [GIT MASTER] 4401486b5e30d43a134f80f9802f60b5f43e74a8 From: dpdklab@iol.unh.edu To: Test Report Cc: dpdk-test-reports@iol.unh.edu, Xueming Li , Christian Ehrhardt , Kevin Traynor , Luca Boccassi Content-Type: text/plain X-BeenThere: test-report@dpdk.org X-Mailman-Version: 2.1.29 Precedence: list List-Id: automatic DPDK test reports List-Unsubscribe: , List-Archive: List-Post: List-Help: List-Subscribe: , Errors-To: test-report-bounces@dpdk.org _Testing issues_ Branch: tags/v22.11 4401486b5e30d43a134f80f9802f60b5f43e74a8 --> testing issues Upstream job id: Generic-Unit-Test-DPDK#334183 Test environment and result as below: +---------------------+----------------+ | Environment | dpdk_unit_test | +=====================+================+ | Fedora 40 (Clang) | FAIL | +---------------------+----------------+ | Ubuntu 22.04 | FAIL | +---------------------+----------------+ | Fedora 40 | PEND | +---------------------+----------------+ | RHEL8 | FAIL | +---------------------+----------------+ | Fedora 41 | PEND | +---------------------+----------------+ | CentOS Stream 9 | FAIL | +---------------------+----------------+ | Fedora 41 (Clang) | PEND | +---------------------+----------------+ | CentOS Stream 10 | PEND | +---------------------+----------------+ | Ubuntu 20.04 | PASS | +---------------------+----------------+ | Ubuntu 24.04 | PEND | +---------------------+----------------+ | Debian 12 | PEND | +---------------------+----------------+ | RHEL9 | PEND | +---------------------+----------------+ | Windows Server 2022 | FAIL | +---------------------+----------------+ ==== Unit test summary for Windows Server 2022 (dpdk_unit_test): ==== Failed to get the unit test results. Displaying the unit test results is not supported for some environments, such as our aarch32 testing, where meson is not used to run the tests. Download the logs available on our CI site. ==== End log output ==== Fedora 40 (Clang) Kernel: Depends on container host Compiler: clang 18.1.8 (Fedora 18.1.8-1.fc40) Ubuntu 22.04 Kernel: Depends on container host Compiler: gcc (Ubuntu 11.4.0-1ubuntu1~22.04) 11.4.0 Fedora 40 Kernel: Depends on container host Compiler: gcc 14.2.1 20240912 (Red Hat 14.2.1-3) RHEL8 Kernel: Depends on container host Compiler: gcc 8.5.0 20210514 (Red Hat 8.5.0-22) Fedora 41 Kernel: Depends on container host Compiler: gcc 14.2.1 20240912 (Red Hat 14.2.1-3) CentOS Stream 9 Kernel: Depends on container host Compiler: gcc 11.5.0 20240719 (Red Hat 11.5.0-2) Fedora 41 (Clang) Kernel: Depends on container host Compiler: clang 19.1.5 (Fedora 19.1.5-1.fc41) CentOS Stream 10 Kernel: Depends on container host Compiler: gcc 14.2.1 20241104 (Red Hat 14.2.1-6) Ubuntu 20.04 Kernel: Depends on container host Compiler: gcc (Ubuntu 9.4.0-1ubuntu1~20.04.2) 9.4.0 Ubuntu 24.04 Kernel: Depends on container host Compiler: gcc (Ubuntu 13.3.0-6ubuntu2~24.04) 13.3.0 Debian 12 Kernel: Depends on container host Compiler: gcc (Debian 12.2.0-14) 12.2.0 RHEL9 Kernel: Depends on container host Compiler: gcc 11.5.0 20240719 (Red Hat 11.5.0-2) Windows Server 2022 Kernel: 10.0.20348.2031 Compiler: clang 15.0.7, gcc 14.1.0 (MinGW), and MSVC VS 19.39.33521 To view detailed results, visit: https://lab.dpdk.org/results/dashboard/tarballs/33384/ UNH-IOL DPDK Community Lab To manage your email subscriptions, visit: https://lab.dpdk.org/results/dashboard/preferences/subscriptions/