From mboxrd@z Thu Jan 1 00:00:00 1970 Return-Path: Received: from mails.dpdk.org (mails.dpdk.org [217.70.189.124]) by inbox.dpdk.org (Postfix) with ESMTP id A53974665A for ; Tue, 29 Apr 2025 09:20:18 +0200 (CEST) Received: from mails.dpdk.org (localhost [127.0.0.1]) by mails.dpdk.org (Postfix) with ESMTP id 7BB134026C; Tue, 29 Apr 2025 09:20:18 +0200 (CEST) Received: from mail-oa1-f99.google.com (mail-oa1-f99.google.com [209.85.160.99]) by mails.dpdk.org (Postfix) with ESMTP id D7EF140263 for ; Tue, 29 Apr 2025 09:20:16 +0200 (CEST) Received: by mail-oa1-f99.google.com with SMTP id 586e51a60fabf-2d060c62b61so5105389fac.0 for ; Tue, 29 Apr 2025 00:20:16 -0700 (PDT) DKIM-Signature: v=1; a=rsa-sha256; c=relaxed/relaxed; d=iol.unh.edu; s=unh-iol; t=1745911216; x=1746516016; darn=dpdk.org; h=cc:to:from:subject:message-id:date:from:to:cc:subject:date :message-id:reply-to; bh=KJkprfUyZqmD/aZUD90g9ecPauSh3iHMcHdBzr0Rl7I=; b=M1J4BjG/kwOgLgMW3u5g9O+3cOUyFkN7mkeHJbeE1RwW5GDdBaV3vvHyqQ0mLThALB yU2kZTti78IGGhfaUsxF4KOcMhI//F+MVSlKFDTXiz3hBB534Shtcz4nHcnoJXZf3DEr hykreciekAIHTWLZnOrsR8dUmnZJsWwyB2djE= X-Google-DKIM-Signature: v=1; a=rsa-sha256; c=relaxed/relaxed; d=1e100.net; s=20230601; t=1745911216; x=1746516016; h=cc:to:from:subject:message-id:date:x-gm-message-state:from:to:cc :subject:date:message-id:reply-to; bh=KJkprfUyZqmD/aZUD90g9ecPauSh3iHMcHdBzr0Rl7I=; b=r5QNTuo/1o9F6XMuHvrYs2+a5MeM5sISPbTN//5kC9OjEgCs417hUyw2z7AqvXNjuZ YOaTmUHK+JwUu4tM4xE8Py02nvbxWh8/F/SlPtUkIA2FE2VXnYl9PwptVMrkwmFBHRjF 2IzBllhmvBg6ttMYynJxB+hshQ382SBY+6nycmsSW8bO4dfKAwETad9MlS3DW/Jyi0l/ v112vc9ZQ2xXZrRzCgfP7GQL4nPTcagyAOhz0MqOmkMhXq98VdbdJMPSkQtncfHTMQ5w QfemZD+mI83vYFlVw2UEqLAx/GWu5juZe2pTyjAWLQCPYIZ548AS6kF4zcwavbYTXfzD es/g== X-Gm-Message-State: AOJu0YyvEYEGUK/Im5VR7K8oeG+IJauPC9SBDIPDpJ8BbZo5svi+w667 3RbIM7PCbDAq9XLPnxtkbDAVsaeRA5EzAVz178/W5u+EU9rHY+9XftogTPP5QxrA7tE4gVsEUaa blqWCQ2kKB9FUII4niKdtxrmeNwnPGm10GiilMlm10T5v3pvo X-Gm-Gg: ASbGnct7Fe0aJSupEAPIXNsdWj8x+eKdpk1ZH2XEjVUVVgkbsNsomUGwMEEiBBY58dF HNpt6WNeBz6Hg7JW2Rs+pB2FvxtAHRPe4Zv9kqnxEtA+MpLAAivUi6oZ/bapRPlwVIDt1mrp5GE 6Jp1eqmxM6Fp7dVcY21vOTwdcCzKLlVpjUGRDXQ7D9osyJTc93MpOWO46VDUIJiv9MI7t30JPiG E8Z2daQoe/aj+yUzNCnQroyHsODQTEOkOj7sa0avpaxlSNDUggWhyzsd7g33gg0T5IxIFzhYLYn uS+jmw+sNaJh2wJyyPHCkmgdn0Pk3xmwamOLGY5ot66+3Vqj X-Google-Smtp-Source: AGHT+IElmw2U/7NZRZxohMSGnfJiZSdFwIiCQRdo4F1vdzYco/UPgv0QJpuhZ8zUWIgvNsc3SFpm2icif6Vy X-Received: by 2002:a05:6870:4308:b0:2c8:34df:8c4f with SMTP id 586e51a60fabf-2d9be93836amr6489748fac.37.1745911215958; Tue, 29 Apr 2025 00:20:15 -0700 (PDT) Received: from postal.iol.unh.edu (postal.iol.unh.edu. [2606:4100:3880:1234::84]) by smtp-relay.gmail.com with ESMTPS id 586e51a60fabf-2d9737a52b1sm966476fac.15.2025.04.29.00.20.15 (version=TLS1_2 cipher=ECDHE-ECDSA-AES128-GCM-SHA256 bits=128/128); Tue, 29 Apr 2025 00:20:15 -0700 (PDT) X-Relaying-Domain: iol.unh.edu Date: Tue, 29 Apr 2025 00:20:15 -0700 (PDT) Message-ID: <68107daf.050a0220.bb529.7067SMTPIN_ADDED_MISSING@mx.google.com> Received: from [172.21.0.5] (unknown [172.18.0.240]) by postal.iol.unh.edu (Postfix) with ESMTP id 548F56052471; Tue, 29 Apr 2025 03:20:15 -0400 (EDT) Subject: |FAILURE| [GIT MASTER] 4401486b5e30d43a134f80f9802f60b5f43e74a8 From: dpdklab@iol.unh.edu To: Test Report Cc: dpdk-test-reports@iol.unh.edu, Xueming Li , Christian Ehrhardt , Kevin Traynor , Luca Boccassi Content-Type: text/plain X-BeenThere: test-report@dpdk.org X-Mailman-Version: 2.1.29 Precedence: list List-Id: automatic DPDK test reports List-Unsubscribe: , List-Archive: List-Post: List-Help: List-Subscribe: , Errors-To: test-report-bounces@dpdk.org _Testing issues_ Branch: tags/v22.11 4401486b5e30d43a134f80f9802f60b5f43e74a8 --> testing issues Upstream job id: Generic-Unit-Test-DPDK#334188 Test environment and result as below: +---------------------+----------------+ | Environment | dpdk_unit_test | +=====================+================+ | Fedora 40 (Clang) | FAIL | +---------------------+----------------+ | Ubuntu 22.04 | FAIL | +---------------------+----------------+ | Fedora 40 | PEND | +---------------------+----------------+ | RHEL8 | FAIL | +---------------------+----------------+ | Fedora 41 | FAIL | +---------------------+----------------+ | CentOS Stream 9 | FAIL | +---------------------+----------------+ | Fedora 41 (Clang) | PEND | +---------------------+----------------+ | CentOS Stream 10 | PEND | +---------------------+----------------+ | Ubuntu 20.04 | PASS | +---------------------+----------------+ | Ubuntu 24.04 | PEND | +---------------------+----------------+ | Debian 12 | PEND | +---------------------+----------------+ | RHEL9 | PEND | +---------------------+----------------+ | Windows Server 2022 | FAIL | +---------------------+----------------+ ==== Unit test summary for Windows Server 2022 (dpdk_unit_test): ==== Failed to get the unit test results. Displaying the unit test results is not supported for some environments, such as our aarch32 testing, where meson is not used to run the tests. Download the logs available on our CI site. ==== End log output ==== Fedora 40 (Clang) Kernel: Depends on container host Compiler: clang 18.1.8 (Fedora 18.1.8-1.fc40) Ubuntu 22.04 Kernel: Depends on container host Compiler: gcc (Ubuntu 11.4.0-1ubuntu1~22.04) 11.4.0 Fedora 40 Kernel: Depends on container host Compiler: gcc 14.2.1 20240912 (Red Hat 14.2.1-3) RHEL8 Kernel: Depends on container host Compiler: gcc 8.5.0 20210514 (Red Hat 8.5.0-22) Fedora 41 Kernel: Depends on container host Compiler: gcc 14.2.1 20240912 (Red Hat 14.2.1-3) CentOS Stream 9 Kernel: Depends on container host Compiler: gcc 11.5.0 20240719 (Red Hat 11.5.0-2) Fedora 41 (Clang) Kernel: Depends on container host Compiler: clang 19.1.5 (Fedora 19.1.5-1.fc41) CentOS Stream 10 Kernel: Depends on container host Compiler: gcc 14.2.1 20241104 (Red Hat 14.2.1-6) Ubuntu 20.04 Kernel: Depends on container host Compiler: gcc (Ubuntu 9.4.0-1ubuntu1~20.04.2) 9.4.0 Ubuntu 24.04 Kernel: Depends on container host Compiler: gcc (Ubuntu 13.3.0-6ubuntu2~24.04) 13.3.0 Debian 12 Kernel: Depends on container host Compiler: gcc (Debian 12.2.0-14) 12.2.0 RHEL9 Kernel: Depends on container host Compiler: gcc 11.5.0 20240719 (Red Hat 11.5.0-2) Windows Server 2022 Kernel: 10.0.20348.2031 Compiler: clang 15.0.7, gcc 14.1.0 (MinGW), and MSVC VS 19.39.33521 To view detailed results, visit: https://lab.dpdk.org/results/dashboard/tarballs/33384/ UNH-IOL DPDK Community Lab To manage your email subscriptions, visit: https://lab.dpdk.org/results/dashboard/preferences/subscriptions/