From mboxrd@z Thu Jan 1 00:00:00 1970 Return-Path: Received: from mails.dpdk.org (mails.dpdk.org [217.70.189.124]) by inbox.dpdk.org (Postfix) with ESMTP id D195A4665A for ; Tue, 29 Apr 2025 09:22:39 +0200 (CEST) Received: from mails.dpdk.org (localhost [127.0.0.1]) by mails.dpdk.org (Postfix) with ESMTP id B945C4026C; Tue, 29 Apr 2025 09:22:39 +0200 (CEST) Received: from mail-pl1-f228.google.com (mail-pl1-f228.google.com [209.85.214.228]) by mails.dpdk.org (Postfix) with ESMTP id 166DB40263 for ; Tue, 29 Apr 2025 09:22:38 +0200 (CEST) Received: by mail-pl1-f228.google.com with SMTP id d9443c01a7336-224100e9a5cso67926205ad.2 for ; Tue, 29 Apr 2025 00:22:38 -0700 (PDT) DKIM-Signature: v=1; a=rsa-sha256; c=relaxed/relaxed; d=iol.unh.edu; s=unh-iol; t=1745911357; x=1746516157; darn=dpdk.org; h=cc:to:from:subject:message-id:date:from:to:cc:subject:date :message-id:reply-to; bh=RVxS8EnTWvPqZKMptXRTVRLor/NyzZF1/t4gklvzF00=; b=gRHKrbdTsCmueIaLzhNyvdP+JzaWmWpr/0SsxhMZAXE8kn56z57f3l7ZlNmUTCv/J8 229DLcvHwmanlSoU93JKS66P/MM7I8dhfmrNzQa+Mc/cXJP2inB1JfDMxr024fKhAMIB 3G4bVXjxedtC/qEi3rlhnLBhnrZ5/jxGK2HGI= X-Google-DKIM-Signature: v=1; a=rsa-sha256; c=relaxed/relaxed; d=1e100.net; s=20230601; t=1745911357; x=1746516157; h=cc:to:from:subject:message-id:date:x-gm-message-state:from:to:cc :subject:date:message-id:reply-to; bh=RVxS8EnTWvPqZKMptXRTVRLor/NyzZF1/t4gklvzF00=; b=t0/CDZlXdsGP8ehJO804fmJLORvokVM79nClyrqVPJ/YjdOdVOMOM4fxCcfiviEBl2 kIoCni5ib9IlAjX6rUAzR0Yf0ia+VG+y1O9CNEKTO0SnIzqryefBEcq9BdR8TeNgdPFE 7LvLoSGkcUHdKuCx3X+8r4LfpD1w/rKqgoFOJ30ZKSoBwlrUZ+neslG4xhZ9lUCnF/Tz 49TxwWwifg0HCCmuau3Yq8m0GPkyHVM1n/6m8PsBtOLhuOkpyUV2GZketLbA6FmJOfV1 ZKZdDDe4zJKM3sCgq7mAFvQyxKVzDlmaYTdVAnbj0SGmSxiVy13bTX6YmRDthgzjNsXA dDjA== X-Gm-Message-State: AOJu0YyaaABNo7TCOkIlMhWSCTk1fCn41bbSgCpbiwi+RDz/mJ7AC31e qfU6WqnC4izlDG87g42hFtT+ZBRd0VVtnp+iG5z8Vu/TCkY/ETAFd41kwqrLnfum5NggNlxfr05 vc8LD3b6r9QDQD01wrU1g1DGUtayn4e+s X-Gm-Gg: ASbGncvIydIsNQmeJohL87mSD4NYsqfk9LHnJ+hH0yB61reZD3UkTHthxJaCVXcI395 hMda8g8wq5Lo+U9/ja7P85td3OsvFacXhbJsdqeAooZJowxiBKa4jjWtZl91nGFv6ERsXG6+hfu 6xBOdAZMWrjU2w6QlYzEpJC7nKD+nGlGXEpxomDV6fAo3If+hz4lw/1KPAv1x2QCc5MR2qSTcbN BzFim7hcsmlT7yl2k8f2isEik9zKgc+8FXGlcWnZMu6Vn2uHwWqY6JbfnLGRucrBRB9NSJcceyp FuHLqDCXlcPp+Cu9DnU4q/kjxMkQGMWnNxLi X-Google-Smtp-Source: AGHT+IEiJCv2TP7BurEsCU7PN80kmJzfrl9Lwn7J+RhqScJXBMQJL2ldysfnHLN4XPZ7OqFPd/NkiAzyEvEE X-Received: by 2002:a17:903:2446:b0:225:b718:4dff with SMTP id d9443c01a7336-22de609c1cdmr39925745ad.53.1745911356535; Tue, 29 Apr 2025 00:22:36 -0700 (PDT) Received: from postal.iol.unh.edu (postal.iol.unh.edu. [132.177.123.84]) by smtp-relay.gmail.com with ESMTPS id 41be03b00d2f7-b1f73366f13sm11945a12.30.2025.04.29.00.22.36 (version=TLS1_2 cipher=ECDHE-ECDSA-AES128-GCM-SHA256 bits=128/128); Tue, 29 Apr 2025 00:22:36 -0700 (PDT) X-Relaying-Domain: iol.unh.edu Date: Tue, 29 Apr 2025 00:22:36 -0700 (PDT) Message-ID: <68107e3c.630a0220.7eb25.06c2SMTPIN_ADDED_MISSING@mx.google.com> Received: from [172.21.0.5] (unknown [172.18.0.240]) by postal.iol.unh.edu (Postfix) with ESMTP id AE32E6052471; Tue, 29 Apr 2025 03:22:35 -0400 (EDT) Subject: |FAILURE| [GIT MASTER] 4401486b5e30d43a134f80f9802f60b5f43e74a8 From: dpdklab@iol.unh.edu To: Test Report Cc: dpdk-test-reports@iol.unh.edu, Xueming Li , Christian Ehrhardt , Kevin Traynor , Luca Boccassi Content-Type: text/plain X-BeenThere: test-report@dpdk.org X-Mailman-Version: 2.1.29 Precedence: list List-Id: automatic DPDK test reports List-Unsubscribe: , List-Archive: List-Post: List-Help: List-Subscribe: , Errors-To: test-report-bounces@dpdk.org _Testing issues_ Branch: tags/v22.11 4401486b5e30d43a134f80f9802f60b5f43e74a8 --> testing issues Upstream job id: Generic-Unit-Test-DPDK#334186 Test environment and result as below: +---------------------+----------------+ | Environment | dpdk_unit_test | +=====================+================+ | Fedora 40 (Clang) | FAIL | +---------------------+----------------+ | Ubuntu 22.04 | FAIL | +---------------------+----------------+ | Fedora 40 | FAIL | +---------------------+----------------+ | RHEL8 | FAIL | +---------------------+----------------+ | Fedora 41 | FAIL | +---------------------+----------------+ | CentOS Stream 9 | FAIL | +---------------------+----------------+ | Fedora 41 (Clang) | PEND | +---------------------+----------------+ | CentOS Stream 10 | PEND | +---------------------+----------------+ | Ubuntu 20.04 | PASS | +---------------------+----------------+ | Ubuntu 24.04 | PEND | +---------------------+----------------+ | Debian 12 | PEND | +---------------------+----------------+ | RHEL9 | PEND | +---------------------+----------------+ | Windows Server 2022 | FAIL | +---------------------+----------------+ ==== Unit test summary for Windows Server 2022 (dpdk_unit_test): ==== Failed to get the unit test results. Displaying the unit test results is not supported for some environments, such as our aarch32 testing, where meson is not used to run the tests. Download the logs available on our CI site. ==== End log output ==== Fedora 40 (Clang) Kernel: Depends on container host Compiler: clang 18.1.8 (Fedora 18.1.8-1.fc40) Ubuntu 22.04 Kernel: Depends on container host Compiler: gcc (Ubuntu 11.4.0-1ubuntu1~22.04) 11.4.0 Fedora 40 Kernel: Depends on container host Compiler: gcc 14.2.1 20240912 (Red Hat 14.2.1-3) RHEL8 Kernel: Depends on container host Compiler: gcc 8.5.0 20210514 (Red Hat 8.5.0-22) Fedora 41 Kernel: Depends on container host Compiler: gcc 14.2.1 20240912 (Red Hat 14.2.1-3) CentOS Stream 9 Kernel: Depends on container host Compiler: gcc 11.5.0 20240719 (Red Hat 11.5.0-2) Fedora 41 (Clang) Kernel: Depends on container host Compiler: clang 19.1.5 (Fedora 19.1.5-1.fc41) CentOS Stream 10 Kernel: Depends on container host Compiler: gcc 14.2.1 20241104 (Red Hat 14.2.1-6) Ubuntu 20.04 Kernel: Depends on container host Compiler: gcc (Ubuntu 9.4.0-1ubuntu1~20.04.2) 9.4.0 Ubuntu 24.04 Kernel: Depends on container host Compiler: gcc (Ubuntu 13.3.0-6ubuntu2~24.04) 13.3.0 Debian 12 Kernel: Depends on container host Compiler: gcc (Debian 12.2.0-14) 12.2.0 RHEL9 Kernel: Depends on container host Compiler: gcc 11.5.0 20240719 (Red Hat 11.5.0-2) Windows Server 2022 Kernel: 10.0.20348.2031 Compiler: clang 15.0.7, gcc 14.1.0 (MinGW), and MSVC VS 19.39.33521 To view detailed results, visit: https://lab.dpdk.org/results/dashboard/tarballs/33384/ UNH-IOL DPDK Community Lab To manage your email subscriptions, visit: https://lab.dpdk.org/results/dashboard/preferences/subscriptions/