From mboxrd@z Thu Jan 1 00:00:00 1970 Return-Path: Received: from mails.dpdk.org (mails.dpdk.org [217.70.189.124]) by inbox.dpdk.org (Postfix) with ESMTP id 3874F4665A for ; Tue, 29 Apr 2025 09:25:39 +0200 (CEST) Received: from mails.dpdk.org (localhost [127.0.0.1]) by mails.dpdk.org (Postfix) with ESMTP id 14A994026C; Tue, 29 Apr 2025 09:25:39 +0200 (CEST) Received: from mail-io1-f97.google.com (mail-io1-f97.google.com [209.85.166.97]) by mails.dpdk.org (Postfix) with ESMTP id E310040263 for ; Tue, 29 Apr 2025 09:25:37 +0200 (CEST) Received: by mail-io1-f97.google.com with SMTP id ca18e2360f4ac-8616987c261so189787539f.3 for ; Tue, 29 Apr 2025 00:25:37 -0700 (PDT) DKIM-Signature: v=1; a=rsa-sha256; c=relaxed/relaxed; d=iol.unh.edu; s=unh-iol; t=1745911537; x=1746516337; darn=dpdk.org; h=cc:to:from:subject:message-id:date:from:to:cc:subject:date :message-id:reply-to; bh=zlv4KP9mzwUzhzQuCILAINjeMeC75Tku/ZcV3zDIANs=; b=JxnF1ssXnI9yi58UuJloRg95OLLZ662na94zLtKpg63Y7KIDu3+qQagHjKHjopbJZw Qa1bXt4RufTRLYe9NsAOWDovJuwOUgv3rXlCttiegxGVf1PbWv9L3SzuWo7BcqjqbOAh kxQn9FqC3RoTtT806vkzuJSswv4pr9wtTZGT8= X-Google-DKIM-Signature: v=1; a=rsa-sha256; c=relaxed/relaxed; d=1e100.net; s=20230601; t=1745911537; x=1746516337; h=cc:to:from:subject:message-id:date:x-gm-message-state:from:to:cc :subject:date:message-id:reply-to; bh=zlv4KP9mzwUzhzQuCILAINjeMeC75Tku/ZcV3zDIANs=; b=EKxVB277NE0dRjZX7tZXRHW0L2B2OHe4p/cVDN8IVpdw6imAOWdJT29uPEtDdjABwa 1WesMWXoxKZW/5uORyI+zfhFVlhHOHxkv71rc65TDk/TF37diz2u6ZNqluV2fWo1prS7 T7eSVLczKzgzZJ8pBHqUWGKjsKy0lSeqxzgVi82zH9DobdX1LXmdekvaOl6W6bPEPFYR NJYkRBwzQNTGGJTz38eLyVUhRYJTv8qPV0RrK63pCG0ixdMUUqGfElpb628iHLiVp49C lBiPwhVYj0/H9PgfFs/BBozk1W0Q8Hjxe6MwBv4mab0ho87o/xVi3SuZ93hTiFV6rpeu wZgw== X-Gm-Message-State: AOJu0YwyZe4FhDcuff9LJ6vUKIFENBDFYti7AnrXNcKeLOkHmlnwBkK4 FgzlY2TDFHf76rJOd6rK5+UI36ZGDpLTYz5+JRjtBnAD5P1g1ma6ed6WQ+hHN2ijWnd1MEeEiNw K6qYNZAvcBH39h3NrwFGKtjeHKbmJrJJn8dsF/2ZoSrj7MbFU X-Gm-Gg: ASbGncsbrU70YhUv0VdLwgrpQqfIVXW3ktE1N/2Wrrce0QKIkhlAEbnUgwtI743tDtc ELOoRVR7g3bFnDVhqUXQ3aG0CUi5Kqg+mJGlBSo5OtuGMnN3Zx4GGy4/aA0WBw6eLMLFyVFF560 sgHarxdbhAPTmDf58bt/W3JbeNAE7Dww5o1zH/4IVPYxs3rC0YeeEs7Y/VCT2eyBHF5ebxCssBq 8pQsF6WywKdRgIFNqmFU32y4D54Bv6odgwEA9lKnSTrFm0K9OikbMj3jkpiNZ56kDUPjD46BCqI NwWkApSOz94SHeQsgGe/3d4pfLGBg4jTimtmQBmFvtlSF8C3 X-Google-Smtp-Source: AGHT+IEYhHsaKE7IdLsHzIxthvkhLlYq+UD53NzaoFOw8AP4Sor0e3ZkRl75wpCz96QeWFxn7v7Gb9t0oqb/ X-Received: by 2002:a05:6e02:3a0d:b0:3d6:d162:be02 with SMTP id e9e14a558f8ab-3d95d311a8cmr24650545ab.21.1745911537036; Tue, 29 Apr 2025 00:25:37 -0700 (PDT) Received: from postal.iol.unh.edu (postal.iol.unh.edu. [2606:4100:3880:1234::84]) by smtp-relay.gmail.com with ESMTPS id 8926c6da1cb9f-4f862dda4efsm49796173.16.2025.04.29.00.25.36 (version=TLS1_2 cipher=ECDHE-ECDSA-AES128-GCM-SHA256 bits=128/128); Tue, 29 Apr 2025 00:25:37 -0700 (PDT) X-Relaying-Domain: iol.unh.edu Date: Tue, 29 Apr 2025 00:25:37 -0700 (PDT) Message-ID: <68107ef1.050a0220.3d4c3d.228eSMTPIN_ADDED_MISSING@mx.google.com> Received: from [172.21.0.5] (unknown [172.18.0.240]) by postal.iol.unh.edu (Postfix) with ESMTP id 70A6C6052471; Tue, 29 Apr 2025 03:25:36 -0400 (EDT) Subject: |FAILURE| [GIT MASTER] 4401486b5e30d43a134f80f9802f60b5f43e74a8 From: dpdklab@iol.unh.edu To: Test Report Cc: dpdk-test-reports@iol.unh.edu, Xueming Li , Christian Ehrhardt , Kevin Traynor , Luca Boccassi Content-Type: text/plain X-BeenThere: test-report@dpdk.org X-Mailman-Version: 2.1.29 Precedence: list List-Id: automatic DPDK test reports List-Unsubscribe: , List-Archive: List-Post: List-Help: List-Subscribe: , Errors-To: test-report-bounces@dpdk.org _Testing issues_ Branch: tags/v22.11 4401486b5e30d43a134f80f9802f60b5f43e74a8 --> testing issues Upstream job id: Generic-Unit-Test-DPDK#334192 Test environment and result as below: +---------------------+----------------+ | Environment | dpdk_unit_test | +=====================+================+ | Fedora 40 (Clang) | FAIL | +---------------------+----------------+ | Ubuntu 22.04 | FAIL | +---------------------+----------------+ | Fedora 40 | FAIL | +---------------------+----------------+ | RHEL8 | FAIL | +---------------------+----------------+ | Fedora 41 | FAIL | +---------------------+----------------+ | CentOS Stream 9 | FAIL | +---------------------+----------------+ | Fedora 41 (Clang) | PEND | +---------------------+----------------+ | CentOS Stream 10 | PEND | +---------------------+----------------+ | Ubuntu 20.04 | PASS | +---------------------+----------------+ | Ubuntu 24.04 | PEND | +---------------------+----------------+ | Debian 12 | PEND | +---------------------+----------------+ | RHEL9 | PEND | +---------------------+----------------+ | Windows Server 2022 | FAIL | +---------------------+----------------+ ==== Unit test summary for Windows Server 2022 (dpdk_unit_test): ==== Failed to get the unit test results. Displaying the unit test results is not supported for some environments, such as our aarch32 testing, where meson is not used to run the tests. Download the logs available on our CI site. ==== End log output ==== Fedora 40 (Clang) Kernel: Depends on container host Compiler: clang 18.1.8 (Fedora 18.1.8-1.fc40) Ubuntu 22.04 Kernel: Depends on container host Compiler: gcc (Ubuntu 11.4.0-1ubuntu1~22.04) 11.4.0 Fedora 40 Kernel: Depends on container host Compiler: gcc 14.2.1 20240912 (Red Hat 14.2.1-3) RHEL8 Kernel: Depends on container host Compiler: gcc 8.5.0 20210514 (Red Hat 8.5.0-22) Fedora 41 Kernel: Depends on container host Compiler: gcc 14.2.1 20240912 (Red Hat 14.2.1-3) CentOS Stream 9 Kernel: Depends on container host Compiler: gcc 11.5.0 20240719 (Red Hat 11.5.0-2) Fedora 41 (Clang) Kernel: Depends on container host Compiler: clang 19.1.5 (Fedora 19.1.5-1.fc41) CentOS Stream 10 Kernel: Depends on container host Compiler: gcc 14.2.1 20241104 (Red Hat 14.2.1-6) Ubuntu 20.04 Kernel: Depends on container host Compiler: gcc (Ubuntu 9.4.0-1ubuntu1~20.04.2) 9.4.0 Ubuntu 24.04 Kernel: Depends on container host Compiler: gcc (Ubuntu 13.3.0-6ubuntu2~24.04) 13.3.0 Debian 12 Kernel: Depends on container host Compiler: gcc (Debian 12.2.0-14) 12.2.0 RHEL9 Kernel: Depends on container host Compiler: gcc 11.5.0 20240719 (Red Hat 11.5.0-2) Windows Server 2022 Kernel: 10.0.20348.2031 Compiler: clang 15.0.7, gcc 14.1.0 (MinGW), and MSVC VS 19.39.33521 To view detailed results, visit: https://lab.dpdk.org/results/dashboard/tarballs/33384/ UNH-IOL DPDK Community Lab To manage your email subscriptions, visit: https://lab.dpdk.org/results/dashboard/preferences/subscriptions/