From mboxrd@z Thu Jan 1 00:00:00 1970 Return-Path: Received: from mails.dpdk.org (mails.dpdk.org [217.70.189.124]) by inbox.dpdk.org (Postfix) with ESMTP id BE7484665A for ; Tue, 29 Apr 2025 09:31:57 +0200 (CEST) Received: from mails.dpdk.org (localhost [127.0.0.1]) by mails.dpdk.org (Postfix) with ESMTP id A29564026C; Tue, 29 Apr 2025 09:31:57 +0200 (CEST) Received: from mail-qv1-f100.google.com (mail-qv1-f100.google.com [209.85.219.100]) by mails.dpdk.org (Postfix) with ESMTP id CEA0D40263 for ; Tue, 29 Apr 2025 09:31:55 +0200 (CEST) Received: by mail-qv1-f100.google.com with SMTP id 6a1803df08f44-6f0c30a1cf8so86663556d6.2 for ; Tue, 29 Apr 2025 00:31:55 -0700 (PDT) DKIM-Signature: v=1; a=rsa-sha256; c=relaxed/relaxed; d=iol.unh.edu; s=unh-iol; t=1745911915; x=1746516715; darn=dpdk.org; h=cc:to:from:subject:message-id:date:from:to:cc:subject:date :message-id:reply-to; bh=ZGg6ytCorw8TVaCV4iJ4EpSqV/DhS8Q3eF9aWNYSEGw=; b=dgAXgnYg7jHjMgXy6NLnU/Yyn1LjdWkWT40XmSE59n6Z3YigBtjSWLYpNWFa83h6Lq vEJof3ix+KpXsqh/6+/rP5w12qvxyqiOLbKQ4E4aMlrBVgkAzJnyQKif3RrEKb/2y6Iv P0+GS3wB46nrsifvHWXfD6LDuXareSircmyTU= X-Google-DKIM-Signature: v=1; a=rsa-sha256; c=relaxed/relaxed; d=1e100.net; s=20230601; t=1745911915; x=1746516715; h=cc:to:from:subject:message-id:date:x-gm-message-state:from:to:cc :subject:date:message-id:reply-to; bh=ZGg6ytCorw8TVaCV4iJ4EpSqV/DhS8Q3eF9aWNYSEGw=; b=S0Apg5B5nkS46aH7Frbp6i/iU++MJRD1EqrIOAjLOR/4EJizmLdR3uVawQin/qHnFg h0ufejr/GweW1zhtnHLYNvImPjMF3BHref0dO8TbVzz0iZioTOWQAFPXlo30mM8adO63 CAsxUweCE+j/W9+Z82DB/r+SMruBFtc5aQp4KXQKjw2IS2yPt2b6t/HoCuosGwNtkdOU uM9RMrV/6uEoo/Lh9F2YGrhFHTIq/rQn3f69eO6pdbu910FlhMSgy9MhPXo8WHfFEAwW 8zNw8Vh9EwJostr668ep9eUDqcugR4gkQUtf++va+nKAdCDOWq0ff9RzuWRwV5rp2b2L i/Fw== X-Gm-Message-State: AOJu0YwFH4jAz4dqCv9W7O52uxsAp1pP6QkuSNkOYT0fUZ2kdgsgTSFy hrmn4qPrZyZErpBdopUsCAFVd/zKq4IhbTG/sHG4/G0G8DSkPvr9E0X9Qneib0zhnuEK2ww1xQn KLD1YhOLWkz7fsUBGLiT0hFs1m8bUP2bQ16yX78Sq3tDcEFB2 X-Gm-Gg: ASbGncspP2LpLphFuOwGkOvaAQOhJ6Ozc1acSbsmW7vygoXkfKMkdgOjYL8bOu2Tjq+ N3BM7UFlKGGcv6TozSmVxpqFD8kEnpuzQEQj9j9GX7/BhRBITa7n1yBh75+5h+6yX6ZO7348HVP p33Fu/FiFq2hNElhgsiyhLN+t6mikHVL8ms2ihjnodk+HMPGYDnNuLOKNfuVAUkYZoS9Pm8fFII JB983txxsFVKYcShVPDCz6xxc1VsUuwEuEwNXMOlU27fHpCxrYco2P6IZk8O2hl5xmwZZ7za1pe fLkwC3k/JgQ80FNG0ZRK6lkquopBibJ9BWe8lcB7rUKBZnUB X-Google-Smtp-Source: AGHT+IFDROqIiyNkxSw4M2RBZ6emfAc25cN8lQ7b7Wne68+PZxNNAXOSdlZ0Sp8+y4zJccEV05uMIQl1F0Yd X-Received: by 2002:ad4:5ae5:0:b0:6ed:122c:7da7 with SMTP id 6a1803df08f44-6f4f058f277mr43590116d6.5.1745911915142; Tue, 29 Apr 2025 00:31:55 -0700 (PDT) Received: from postal.iol.unh.edu (postal.iol.unh.edu. [2606:4100:3880:1234::84]) by smtp-relay.gmail.com with ESMTPS id 6a1803df08f44-6f4c0ab7577sm13470976d6.61.2025.04.29.00.31.55 (version=TLS1_2 cipher=ECDHE-ECDSA-AES128-GCM-SHA256 bits=128/128); Tue, 29 Apr 2025 00:31:55 -0700 (PDT) X-Relaying-Domain: iol.unh.edu Date: Tue, 29 Apr 2025 00:31:55 -0700 (PDT) Message-ID: <6810806b.050a0220.24222e.d464SMTPIN_ADDED_MISSING@mx.google.com> Received: from [172.21.0.6] (unknown [172.18.0.240]) by postal.iol.unh.edu (Postfix) with ESMTP id BA9146052471; Tue, 29 Apr 2025 03:31:54 -0400 (EDT) Subject: |FAILURE| [GIT MASTER] 4401486b5e30d43a134f80f9802f60b5f43e74a8 From: dpdklab@iol.unh.edu To: Test Report Cc: dpdk-test-reports@iol.unh.edu, Xueming Li , Christian Ehrhardt , Kevin Traynor , Luca Boccassi Content-Type: text/plain X-BeenThere: test-report@dpdk.org X-Mailman-Version: 2.1.29 Precedence: list List-Id: automatic DPDK test reports List-Unsubscribe: , List-Archive: List-Post: List-Help: List-Subscribe: , Errors-To: test-report-bounces@dpdk.org _Testing issues_ Branch: tags/v22.11 4401486b5e30d43a134f80f9802f60b5f43e74a8 --> testing issues Upstream job id: Generic-Unit-Test-DPDK#334189 Test environment and result as below: +---------------------+----------------+ | Environment | dpdk_unit_test | +=====================+================+ | Fedora 40 (Clang) | FAIL | +---------------------+----------------+ | Ubuntu 22.04 | FAIL | +---------------------+----------------+ | Fedora 40 | FAIL | +---------------------+----------------+ | RHEL8 | FAIL | +---------------------+----------------+ | Fedora 41 | FAIL | +---------------------+----------------+ | CentOS Stream 9 | FAIL | +---------------------+----------------+ | Fedora 41 (Clang) | FAIL | +---------------------+----------------+ | CentOS Stream 10 | FAIL | +---------------------+----------------+ | Ubuntu 20.04 | PASS | +---------------------+----------------+ | Ubuntu 24.04 | PEND | +---------------------+----------------+ | Debian 12 | PEND | +---------------------+----------------+ | RHEL9 | PEND | +---------------------+----------------+ | Windows Server 2022 | FAIL | +---------------------+----------------+ ==== Unit test summary for Windows Server 2022 (dpdk_unit_test): ==== Failed to get the unit test results. Displaying the unit test results is not supported for some environments, such as our aarch32 testing, where meson is not used to run the tests. Download the logs available on our CI site. ==== End log output ==== Fedora 40 (Clang) Kernel: Depends on container host Compiler: clang 18.1.8 (Fedora 18.1.8-1.fc40) Ubuntu 22.04 Kernel: Depends on container host Compiler: gcc (Ubuntu 11.4.0-1ubuntu1~22.04) 11.4.0 Fedora 40 Kernel: Depends on container host Compiler: gcc 14.2.1 20240912 (Red Hat 14.2.1-3) RHEL8 Kernel: Depends on container host Compiler: gcc 8.5.0 20210514 (Red Hat 8.5.0-22) Fedora 41 Kernel: Depends on container host Compiler: gcc 14.2.1 20240912 (Red Hat 14.2.1-3) CentOS Stream 9 Kernel: Depends on container host Compiler: gcc 11.5.0 20240719 (Red Hat 11.5.0-2) Fedora 41 (Clang) Kernel: Depends on container host Compiler: clang 19.1.5 (Fedora 19.1.5-1.fc41) CentOS Stream 10 Kernel: Depends on container host Compiler: gcc 14.2.1 20241104 (Red Hat 14.2.1-6) Ubuntu 20.04 Kernel: Depends on container host Compiler: gcc (Ubuntu 9.4.0-1ubuntu1~20.04.2) 9.4.0 Ubuntu 24.04 Kernel: Depends on container host Compiler: gcc (Ubuntu 13.3.0-6ubuntu2~24.04) 13.3.0 Debian 12 Kernel: Depends on container host Compiler: gcc (Debian 12.2.0-14) 12.2.0 RHEL9 Kernel: Depends on container host Compiler: gcc 11.5.0 20240719 (Red Hat 11.5.0-2) Windows Server 2022 Kernel: 10.0.20348.2031 Compiler: clang 15.0.7, gcc 14.1.0 (MinGW), and MSVC VS 19.39.33521 To view detailed results, visit: https://lab.dpdk.org/results/dashboard/tarballs/33384/ UNH-IOL DPDK Community Lab To manage your email subscriptions, visit: https://lab.dpdk.org/results/dashboard/preferences/subscriptions/