From mboxrd@z Thu Jan 1 00:00:00 1970 Return-Path: Received: from mails.dpdk.org (mails.dpdk.org [217.70.189.124]) by inbox.dpdk.org (Postfix) with ESMTP id 4DAE84665A for ; Tue, 29 Apr 2025 09:47:08 +0200 (CEST) Received: from mails.dpdk.org (localhost [127.0.0.1]) by mails.dpdk.org (Postfix) with ESMTP id 0E77D4026C; Tue, 29 Apr 2025 09:47:08 +0200 (CEST) Received: from mail-qv1-f99.google.com (mail-qv1-f99.google.com [209.85.219.99]) by mails.dpdk.org (Postfix) with ESMTP id C5C1340263 for ; Tue, 29 Apr 2025 09:47:06 +0200 (CEST) Received: by mail-qv1-f99.google.com with SMTP id 6a1803df08f44-6ecfc7fb2aaso58398876d6.0 for ; Tue, 29 Apr 2025 00:47:06 -0700 (PDT) DKIM-Signature: v=1; a=rsa-sha256; c=relaxed/relaxed; d=iol.unh.edu; s=unh-iol; t=1745912826; x=1746517626; darn=dpdk.org; h=cc:to:from:subject:message-id:date:from:to:cc:subject:date :message-id:reply-to; bh=W9fQ34Qak002JbOfnQmcO5Ms2jtdYn8C0QQcAyHnZnc=; b=DdIFKrQB9J4kaScEqHIPrz/kQaX1HLz3w/rEOx4ol7NaAtMxMhESVSR1xrainyDNDs CyVMkudOaSyCl334VPa4IW9QGtto51QC3jo1kFCyQmTzEJl+tbr+UmevNgI2SpEp97wV 68/aQB6Mc8WeFFJ8jimTQMmUjlQVdxW3eTRtA= X-Google-DKIM-Signature: v=1; a=rsa-sha256; c=relaxed/relaxed; d=1e100.net; s=20230601; t=1745912826; x=1746517626; h=cc:to:from:subject:message-id:date:x-gm-message-state:from:to:cc :subject:date:message-id:reply-to; bh=W9fQ34Qak002JbOfnQmcO5Ms2jtdYn8C0QQcAyHnZnc=; b=QV7SRZqFBi3gI6EejIaoCfPDnqxiMSAhJ+qoJVdYEdU7kKqkBGqU+X5XfdcRoQW/2R +CuDOayn30iXxH7CUNh0Y1/k1xoktIm+rgjUv55nv+zP7fqAUzLmA9rtmJnVJi4/MVVw jgK8tbIBO+36wSycQ0sF4EUuOUZlv+D9xWCMPwAmeW7uKzyXSnCU9g6QDbcr7PABHPZy vS6XNVK3vP7JVSNcEqLYaUI6PkhDWJR3df0skwGxgW8B0vuxhjfGWCcfhdWSR/CrIJ+T lln9MqCqxx/eYqhO+mFR/y1Vr+ofwqEH8Themmxp6o2VIK+K6PdMbFc1ozZdobJ/anoF K/Mw== X-Gm-Message-State: AOJu0YwANtIvenAEW5dAb7bnOFfQeh5AmJ/w9tjOC9g/7bxC2ss0A8pN 6nij5c9SipqoO3Gk/bh8t0Pddxjcg4RRDQ6icLjOi5T74liF8DJiNdFHsP6j9DwJtVLA3Lt6Iju NdCFuHoMk+DXbOpxUSP6F+47qRpaVZnV16Hja0+M2rAK13bl2 X-Gm-Gg: ASbGncu/oQumdEGJGsWH5EMK3bSw+1u5R1yA4aVEUTCwPZt2qADiuqkIu8IEp3SCvhe L4AiPjd6wIq4dADGp2dqbQNphy7XjkIPQjIK0OBSI1OeUDwA/5qrpT+Y9rPAEd5Dffxeiedy9T+ ooIu17Fmp0FoGhO2DzKV0+Y/30lWf0VAyaPd6qIsz/B1wPcb0sl5iRLjzguwN5CzTq92mEnPbCD 1YxFDumTjrCR/OxkuyVeIJKIS1dwUY/CsXHUDJf/UJys2WVIYfMh5Q2j7sci66b7DjIHnGBQblq SIga/IQzQmtz7IzHUaSBRs8CzSj5LeNdNLPCH65PnpAdJ4hY X-Google-Smtp-Source: AGHT+IElt8mJM3HBC075WOq5t5ieBgX56GbG7s24jB48967aN8oDiRDIuseAPyKYm3sEbVKJDIr0B0PbNXcG X-Received: by 2002:ad4:5e8e:0:b0:6f2:c94f:8cfe with SMTP id 6a1803df08f44-6f4f0599a93mr45056526d6.23.1745912826067; Tue, 29 Apr 2025 00:47:06 -0700 (PDT) Received: from postal.iol.unh.edu (postal.iol.unh.edu. [2606:4100:3880:1234::84]) by smtp-relay.gmail.com with ESMTPS id 6a1803df08f44-6f4c0ab8c8csm13612026d6.69.2025.04.29.00.47.06 (version=TLS1_2 cipher=ECDHE-ECDSA-AES128-GCM-SHA256 bits=128/128); Tue, 29 Apr 2025 00:47:06 -0700 (PDT) X-Relaying-Domain: iol.unh.edu Date: Tue, 29 Apr 2025 00:47:06 -0700 (PDT) Message-ID: <681083fa.d40a0220.b8310.e2d2SMTPIN_ADDED_MISSING@mx.google.com> Received: from [172.21.0.5] (unknown [172.18.0.240]) by postal.iol.unh.edu (Postfix) with ESMTP id AFA236052471; Tue, 29 Apr 2025 03:47:05 -0400 (EDT) Subject: |WARNING| [GIT MASTER] 4401486b5e30d43a134f80f9802f60b5f43e74a8 From: dpdklab@iol.unh.edu To: Test Report Cc: dpdk-test-reports@iol.unh.edu, Xueming Li , Christian Ehrhardt , Kevin Traynor , Luca Boccassi Content-Type: text/plain X-BeenThere: test-report@dpdk.org X-Mailman-Version: 2.1.29 Precedence: list List-Id: automatic DPDK test reports List-Unsubscribe: , List-Archive: List-Post: List-Help: List-Subscribe: , Errors-To: test-report-bounces@dpdk.org _Testing issues_ Branch: tags/v22.11 4401486b5e30d43a134f80f9802f60b5f43e74a8 --> testing issues Upstream job id: Generic-Unit-Test-DPDK#334195 Test environment and result as below: +-----------------------------+--------------+------------------------------+---------------------------+----------------+ | Environment | lpm_autotest | cryptodev_sw_snow3g_autotest | cryptodev_sw_zuc_autotest | dpdk_unit_test | +=============================+==============+==============================+===========================+================+ | Ubuntu 20.04 ARM SVE | FAIL | SKIPPED | SKIPPED | SKIPPED | +-----------------------------+--------------+------------------------------+---------------------------+----------------+ | Debian 12 (arm) | SKIPPED | PASS | PASS | SKIPPED | +-----------------------------+--------------+------------------------------+---------------------------+----------------+ | 32-bit Ubuntu 22.04.4 (ARM) | SKIPPED | SKIPPED | SKIPPED | PASS | +-----------------------------+--------------+------------------------------+---------------------------+----------------+ ==== 20 line log output for Ubuntu 20.04 ARM SVE (lpm_autotest): ==== [671/690] Compiling C object 'app/test/3062f5d@@dpdk-test@exe/test_threads.c.o'. [672/690] Compiling C object 'app/test/3062f5d@@dpdk-test@exe/test_thash.c.o'. [673/690] Compiling C object 'app/test/3062f5d@@dpdk-test@exe/test_thash_perf.c.o'. [674/690] Compiling C object 'app/test/3062f5d@@dpdk-test@exe/test_timer.c.o'. [675/690] Compiling C object 'app/test/3062f5d@@dpdk-test@exe/test_timer_perf.c.o'. [676/690] Compiling C object 'app/test/3062f5d@@dpdk-test@exe/test_timer_racecond.c.o'. [677/690] Compiling C object 'app/test/3062f5d@@dpdk-test@exe/test_timer_secondary.c.o'. [678/690] Compiling C object 'app/test/3062f5d@@dpdk-test@exe/test_ticketlock.c.o'. [679/690] Compiling C object 'app/test/3062f5d@@dpdk-test@exe/test_trace_register.c.o'. [680/690] Compiling C object 'app/test/3062f5d@@dpdk-test@exe/test_trace.c.o'. [681/690] Compiling C object 'app/test/3062f5d@@dpdk-test@exe/test_version.c.o'. [682/690] Compiling C object 'app/test/3062f5d@@dpdk-test@exe/test_ring.c.o'. [683/690] Compiling C object 'app/test/3062f5d@@dpdk-test@exe/test_telemetry_json.c.o'. [684/690] Compiling C object 'app/test/3062f5d@@dpdk-test@exe/test_telemetry_data.c.o'. [685/690] Compiling C object 'app/test/3062f5d@@dpdk-test@exe/test_pcapng.c.o'. [686/690] Compiling C object 'app/test/3062f5d@@dpdk-test@exe/virtual_pmd.c.o'. [687/690] Compiling C object 'app/test/3062f5d@@dpdk-test@exe/test_bpf.c.o'. [688/690] Compiling C object 'app/test/3062f5d@@dpdk-test@exe/test_compressdev.c.o'. [689/690] Compiling C object 'app/test/3062f5d@@dpdk-test@exe/test_trace_perf.c.o'. [690/690] Linking target app/test/dpdk-test. ==== End log output ==== Ubuntu 20.04 ARM SVE Kernel: Depends on container host Compiler: gcc (Ubuntu 10.5.0-1ubuntu1~20.04) 10.5.0 Debian 12 (arm) Kernel: Depends on container host Compiler: gcc (Debian 12.2.0-14) 12.2.0 32-bit Ubuntu 22.04.4 (ARM) Kernel: 5.15.83+ aarch64 Compiler: gcc (Ubuntu 11.4.0-1ubuntu1~22.04) 11.4.0 To view detailed results, visit: https://lab.dpdk.org/results/dashboard/tarballs/33384/ UNH-IOL DPDK Community Lab To manage your email subscriptions, visit: https://lab.dpdk.org/results/dashboard/preferences/subscriptions/