From mboxrd@z Thu Jan 1 00:00:00 1970 Return-Path: Received: from mails.dpdk.org (mails.dpdk.org [217.70.189.124]) by inbox.dpdk.org (Postfix) with ESMTP id E3AFE4665A for ; Tue, 29 Apr 2025 09:54:59 +0200 (CEST) Received: from mails.dpdk.org (localhost [127.0.0.1]) by mails.dpdk.org (Postfix) with ESMTP id B5E364026C; Tue, 29 Apr 2025 09:54:59 +0200 (CEST) Received: from mail-yw1-f225.google.com (mail-yw1-f225.google.com [209.85.128.225]) by mails.dpdk.org (Postfix) with ESMTP id 1024440263 for ; Tue, 29 Apr 2025 09:54:58 +0200 (CEST) Received: by mail-yw1-f225.google.com with SMTP id 00721157ae682-70825de932bso57908407b3.0 for ; Tue, 29 Apr 2025 00:54:57 -0700 (PDT) DKIM-Signature: v=1; a=rsa-sha256; c=relaxed/relaxed; d=iol.unh.edu; s=unh-iol; t=1745913297; x=1746518097; darn=dpdk.org; h=cc:to:from:subject:message-id:date:from:to:cc:subject:date :message-id:reply-to; bh=R3k7h+80ucNyXFxOB4UDVn4ZM87UbKvMCLPtizvkQeI=; b=huHhfK0RSoC72M4sIlJVEViLDlaNbLou2OOA0ojf6iBpHNGwJJ8pnLsjPOPWbXdWY1 R5tG4342Sk/zDxHjcqg7au7BqRUNGpvBg63hSGVnSGGdyY+YVoWJpSHQ3cwFr+cxp79V IJcuPmxzcQFgSxyKHPQcdCl9kHIAt7w1zgn2s= X-Google-DKIM-Signature: v=1; a=rsa-sha256; c=relaxed/relaxed; d=1e100.net; s=20230601; t=1745913297; x=1746518097; h=cc:to:from:subject:message-id:date:x-gm-message-state:from:to:cc :subject:date:message-id:reply-to; bh=R3k7h+80ucNyXFxOB4UDVn4ZM87UbKvMCLPtizvkQeI=; b=UGHofPznh40uWQtptFONCDn2sMJGiaUH56BjpNCTHoyjHoQram/jD/dDIQ3bzp1Fii HZRwI+Io4QeuXFhaGXOGWP+CguZuz5+1HCJfwxdeHyee9a1vHifakIClJMgTLoHkMtYF H9GvDYpv/7wIxe7hRcuY0Zgn2KXc+fENiOVNxIr6U8yHrcdBSYNNC+0Ng5PDRA0Qh1mq 2Fijvb7fTwPY9y+sVheIUy7b6oKyCQT8CjP6WXbf6YbmSaB6x8IgqeA85JAz4MICMPKK h7OmIWYnJWquD+UCQL1KuwpFxKSEWyNB38GhyYSM+0559otY5K8fG79E+ELP/Pa+CHKU 03+w== X-Gm-Message-State: AOJu0Yxeyykyko6SbOo8XzklV+qBj5ND93i/jqTYSNujnUDHcd/9kelE SxggsdL0R9O5Uhf6Z2ScDgbQchzKYmrVeSZmnqNiwZbpTnqIdDdb0BpWsxtTuQOmHEnqZCg/d53 R0PyZAGRyvGiPkk9JIDHSdq9/cqpBeML0XH2xyIVbk0sLOJrf X-Gm-Gg: ASbGncsqwT9KFGKQ6UmTZCk+LI7hCOVqptvyAhnZCuYl4ffIr3nreZq9jmcHSrC7Zyh WaVKCp62CtKDdESNGVpdTjuMA15aIEaYfL2+K1oH+mZkQJAzfV8dlGWrObL1Hxg8NFSUzEbr940 b8yM+rMSgvmRenldSPam6CprEeWDpXIC9oi6xZfFZVfHDAmwOoa3Aj03fgVRjwweAWizzztbkS9 G5xYxg+KC4hbCwkOqQTl7jpIL3oJ9QG3tkYk3/MC9hTX2JurCQ3/jtdeJzar1fq3YetfrzXgMJi w3DDQMJmTTYsyqnJHpReAMAd6JWsHYzTCD4EgXyZe1buX95R X-Google-Smtp-Source: AGHT+IFVeKL34/qwdxIi1TKIZZ5kMzf7cYBcTqWA7RCVSzlpoGg0twKMsag2jRXEnKtTt5nZLhpANJLDH6Hv X-Received: by 2002:a05:690c:13:b0:702:5886:7804 with SMTP id 00721157ae682-7089ab293b1mr26891877b3.19.1745913297293; Tue, 29 Apr 2025 00:54:57 -0700 (PDT) Received: from postal.iol.unh.edu (postal.iol.unh.edu. [2606:4100:3880:1234::84]) by smtp-relay.gmail.com with ESMTPS id 00721157ae682-7089c8a2216sm417027b3.47.2025.04.29.00.54.57 (version=TLS1_2 cipher=ECDHE-ECDSA-AES128-GCM-SHA256 bits=128/128); Tue, 29 Apr 2025 00:54:57 -0700 (PDT) X-Relaying-Domain: iol.unh.edu Date: Tue, 29 Apr 2025 00:54:57 -0700 (PDT) Message-ID: <681085d1.050a0220.1a886e.179cSMTPIN_ADDED_MISSING@mx.google.com> Received: from [172.17.0.2] (unknown [172.18.0.74]) by postal.iol.unh.edu (Postfix) with ESMTP id D91CD6052471; Tue, 29 Apr 2025 03:54:56 -0400 (EDT) Subject: |FAILURE| [GIT MASTER] 4401486b5e30d43a134f80f9802f60b5f43e74a8 From: dpdklab@iol.unh.edu To: Test Report Cc: dpdk-test-reports@iol.unh.edu, Xueming Li , Christian Ehrhardt , Kevin Traynor , Luca Boccassi Content-Type: text/plain X-BeenThere: test-report@dpdk.org X-Mailman-Version: 2.1.29 Precedence: list List-Id: automatic DPDK test reports List-Unsubscribe: , List-Archive: List-Post: List-Help: List-Subscribe: , Errors-To: test-report-bounces@dpdk.org _Testing issues_ Branch: tags/v22.11 4401486b5e30d43a134f80f9802f60b5f43e74a8 --> testing issues Upstream job id: Generic-Unit-Test-DPDK#334194 Test environment and result as below: +---------------------+----------------+ | Environment | dpdk_unit_test | +=====================+================+ | Fedora 40 (Clang) | FAIL | +---------------------+----------------+ | Ubuntu 22.04 | FAIL | +---------------------+----------------+ | Fedora 40 | FAIL | +---------------------+----------------+ | RHEL8 | FAIL | +---------------------+----------------+ | Fedora 41 | FAIL | +---------------------+----------------+ | CentOS Stream 9 | FAIL | +---------------------+----------------+ | Fedora 41 (Clang) | FAIL | +---------------------+----------------+ | CentOS Stream 10 | FAIL | +---------------------+----------------+ | Ubuntu 20.04 | PASS | +---------------------+----------------+ | Ubuntu 24.04 | FAIL | +---------------------+----------------+ | Debian 12 | PEND | +---------------------+----------------+ | RHEL9 | PEND | +---------------------+----------------+ | Windows Server 2022 | FAIL | +---------------------+----------------+ ==== Unit test summary for Windows Server 2022 (dpdk_unit_test): ==== Failed to get the unit test results. Displaying the unit test results is not supported for some environments, such as our aarch32 testing, where meson is not used to run the tests. Download the logs available on our CI site. ==== End log output ==== Fedora 40 (Clang) Kernel: Depends on container host Compiler: clang 18.1.8 (Fedora 18.1.8-1.fc40) Ubuntu 22.04 Kernel: Depends on container host Compiler: gcc (Ubuntu 11.4.0-1ubuntu1~22.04) 11.4.0 Fedora 40 Kernel: Depends on container host Compiler: gcc 14.2.1 20240912 (Red Hat 14.2.1-3) RHEL8 Kernel: Depends on container host Compiler: gcc 8.5.0 20210514 (Red Hat 8.5.0-22) Fedora 41 Kernel: Depends on container host Compiler: gcc 14.2.1 20240912 (Red Hat 14.2.1-3) CentOS Stream 9 Kernel: Depends on container host Compiler: gcc 11.5.0 20240719 (Red Hat 11.5.0-2) Fedora 41 (Clang) Kernel: Depends on container host Compiler: clang 19.1.5 (Fedora 19.1.5-1.fc41) CentOS Stream 10 Kernel: Depends on container host Compiler: gcc 14.2.1 20241104 (Red Hat 14.2.1-6) Ubuntu 20.04 Kernel: Depends on container host Compiler: gcc (Ubuntu 9.4.0-1ubuntu1~20.04.2) 9.4.0 Ubuntu 24.04 Kernel: Depends on container host Compiler: gcc (Ubuntu 13.3.0-6ubuntu2~24.04) 13.3.0 Debian 12 Kernel: Depends on container host Compiler: gcc (Debian 12.2.0-14) 12.2.0 RHEL9 Kernel: Depends on container host Compiler: gcc 11.5.0 20240719 (Red Hat 11.5.0-2) Windows Server 2022 Kernel: 10.0.20348.2031 Compiler: clang 15.0.7, gcc 14.1.0 (MinGW), and MSVC VS 19.39.33521 To view detailed results, visit: https://lab.dpdk.org/results/dashboard/tarballs/33384/ UNH-IOL DPDK Community Lab To manage your email subscriptions, visit: https://lab.dpdk.org/results/dashboard/preferences/subscriptions/