From mboxrd@z Thu Jan 1 00:00:00 1970 Return-Path: Received: from mails.dpdk.org (mails.dpdk.org [217.70.189.124]) by inbox.dpdk.org (Postfix) with ESMTP id 459B84665A for ; Tue, 29 Apr 2025 09:56:21 +0200 (CEST) Received: from mails.dpdk.org (localhost [127.0.0.1]) by mails.dpdk.org (Postfix) with ESMTP id E2EEC4026C; Tue, 29 Apr 2025 09:56:20 +0200 (CEST) Received: from mail-il1-f225.google.com (mail-il1-f225.google.com [209.85.166.225]) by mails.dpdk.org (Postfix) with ESMTP id 4154740263 for ; Tue, 29 Apr 2025 09:56:19 +0200 (CEST) Received: by mail-il1-f225.google.com with SMTP id e9e14a558f8ab-3d93c060279so13803655ab.3 for ; Tue, 29 Apr 2025 00:56:19 -0700 (PDT) DKIM-Signature: v=1; a=rsa-sha256; c=relaxed/relaxed; d=iol.unh.edu; s=unh-iol; t=1745913378; x=1746518178; darn=dpdk.org; h=cc:to:from:subject:message-id:date:from:to:cc:subject:date :message-id:reply-to; bh=J373Y5DtsnhBTZBPSuYUN1z4sNLcplnb7EsBkOIAGQo=; b=a8KuAOMJehfC01SzRnwdATKgOVPm9zP7EdndzUvNjfeUyqNqUm6FYk6mB8OEsGGe4A OZTXYtPlihFE3ObzOhJX06Q78CI0Ua807ewVBQOhjbEdTSIn0+lnaq/vAynlblrnJqc+ 1ZUtDjlwhN9yrofOkzIh/isMRdS0ZRAGT9tcs= X-Google-DKIM-Signature: v=1; a=rsa-sha256; c=relaxed/relaxed; d=1e100.net; s=20230601; t=1745913378; x=1746518178; h=cc:to:from:subject:message-id:date:x-gm-message-state:from:to:cc :subject:date:message-id:reply-to; bh=J373Y5DtsnhBTZBPSuYUN1z4sNLcplnb7EsBkOIAGQo=; b=AukSER+Mom0BC+zTD9JaOr4RWLLfGshLpC2PekaUqlItG8qHADGJH73MWrqWWS6L7N VbiyiUN/TOgrmc2HhgxIU5DxqPAtr3Bj7e+XmJoSpSussju1AScelFLD51PZn2u3R8KL jf2IUJSamdgIfs0uBp+2KCqQZEzuGcicA6jM0VczyOnWg/PKpns8Jjmx4Micpi2HBuQa JUKHP5kC8pvlCrexvytkxEGLM8sqWDwb1w7bska3Pz1fIRtnkybStCdWw1qTBRPCU/Ca sXXxgwT8w698bnSjylEdo2/7aYyKBeL0i1WSf/ZcRaganqh/g89dWlJwiQnW/FlobsZF 29SA== X-Gm-Message-State: AOJu0Yxmg8uRx2Z04bNesZzRhCrCcVGDjM7wWYLRT/QE3sY8jZ54GQAn aJ/OQUcQ2LX7kUhrfr10aE9JspfMhwETX+80crJbjfGcYyZQ0/r3JL4FAonVWGyd19EfxLjAH9Q lnmgC7sZSKvPkGXe19xCUzDNFQyO8gaFn X-Gm-Gg: ASbGncu0yfWxzUQDRAMVkhy9TQH9AqcBJunfjqBpQRfPZSDJtCxOkpbP35OdUGAKArB FqQmY6SdpuiKJ+DPC6Be+jwSNr9dOq7bKxMR8CswGnO4GXPYO0VtAByr2QAthmPGQU7HGBJL7oP QucTEkDGHu8RqAqIr95xMOqbD0BB//IyoFyvHMduvfircSTcXhg3i3FXouhGbk7n49cjR7La/z/ 63SGUALIv2aRo9xx2tw16qgSs3PAzh+cSqeRe5z/KicIxL/2C4XmcdVvjN3wLfke5HV+qY1oiY/ xDwsGe+jjvswIGgTJnv5dMIZ5NAHWmjwBHLJ X-Google-Smtp-Source: AGHT+IH5eRM7Ks9GuHBNZKLHciOkjMdbJzSpw/5hW9GOOWKHZmxeYqCyyPH4OVXMB5KAxQbbsUb0TxTeuEc8 X-Received: by 2002:a05:6e02:260e:b0:3d5:8908:c388 with SMTP id e9e14a558f8ab-3d95d15d357mr27492405ab.0.1745913378546; Tue, 29 Apr 2025 00:56:18 -0700 (PDT) Received: from postal.iol.unh.edu (postal.iol.unh.edu. [132.177.123.84]) by smtp-relay.gmail.com with ESMTPS id 8926c6da1cb9f-4f863091671sm60372173.58.2025.04.29.00.56.18 (version=TLS1_2 cipher=ECDHE-ECDSA-AES128-GCM-SHA256 bits=128/128); Tue, 29 Apr 2025 00:56:18 -0700 (PDT) X-Relaying-Domain: iol.unh.edu Date: Tue, 29 Apr 2025 00:56:18 -0700 (PDT) Message-ID: <68108622.050a0220.2a402b.2539SMTPIN_ADDED_MISSING@mx.google.com> Received: from [172.17.0.3] (unknown [172.18.0.76]) by postal.iol.unh.edu (Postfix) with ESMTP id 01F816052471; Tue, 29 Apr 2025 03:56:18 -0400 (EDT) Subject: |FAILURE| [GIT MASTER] 4401486b5e30d43a134f80f9802f60b5f43e74a8 From: dpdklab@iol.unh.edu To: Test Report Cc: dpdk-test-reports@iol.unh.edu, Xueming Li , Christian Ehrhardt , Kevin Traynor , Luca Boccassi Content-Type: text/plain X-BeenThere: test-report@dpdk.org X-Mailman-Version: 2.1.29 Precedence: list List-Id: automatic DPDK test reports List-Unsubscribe: , List-Archive: List-Post: List-Help: List-Subscribe: , Errors-To: test-report-bounces@dpdk.org _Testing issues_ Branch: tags/v22.11 4401486b5e30d43a134f80f9802f60b5f43e74a8 --> testing issues Upstream job id: Generic-Unit-Test-DPDK#334191 Test environment and result as below: +---------------------+----------------+ | Environment | dpdk_unit_test | +=====================+================+ | Fedora 40 (Clang) | FAIL | +---------------------+----------------+ | Ubuntu 22.04 | FAIL | +---------------------+----------------+ | Fedora 40 | FAIL | +---------------------+----------------+ | RHEL8 | FAIL | +---------------------+----------------+ | Fedora 41 | FAIL | +---------------------+----------------+ | CentOS Stream 9 | FAIL | +---------------------+----------------+ | Fedora 41 (Clang) | FAIL | +---------------------+----------------+ | CentOS Stream 10 | FAIL | +---------------------+----------------+ | Ubuntu 20.04 | PASS | +---------------------+----------------+ | Ubuntu 24.04 | FAIL | +---------------------+----------------+ | Debian 12 | PEND | +---------------------+----------------+ | RHEL9 | FAIL | +---------------------+----------------+ | Windows Server 2022 | FAIL | +---------------------+----------------+ ==== Unit test summary for Windows Server 2022 (dpdk_unit_test): ==== Failed to get the unit test results. Displaying the unit test results is not supported for some environments, such as our aarch32 testing, where meson is not used to run the tests. Download the logs available on our CI site. ==== End log output ==== Fedora 40 (Clang) Kernel: Depends on container host Compiler: clang 18.1.8 (Fedora 18.1.8-1.fc40) Ubuntu 22.04 Kernel: Depends on container host Compiler: gcc (Ubuntu 11.4.0-1ubuntu1~22.04) 11.4.0 Fedora 40 Kernel: Depends on container host Compiler: gcc 14.2.1 20240912 (Red Hat 14.2.1-3) RHEL8 Kernel: Depends on container host Compiler: gcc 8.5.0 20210514 (Red Hat 8.5.0-22) Fedora 41 Kernel: Depends on container host Compiler: gcc 14.2.1 20240912 (Red Hat 14.2.1-3) CentOS Stream 9 Kernel: Depends on container host Compiler: gcc 11.5.0 20240719 (Red Hat 11.5.0-2) Fedora 41 (Clang) Kernel: Depends on container host Compiler: clang 19.1.5 (Fedora 19.1.5-1.fc41) CentOS Stream 10 Kernel: Depends on container host Compiler: gcc 14.2.1 20241104 (Red Hat 14.2.1-6) Ubuntu 20.04 Kernel: Depends on container host Compiler: gcc (Ubuntu 9.4.0-1ubuntu1~20.04.2) 9.4.0 Ubuntu 24.04 Kernel: Depends on container host Compiler: gcc (Ubuntu 13.3.0-6ubuntu2~24.04) 13.3.0 Debian 12 Kernel: Depends on container host Compiler: gcc (Debian 12.2.0-14) 12.2.0 RHEL9 Kernel: Depends on container host Compiler: gcc 11.5.0 20240719 (Red Hat 11.5.0-2) Windows Server 2022 Kernel: 10.0.20348.2031 Compiler: clang 15.0.7, gcc 14.1.0 (MinGW), and MSVC VS 19.39.33521 To view detailed results, visit: https://lab.dpdk.org/results/dashboard/tarballs/33384/ UNH-IOL DPDK Community Lab To manage your email subscriptions, visit: https://lab.dpdk.org/results/dashboard/preferences/subscriptions/