From mboxrd@z Thu Jan 1 00:00:00 1970 Return-Path: Received: from mails.dpdk.org (mails.dpdk.org [217.70.189.124]) by inbox.dpdk.org (Postfix) with ESMTP id B52A74665C for ; Tue, 29 Apr 2025 10:00:04 +0200 (CEST) Received: from mails.dpdk.org (localhost [127.0.0.1]) by mails.dpdk.org (Postfix) with ESMTP id B19BF4026C; Tue, 29 Apr 2025 10:00:04 +0200 (CEST) Received: from mail-qt1-f225.google.com (mail-qt1-f225.google.com [209.85.160.225]) by mails.dpdk.org (Postfix) with ESMTP id 792B340263 for ; Tue, 29 Apr 2025 10:00:02 +0200 (CEST) Received: by mail-qt1-f225.google.com with SMTP id d75a77b69052e-476ac73c76fso66483901cf.0 for ; Tue, 29 Apr 2025 01:00:02 -0700 (PDT) DKIM-Signature: v=1; a=rsa-sha256; c=relaxed/relaxed; d=iol.unh.edu; s=unh-iol; t=1745913602; x=1746518402; darn=dpdk.org; h=cc:to:from:subject:message-id:date:from:to:cc:subject:date :message-id:reply-to; bh=pGzzonNaOvVAKJ8remznsYOuJJOJ+gAdHG2cp+7EtvQ=; b=FpkG9+5OozcAQK7PDYw8qyDW80yMS4awfLNGLDCxbPMsUvr+WpGfYSQ6rb+3fVKzht 7IIYi+VaBnkE27Jrv2Ri7u76VCyMkd/QK5AJjO7AgNaU0+lG0VB7m6w0seLSmOm6czTC aSfTF+1ZqxmfHPGUgjwhmrVc6dvKExfXT0lSk= X-Google-DKIM-Signature: v=1; a=rsa-sha256; c=relaxed/relaxed; d=1e100.net; s=20230601; t=1745913602; x=1746518402; h=cc:to:from:subject:message-id:date:x-gm-message-state:from:to:cc :subject:date:message-id:reply-to; bh=pGzzonNaOvVAKJ8remznsYOuJJOJ+gAdHG2cp+7EtvQ=; b=moswcxUoWQ/pEwGPBWOeVf4oVsAPqDGED13RByGk9N4BKuFx36N4PlNBpz3/n3FiDz rPoim7jKk5sfklZp/m0VMjNY3LgjDZirUzZSDUQ0+tTEMVdxhXgZt2G+gPamGI+SMFV4 IX0UNA90FvtpGw0b135bklMonv2jzqr1BEu+uo2pdca6g4+2tQNLTR55IJ5vwTRRcCdO 2KGPVMezmQgtY+E4Opj6kgWJ2TcqV4+QxYEKgMCJUSZOgXtsTLJnO1vHZIxAkQ7ju4Ja TBtjQwbUri3XltJyHrNlynPwlyMPPsHei8vptKWnF/nxMNuUPrEre33MqbxFZnpQ5Qah H9Kw== X-Gm-Message-State: AOJu0YxRd3IbN+0OJdzGw2nISg7H7FiCzOOADUHznqaBkMzIaZUYwXLH g1pzCspTkHBUVXTAVR5vb7MOAKSQN+KkeXYi7Q50R8QHoZk5eQl/bpGM77MOgpvY+3ffybU5hcz 3RCRVHDOOosjCNm7XtRwxrU6iGZVwWdZBoBzfFwPcP4OZJZqq X-Gm-Gg: ASbGncu+HsOV+UVrzOYq3wMDM2XZ8IVPnpNINzyditFmIkoZfPwAFITw5edRE+sq24w bBmPLQidjQP5TamShdyjVpsyXt4jUGA6oeq6xJChW5jC6DZAllik9MjeQ3VeGf+d/QzmVR8BVbY Hj9UsxwVbHim1o/EDbWskvZQa0RJD1C9oxacavRiUL57msOq8OIzZqBO2na9nXH35OBsjfn1sYg FWE9qDdYdI4A+WsL2383VP0p/DPhTt0nrhAFqEJgC0oyG7t97ZHrIMEKfwoz3gg0QvXNU9wKNVY jBzLBARUpqX/q1pjzjPWfcwddAi+cMSAr3izBlFMVr7WYvgJ X-Google-Smtp-Source: AGHT+IFBUg1sIRf74/iBvupycAfZX+4XbnD2rPobqllizsREbLVePmla/eaRO9zS30qdMK+kQ03czeZo/rr0 X-Received: by 2002:a05:622a:5818:b0:476:95dd:520e with SMTP id d75a77b69052e-48813352268mr44147211cf.16.1745913601801; Tue, 29 Apr 2025 01:00:01 -0700 (PDT) Received: from postal.iol.unh.edu (postal.iol.unh.edu. [2606:4100:3880:1234::84]) by smtp-relay.gmail.com with ESMTPS id d75a77b69052e-47e9fd9b195sm10025881cf.13.2025.04.29.01.00.01 (version=TLS1_2 cipher=ECDHE-ECDSA-AES128-GCM-SHA256 bits=128/128); Tue, 29 Apr 2025 01:00:01 -0700 (PDT) X-Relaying-Domain: iol.unh.edu Date: Tue, 29 Apr 2025 01:00:01 -0700 (PDT) Message-ID: <68108701.050a0220.25c199.850bSMTPIN_ADDED_MISSING@mx.google.com> Received: from [172.17.0.3] (unknown [172.18.0.76]) by postal.iol.unh.edu (Postfix) with ESMTP id 6CF406052471; Tue, 29 Apr 2025 04:00:01 -0400 (EDT) Subject: |FAILURE| [GIT MASTER] 4401486b5e30d43a134f80f9802f60b5f43e74a8 From: dpdklab@iol.unh.edu To: Test Report Cc: dpdk-test-reports@iol.unh.edu, Xueming Li , Christian Ehrhardt , Kevin Traynor , Luca Boccassi Content-Type: text/plain X-BeenThere: test-report@dpdk.org X-Mailman-Version: 2.1.29 Precedence: list List-Id: automatic DPDK test reports List-Unsubscribe: , List-Archive: List-Post: List-Help: List-Subscribe: , Errors-To: test-report-bounces@dpdk.org _Testing issues_ Branch: tags/v22.11 4401486b5e30d43a134f80f9802f60b5f43e74a8 --> testing issues Upstream job id: Generic-Unit-Test-DPDK#334185 Test environment and result as below: +---------------------+----------------+ | Environment | dpdk_unit_test | +=====================+================+ | Fedora 40 (Clang) | FAIL | +---------------------+----------------+ | Ubuntu 22.04 | FAIL | +---------------------+----------------+ | Fedora 40 | FAIL | +---------------------+----------------+ | RHEL8 | FAIL | +---------------------+----------------+ | Fedora 41 | FAIL | +---------------------+----------------+ | CentOS Stream 9 | FAIL | +---------------------+----------------+ | Fedora 41 (Clang) | FAIL | +---------------------+----------------+ | CentOS Stream 10 | FAIL | +---------------------+----------------+ | Ubuntu 20.04 | PASS | +---------------------+----------------+ | Ubuntu 24.04 | FAIL | +---------------------+----------------+ | Debian 12 | FAIL | +---------------------+----------------+ | RHEL9 | FAIL | +---------------------+----------------+ | Windows Server 2022 | FAIL | +---------------------+----------------+ ==== Unit test summary for Windows Server 2022 (dpdk_unit_test): ==== Failed to get the unit test results. Displaying the unit test results is not supported for some environments, such as our aarch32 testing, where meson is not used to run the tests. Download the logs available on our CI site. ==== End log output ==== Fedora 40 (Clang) Kernel: Depends on container host Compiler: clang 18.1.8 (Fedora 18.1.8-1.fc40) Ubuntu 22.04 Kernel: Depends on container host Compiler: gcc (Ubuntu 11.4.0-1ubuntu1~22.04) 11.4.0 Fedora 40 Kernel: Depends on container host Compiler: gcc 14.2.1 20240912 (Red Hat 14.2.1-3) RHEL8 Kernel: Depends on container host Compiler: gcc 8.5.0 20210514 (Red Hat 8.5.0-22) Fedora 41 Kernel: Depends on container host Compiler: gcc 14.2.1 20240912 (Red Hat 14.2.1-3) CentOS Stream 9 Kernel: Depends on container host Compiler: gcc 11.5.0 20240719 (Red Hat 11.5.0-2) Fedora 41 (Clang) Kernel: Depends on container host Compiler: clang 19.1.5 (Fedora 19.1.5-1.fc41) CentOS Stream 10 Kernel: Depends on container host Compiler: gcc 14.2.1 20241104 (Red Hat 14.2.1-6) Ubuntu 20.04 Kernel: Depends on container host Compiler: gcc (Ubuntu 9.4.0-1ubuntu1~20.04.2) 9.4.0 Ubuntu 24.04 Kernel: Depends on container host Compiler: gcc (Ubuntu 13.3.0-6ubuntu2~24.04) 13.3.0 Debian 12 Kernel: Depends on container host Compiler: gcc (Debian 12.2.0-14) 12.2.0 RHEL9 Kernel: Depends on container host Compiler: gcc 11.5.0 20240719 (Red Hat 11.5.0-2) Windows Server 2022 Kernel: 10.0.20348.2031 Compiler: clang 15.0.7, gcc 14.1.0 (MinGW), and MSVC VS 19.39.33521 To view detailed results, visit: https://lab.dpdk.org/results/dashboard/tarballs/33384/ UNH-IOL DPDK Community Lab To manage your email subscriptions, visit: https://lab.dpdk.org/results/dashboard/preferences/subscriptions/