From mboxrd@z Thu Jan 1 00:00:00 1970 Return-Path: Received: from mails.dpdk.org (mails.dpdk.org [217.70.189.124]) by inbox.dpdk.org (Postfix) with ESMTP id 0C4914665D for ; Tue, 29 Apr 2025 15:51:25 +0200 (CEST) Received: from mails.dpdk.org (localhost [127.0.0.1]) by mails.dpdk.org (Postfix) with ESMTP id B5F16402A3; Tue, 29 Apr 2025 15:51:25 +0200 (CEST) Received: from mail-il1-f228.google.com (mail-il1-f228.google.com [209.85.166.228]) by mails.dpdk.org (Postfix) with ESMTP id 55D7B40277 for ; Tue, 29 Apr 2025 15:51:24 +0200 (CEST) Received: by mail-il1-f228.google.com with SMTP id e9e14a558f8ab-3d91db4f0c3so29450895ab.3 for ; Tue, 29 Apr 2025 06:51:24 -0700 (PDT) DKIM-Signature: v=1; a=rsa-sha256; c=relaxed/relaxed; d=iol.unh.edu; s=unh-iol; t=1745934683; x=1746539483; darn=dpdk.org; h=references:in-reply-to:cc:to:from:subject:message-id:date:from:to :cc:subject:date:message-id:reply-to; bh=4+G8SMsZzdem6KN5hLhnUgBaR/kt1ztfkhLbBD7koKQ=; b=BSv66BpvO6l325FkQj97rra2yhhnoY4Tl7yjyqk8dcCuKPqguLk2s5R0Wr6rn/Onvb k+WzcrKEusJnXrJoQWwHiwI5XIceWZbNgyT3dqZLwdKVNZeQzSgt3QAzi2W1w6hoFkTT qkh0L8bdz+pHR/9rf7/om6H2WNIGWDz71qiD8= X-Google-DKIM-Signature: v=1; a=rsa-sha256; c=relaxed/relaxed; d=1e100.net; s=20230601; t=1745934683; x=1746539483; h=references:in-reply-to:cc:to:from:subject:message-id:date :x-gm-message-state:from:to:cc:subject:date:message-id:reply-to; bh=4+G8SMsZzdem6KN5hLhnUgBaR/kt1ztfkhLbBD7koKQ=; b=HHsEBUO3SRIJktthFyr5V16WDR4vrWYd9TfBDjdgSEi5F1wW9BDELKPWozxTEPVozK SJyVg2MLx6ufM3PcHL8Om2W4hng0KbxvwFV/j09dYz/KHtsBUeqhvn480I6tSj+eFSih +pTMiAN9VdVZQr/PvlFrcwbK40aq0gyqXDMZ7spHbjQsnrNa4g3YfiFoVOrsW7cYNXh6 VQBW3bHuSwE7PYKw9RtFOQFHL1zSKnmpRewEux0uEpAawtwJ0L57WIeFde6CCc6mSdMc OIElXkcB8iTM8ZrJ1OpwcPvCNw7wgQl9wyFOjX8qYgGPloL9t3RQ6HW7a7Nt6GvKEO3K Rs8g== X-Gm-Message-State: AOJu0YzBRFSfMX5wHhx/pktElEJ1pPLiptStgqpUIxO01esceMkrInAI xgQLpQujjicCmDyqPC+JTeMlYWu6CHwAMlVPedXUT8AJZfLRY9pCEXm/0f30NZdDMC+WpVQFEwz aWH3vSVafk9aswuM8qwNgYm+mj7YXapAt/2ygRoC7 X-Gm-Gg: ASbGncsh3GQWQCdWnmHPtZIxG3Q4FmrVOelkUFPqBjsfemtXKbnPm4FV6STRGvzwXUF BuN5/scVKSyFX8ttjfYM9PkQ+9Q/BuwRlyhCFroV6RP4u2k/1ySQ23BnQ46BO87z/4Y1oA2LlvC gG/OVKm+YvLMMvTmbhqiFT1Bm107c3ok2043G1BTpCB2eiDD9wHVa/eUO1w1x32D+g6sf+DutGt g4K/ygs4fBt+Co2zGGYxlnA5/P6YQBbfIlmVFC1WTumyMmS7rgorkLJ1E/uj0Zv9DCvfN6rJ4tE Bs07Vyus+PsP3+/4RXl2OqGBD+GDyvQFGomr X-Google-Smtp-Source: AGHT+IEFFGmVamHM8FXeBTLu/+iJBLboriZbXEN8gFU12qkH1+CYf6YTxUXUGokvGG+xmb2+sWkPxJa7dpJU X-Received: by 2002:a92:d8c3:0:b0:3d9:64e7:959f with SMTP id e9e14a558f8ab-3d964e7965dmr9067505ab.21.1745934683465; Tue, 29 Apr 2025 06:51:23 -0700 (PDT) Received: from postal.iol.unh.edu (postal.iol.unh.edu. [132.177.123.84]) by smtp-relay.gmail.com with ESMTPS id 8926c6da1cb9f-4f862de3a29sm172906173.17.2025.04.29.06.51.23 (version=TLS1_2 cipher=ECDHE-ECDSA-AES128-GCM-SHA256 bits=128/128); Tue, 29 Apr 2025 06:51:23 -0700 (PDT) X-Relaying-Domain: iol.unh.edu Date: Tue, 29 Apr 2025 06:51:23 -0700 (PDT) Message-ID: <6810d95b.050a0220.11ce68.42b4SMTPIN_ADDED_MISSING@mx.google.com> Received: from [172.17.0.5] (unknown [172.18.0.74]) by postal.iol.unh.edu (Postfix) with ESMTP id D7DBD6052471; Tue, 29 Apr 2025 09:51:22 -0400 (EDT) Subject: |WARNING| pw153183-153184 [PATCH] [v2,2/2] drivers: add support for From: dpdklab@iol.unh.edu To: Test Report Cc: dpdk-test-reports@iol.unh.edu In-Reply-To: <20250429095242.1861885-2-kirankumark@marvell.com> References: <20250429095242.1861885-2-kirankumark@marvell.com> Content-Type: text/plain X-BeenThere: test-report@dpdk.org X-Mailman-Version: 2.1.29 Precedence: list List-Id: automatic DPDK test reports List-Unsubscribe: , List-Archive: List-Post: List-Help: List-Subscribe: , Errors-To: test-report-bounces@dpdk.org Test-Label: iol-abi-testing Test-Status: WARNING http://dpdk.org/patch/153184 _Testing issues_ Submitter: Kiran Kumar Kokkilagadda Date: Tuesday, April 29 2025 09:52:42 DPDK git baseline: Repo:dpdk Branch: master CommitID:5c3091fa56ebbf3d205034bc5680e3bae30de9bb 153183-153184 --> testing issues Upstream job id: Generic-DPDK-Compile-ABI#124778 Test environment and result as below: +-------------------+----------+ | Environment | abi_test | +===================+==========+ | CentOS Stream 9 | FAIL | +-------------------+----------+ | CentOS Stream 10 | FAIL | +-------------------+----------+ | Fedora 40 (Clang) | FAIL | +-------------------+----------+ | Debian 12 | FAIL | +-------------------+----------+ | Fedora 40 | FAIL | +-------------------+----------+ | Fedora 41 | FAIL | +-------------------+----------+ | Fedora 41 (Clang) | FAIL | +-------------------+----------+ | Ubuntu 22.04 | FAIL | +-------------------+----------+ | openSUSE Leap 15 | FAIL | +-------------------+----------+ | RHEL8 | FAIL | +-------------------+----------+ | RHEL9 | FAIL | +-------------------+----------+ | Ubuntu 24.04 | FAIL | +-------------------+----------+ ==== 20 line log output for Ubuntu 24.04 (abi_test): ==== Variables changes summary: 0 Removed, 0 Changed, 0 Added variable Functions changes summary: 0 Removed, 0 Changed (4 filtered out), 0 Added functions Variables changes summary: 0 Removed, 0 Changed, 0 Added variable Functions changes summary: 0 Removed, 0 Changed (24 filtered out), 0 Added functions Variables changes summary: 0 Removed, 0 Changed (2 filtered out), 0 Added variables Functions changes summary: 0 Removed, 0 Changed (5 filtered out), 0 Added functions Variables changes summary: 0 Removed, 0 Changed, 0 Added variable Functions changes summary: 0 Removed, 0 Changed (7 filtered out), 0 Added functions Variables changes summary: 0 Removed, 0 Changed, 0 Added variable Functions changes summary: 0 Removed, 0 Changed (295 filtered out), 0 Added (8 filtered out) functions Variables changes summary: 0 Removed, 0 Changed, 0 Added variable Functions changes summary: 0 Removed, 0 Changed (4 filtered out), 0 Added (1 filtered out) functions Variables changes summary: 0 Removed, 0 Changed (1 filtered out), 0 Added variable ==== End log output ==== CentOS Stream 9 Kernel: Depends on container host Compiler: gcc 11.5.0 20240719 (Red Hat 11.5.0-2) CentOS Stream 10 Kernel: Depends on container host Compiler: gcc 14.2.1 20241104 (Red Hat 14.2.1-6) Fedora 40 (Clang) Kernel: Depends on container host Compiler: clang 18.1.8 (Fedora 18.1.8-1.fc40) Debian 12 Kernel: Depends on container host Compiler: gcc (Debian 12.2.0-14) 12.2.0 Fedora 40 Kernel: Depends on container host Compiler: gcc 14.2.1 20240912 (Red Hat 14.2.1-3) Fedora 41 Kernel: Depends on container host Compiler: gcc 14.2.1 20240912 (Red Hat 14.2.1-3) Fedora 41 (Clang) Kernel: Depends on container host Compiler: clang 19.1.5 (Fedora 19.1.5-1.fc41) Ubuntu 22.04 Kernel: Depends on container host Compiler: gcc (Ubuntu 11.4.0-1ubuntu1~22.04) 11.4.0 openSUSE Leap 15 Kernel: Depends on container host Compiler: gcc (SUSE Linux) 7.5.0 RHEL8 Kernel: Depends on container host Compiler: gcc 8.5.0 20210514 (Red Hat 8.5.0-22) RHEL9 Kernel: Depends on container host Compiler: gcc 11.5.0 20240719 (Red Hat 11.5.0-2) Ubuntu 24.04 Kernel: Depends on container host Compiler: gcc (Ubuntu 13.3.0-6ubuntu2~24.04) 13.3.0 To view detailed results, visit: https://lab.dpdk.org/results/dashboard/patchsets/33084/ UNH-IOL DPDK Community Lab To manage your email subscriptions, visit: https://lab.dpdk.org/results/dashboard/preferences/subscriptions/