From mboxrd@z Thu Jan 1 00:00:00 1970 Return-Path: Received: from mails.dpdk.org (mails.dpdk.org [217.70.189.124]) by inbox.dpdk.org (Postfix) with ESMTP id AAA9246623 for ; Wed, 30 Apr 2025 06:48:51 +0200 (CEST) Received: from mails.dpdk.org (localhost [127.0.0.1]) by mails.dpdk.org (Postfix) with ESMTP id A4535402A7; Wed, 30 Apr 2025 06:48:51 +0200 (CEST) Received: from mail-pl1-f225.google.com (mail-pl1-f225.google.com [209.85.214.225]) by mails.dpdk.org (Postfix) with ESMTP id 101AB402A3 for ; Wed, 30 Apr 2025 06:48:50 +0200 (CEST) Received: by mail-pl1-f225.google.com with SMTP id d9443c01a7336-225df540edcso6133295ad.0 for ; Tue, 29 Apr 2025 21:48:49 -0700 (PDT) DKIM-Signature: v=1; a=rsa-sha256; c=relaxed/relaxed; d=iol.unh.edu; s=unh-iol; t=1745988529; x=1746593329; darn=dpdk.org; h=cc:to:from:subject:message-id:date:from:to:cc:subject:date :message-id:reply-to; bh=ceN9FOclr0Vw/oHNVYRHkOnsz8Kj5NMbV79GM17hmME=; b=KbN3EI5X5lJTUvFGT9rqiAyqhvnO6VQiB6zhNxm9Bv+GSve9Rp66KciJJOpXb806/J 4r9eXKqWf3eOtvI+Eh39ESETlOHg6vY+UNRG1EuUnOb1+ccVtu68LuM0WbzWd9x9E3KW UjmtjMMOD07+vUteQ/gOVv/E2T5UG4uCt6MPk= X-Google-DKIM-Signature: v=1; a=rsa-sha256; c=relaxed/relaxed; d=1e100.net; s=20230601; t=1745988529; x=1746593329; h=cc:to:from:subject:message-id:date:x-gm-message-state:from:to:cc :subject:date:message-id:reply-to; bh=ceN9FOclr0Vw/oHNVYRHkOnsz8Kj5NMbV79GM17hmME=; b=rd+dttxVcaErkqFkYMYc/TjUX9PKAKiOxAVNyZmWNx1MWvH0DIapPfumgDnUlLt+Mv JV9X7uKt/79CfjRV4hIwhxN0G2o03Cb0tgWWZHyLY5rJgybrSRjot7x2bvuJ86F9tzdy iABzhgAJXpZ4rzHd423zk144ifBti0VwhjAT98dzy/nMt8YuoieDc0EHOZM60jL2w+Dr JaXD/H+TCTkCd2jJJ67JaPacMmV1oqPEu5wYu1mcGFmSgcKbvF+V/CYuEhB6AEmlxgFI TM83fvKixNOmrLTCQtQ1pEhtkfaP+ZfszERlGpc/2balSRaay93UO0b7AQwC8RgI1/yQ 8N1Q== X-Gm-Message-State: AOJu0YyLkemUvbCcjhghq3fTqifUZH7xKtCSvuUG1Zn9r2UC1KL9VxuU I7ubezDFClNrVUGD/ZTepf6Z+rhjPqlxiCk0obUVNjAiNpQMwJGG7QoujWmmmpvyIrXrVi/snCL iasXnWUOgOsMQbmL7svl0aRosZcopH5n6 X-Gm-Gg: ASbGncugC7Iut2hiqsDzxVm+Tt62b4goXsxiXmvxsfx8OY1L+jB8x2wO0muCR9nADHk pfJQF6cN04nNt3YQ3JCG75RAoFjBAKNNylf5y5cL6b5s5NG+4mmxbNeWwN0NuT/0rzR37nnZzUK 7pAQlklqZTjIFbOJxJSz0jGHMZAuJFUdyMGaAaPPskzGeCixcitmVEB7bHYM/xqhLrg1qwGTGdM jhaffcE6vkWLpX1ZbYlqWKkJNgtKmYyLj4p3Qj1q93vOXGhBHT5fVtBovq/PLiTkA6yyws3gmc+ dEvPve02pSWfIITFPtSEcmAfPD7xsETSWKp7 X-Google-Smtp-Source: AGHT+IF0Mz4xkwQ5wjCdapvIspMZV10f6ldmRXmUjWaCAVWMfoSMzPLJfX0RmZTCIlK66IYHJxc0bo5N+6Xr X-Received: by 2002:a17:903:192:b0:223:3394:3a2e with SMTP id d9443c01a7336-22df47e5b8amr20057605ad.18.1745988529170; Tue, 29 Apr 2025 21:48:49 -0700 (PDT) Received: from postal.iol.unh.edu (postal.iol.unh.edu. [132.177.123.84]) by smtp-relay.gmail.com with ESMTPS id d9443c01a7336-22db51008d1sm14524365ad.74.2025.04.29.21.48.49 (version=TLS1_2 cipher=ECDHE-ECDSA-AES128-GCM-SHA256 bits=128/128); Tue, 29 Apr 2025 21:48:49 -0700 (PDT) X-Relaying-Domain: iol.unh.edu Date: Tue, 29 Apr 2025 21:48:49 -0700 (PDT) Message-ID: <6811abb1.170a0220.1f7704.09a1SMTPIN_ADDED_MISSING@mx.google.com> Received: from [172.21.0.5] (unknown [172.18.0.240]) by postal.iol.unh.edu (Postfix) with ESMTP id 3BE096052471; Wed, 30 Apr 2025 00:48:48 -0400 (EDT) Subject: |WARNING| [GIT MASTER] 4401486b5e30d43a134f80f9802f60b5f43e74a8 From: dpdklab@iol.unh.edu To: Test Report Cc: dpdk-test-reports@iol.unh.edu, Xueming Li , Christian Ehrhardt , Kevin Traynor , Luca Boccassi Content-Type: text/plain X-BeenThere: test-report@dpdk.org X-Mailman-Version: 2.1.29 Precedence: list List-Id: automatic DPDK test reports List-Unsubscribe: , List-Archive: List-Post: List-Help: List-Subscribe: , Errors-To: test-report-bounces@dpdk.org _Testing issues_ Branch: tags/v22.11 4401486b5e30d43a134f80f9802f60b5f43e74a8 --> testing issues Upstream job id: Windows-Compile-DPDK-Native#28134 Test environment and result as below: +---------------------+--------------------+-------------------------+ | Environment | dpdk_meson_compile | dpdk_llvm_clang_compile | +=====================+====================+=========================+ | CentOS Stream 9 | PEND | SKIPPED | +---------------------+--------------------+-------------------------+ | Debian 12 | PEND | SKIPPED | +---------------------+--------------------+-------------------------+ | Fedora 40 (Clang) | PEND | SKIPPED | +---------------------+--------------------+-------------------------+ | Fedora 40 | PEND | SKIPPED | +---------------------+--------------------+-------------------------+ | openSUSE Leap 15 | PEND | SKIPPED | +---------------------+--------------------+-------------------------+ | Fedora 41 | PEND | SKIPPED | +---------------------+--------------------+-------------------------+ | RHEL8 | PEND | SKIPPED | +---------------------+--------------------+-------------------------+ | Fedora 41 (Clang) | PEND | SKIPPED | +---------------------+--------------------+-------------------------+ | RHEL9 | PEND | SKIPPED | +---------------------+--------------------+-------------------------+ | Ubuntu 20.04 | PASS | SKIPPED | +---------------------+--------------------+-------------------------+ | Ubuntu 22.04 | PEND | SKIPPED | +---------------------+--------------------+-------------------------+ | Ubuntu 24.04 | PEND | SKIPPED | +---------------------+--------------------+-------------------------+ | FreeBSD 13.5 | PASS | SKIPPED | +---------------------+--------------------+-------------------------+ | FreeBSD 14.2 | PASS | SKIPPED | +---------------------+--------------------+-------------------------+ | Windows Server 2022 | SKIPPED | FAIL | +---------------------+--------------------+-------------------------+ ==== 20 line log output for Windows Server 2022 (dpdk_llvm_clang_compile): ==== ..\lib\eal\include/rte_common.h:850:32: note: expanded from macro 'RTE_FMT_TAIL' #define RTE_FMT_TAIL(fmt, ...) __VA_ARGS__ ^~~~~~~~~~~ ..\lib\eal\include/rte_common.h:848:39: note: expanded from macro 'RTE_FMT' #define RTE_FMT(fmt, ...) fmt "%.0s", __VA_ARGS__ "" ^~~~~~~~~~~ ../drivers/crypto/mlx5/mlx5_crypto.c:463:18: note: forward declaration of 'struct mlx5_err_cqe' volatile struct mlx5_err_cqe *cqe = (volatile struct mlx5_err_cqe *) ^ 3 errors generated. [618/788] Compiling C object drivers/libtmp_rte_net_vmxnet3.a.p/net_vmxnet3_vmxnet3_ethdev.c.obj [619/788] Compiling C object drivers/libtmp_rte_crypto_mlx5.a.p/crypto_mlx5_mlx5_crypto_dek.c.obj [620/788] Compiling C object drivers/libtmp_rte_net_vmxnet3.a.p/net_vmxnet3_vmxnet3_rxtx.c.obj [621/788] Compiling C object app/dpdk-testpmd.exe.p/test-pmd_cmdline_mtr.c.obj [622/788] Generating rte_net_octeon_ep.pmd.c with a custom command (wrapped by meson to set PATH) [623/788] Compiling C object app/dpdk-testpmd.exe.p/test-pmd_cmdline.c.obj [624/788] Compiling C object drivers/libtmp_rte_net_mlx5.a.p/net_mlx5_mlx5_tx_nompw.c.obj [625/788] Compiling C object drivers/libtmp_rte_net_mlx5.a.p/net_mlx5_mlx5_tx_empw.c.obj [626/788] Compiling C object drivers/libtmp_rte_net_mlx5.a.p/net_mlx5_mlx5_tx_txpp.c.obj ninja: build stopped: subcommand failed. ==== End log output ==== CentOS Stream 9 Kernel: Depends on container host Compiler: gcc 11.5.0 20240719 (Red Hat 11.5.0-2) Debian 12 Kernel: Depends on container host Compiler: gcc (Debian 12.2.0-14) 12.2.0 Fedora 40 (Clang) Kernel: Depends on container host Compiler: clang 18.1.8 (Fedora 18.1.8-1.fc40) Fedora 40 Kernel: Depends on container host Compiler: gcc 14.2.1 20240912 (Red Hat 14.2.1-3) openSUSE Leap 15 Kernel: Depends on container host Compiler: gcc (SUSE Linux) 7.5.0 Fedora 41 Kernel: Depends on container host Compiler: gcc 14.2.1 20240912 (Red Hat 14.2.1-3) RHEL8 Kernel: Depends on container host Compiler: gcc 8.5.0 20210514 (Red Hat 8.5.0-22) Fedora 41 (Clang) Kernel: Depends on container host Compiler: clang 19.1.5 (Fedora 19.1.5-1.fc41) RHEL9 Kernel: Depends on container host Compiler: gcc 11.5.0 20240719 (Red Hat 11.5.0-2) Ubuntu 20.04 Kernel: Depends on container host Compiler: gcc (Ubuntu 9.4.0-1ubuntu1~20.04.2) 9.4.0 Ubuntu 22.04 Kernel: Depends on container host Compiler: gcc (Ubuntu 11.4.0-1ubuntu1~22.04) 11.4.0 Ubuntu 24.04 Kernel: Depends on container host Compiler: gcc (Ubuntu 13.3.0-6ubuntu2~24.04) 13.3.0 FreeBSD 13.5 Kernel: 13.5-RELEASE Compiler: clang 19.1.7 FreeBSD 14.2 Kernel: 14.2-RELEASE Compiler: clang 18.1.6 Windows Server 2022 Kernel: 10.0.20348.2031 Compiler: clang 15.0.7, gcc 14.1.0 (MinGW), and MSVC VS 19.39.33521 To view detailed results, visit: https://lab.dpdk.org/results/dashboard/tarballs/33394/ UNH-IOL DPDK Community Lab To manage your email subscriptions, visit: https://lab.dpdk.org/results/dashboard/preferences/subscriptions/