From mboxrd@z Thu Jan 1 00:00:00 1970 Return-Path: Received: from mails.dpdk.org (mails.dpdk.org [217.70.189.124]) by inbox.dpdk.org (Postfix) with ESMTP id BCC0446623 for ; Wed, 30 Apr 2025 07:51:25 +0200 (CEST) Received: from mails.dpdk.org (localhost [127.0.0.1]) by mails.dpdk.org (Postfix) with ESMTP id 9775D402A3; Wed, 30 Apr 2025 07:51:25 +0200 (CEST) Received: from mail-yw1-f227.google.com (mail-yw1-f227.google.com [209.85.128.227]) by mails.dpdk.org (Postfix) with ESMTP id 0EE154026C for ; Wed, 30 Apr 2025 07:51:24 +0200 (CEST) Received: by mail-yw1-f227.google.com with SMTP id 00721157ae682-6fece18b3c8so56411037b3.3 for ; Tue, 29 Apr 2025 22:51:23 -0700 (PDT) DKIM-Signature: v=1; a=rsa-sha256; c=relaxed/relaxed; d=iol.unh.edu; s=unh-iol; t=1745992283; x=1746597083; darn=dpdk.org; h=cc:to:from:subject:message-id:date:from:to:cc:subject:date :message-id:reply-to; bh=9PFdF2LXkeLDihoUiCUlKOwz4yvC4E8byLyOqKvxQsk=; b=H4bYhAKqjWMNfTVDzAsjjF6vHxGXly6tZzghOAZe7y4Vm3kQCLeyFiMwG4HHNDTIyZ pJKYRn5H5wiGGWd8qxU5AOh462BymrIiJjIHQOWMYZAQvzaHfTiTLqZYdgLCt637jSLZ 7RJ1WTHOLM/sCYlkPkv19xaAwymi1zm9DZh64= X-Google-DKIM-Signature: v=1; a=rsa-sha256; c=relaxed/relaxed; d=1e100.net; s=20230601; t=1745992283; x=1746597083; h=cc:to:from:subject:message-id:date:x-gm-message-state:from:to:cc :subject:date:message-id:reply-to; bh=9PFdF2LXkeLDihoUiCUlKOwz4yvC4E8byLyOqKvxQsk=; b=EHov9cOtG29v2kCIppmjNd0KXl+OW1nN8Dgs4fR1tSdQMxLDxxXHG5tLCoTzo8qdSt Tc2S1P9UMHYGsuDcQUxB3mRVnFGHN8n3+fzXHBpz6jaG+enLqex8yizkhJUWu6b77m5p vCC0dOVQzMX+cmmw6SN213K+6qM0IH8s9NgPX2FVOIRy3itnHYTguVHNcI5UPtI1yZ9I ytieVkFpnRD65qWWj7gqMY8SxZFh0YHjsd4FT7VwQJXEUR2lGE6rTuaBLQ3oUOLc4Yzk v8WqDM+8jrmcGtqtLWcHolEIpOOGzcIh8lyuR6YTd8tUD77mXkxFXfGmj2eSlM7D2NES tLGg== X-Gm-Message-State: AOJu0YwkwtGkwR35gC8jtiQ2jW/aIcUyQlXg70ycUv1c5aUJx6UZ0Y1f AMxlzt/ExvhJ6039opdlblYKBNz6aJRaZkd0VCBwTsTWqy18XezGIZ+u8GDvtReiHEbJWv2bVSp TL6GeToNeQU+tXjSOiSGvGqqTmgoro5csvZCqBhoAa4wX1V2s X-Gm-Gg: ASbGnctjOrq94yz7PlYBCXVw0hkKMdWvA5kqvJKriuvh6K9RP4xiuHPF32TAybh62GX 8O7vkiVgjhvvjqlvk/0Fqojbg8V7kgjrNmbMWO12QU9dQ7xopFi7JUqYGjaJmm3iiymoiPIx0WA YCAAEYBYXJ4Sm9MbK08Vfgm26xGjhmOnPYwmGusIH751+u/uwLAJxYYe/6CCxLa9GOHJLU/JsHB qqKu4TIK8QpDYR5OVlhCoAUJnkevgyfJH07m+HSM8pjShDzeyTObLtv1zxtz6Ye/gfZuW1iE2jT nxoN889I8g+b0VLLVjc1Z1WphMHi9mACVCOGciX3y9FnPBG9 X-Google-Smtp-Source: AGHT+IEPVfWsBXgAe7p/uQokLk7D4UvX9DCzbQ/yMrg4xDKe6UYtisk2aRuOwogq4L6CLbRYBaEKTLPOkDod X-Received: by 2002:a05:690c:2505:b0:6fd:34c7:280b with SMTP id 00721157ae682-708abd53d91mr27451677b3.5.1745992283198; Tue, 29 Apr 2025 22:51:23 -0700 (PDT) Received: from postal.iol.unh.edu (postal.iol.unh.edu. [2606:4100:3880:1234::84]) by smtp-relay.gmail.com with ESMTPS id 00721157ae682-708ae0692e6sm324367b3.35.2025.04.29.22.51.23 (version=TLS1_2 cipher=ECDHE-ECDSA-AES128-GCM-SHA256 bits=128/128); Tue, 29 Apr 2025 22:51:23 -0700 (PDT) X-Relaying-Domain: iol.unh.edu Date: Tue, 29 Apr 2025 22:51:23 -0700 (PDT) Message-ID: <6811ba5b.050a0220.16e1da.1a59SMTPIN_ADDED_MISSING@mx.google.com> Received: from [172.21.0.5] (unknown [172.18.0.240]) by postal.iol.unh.edu (Postfix) with ESMTP id C56946052471; Wed, 30 Apr 2025 01:51:22 -0400 (EDT) Subject: |FAILURE| [GIT MASTER] 4401486b5e30d43a134f80f9802f60b5f43e74a8 From: dpdklab@iol.unh.edu To: Test Report Cc: dpdk-test-reports@iol.unh.edu, Xueming Li , Christian Ehrhardt , Kevin Traynor , Luca Boccassi Content-Type: text/plain X-BeenThere: test-report@dpdk.org X-Mailman-Version: 2.1.29 Precedence: list List-Id: automatic DPDK test reports List-Unsubscribe: , List-Archive: List-Post: List-Help: List-Subscribe: , Errors-To: test-report-bounces@dpdk.org _Testing issues_ Branch: tags/v22.11 4401486b5e30d43a134f80f9802f60b5f43e74a8 --> testing issues Upstream job id: Generic-Unit-Test-DPDK#334382 Test environment and result as below: +---------------------+----------------+ | Environment | dpdk_unit_test | +=====================+================+ | CentOS Stream 10 | FAIL | +---------------------+----------------+ | Fedora 40 | PEND | +---------------------+----------------+ | CentOS Stream 9 | PEND | +---------------------+----------------+ | RHEL8 | PEND | +---------------------+----------------+ | Fedora 41 (Clang) | PEND | +---------------------+----------------+ | Fedora 40 (Clang) | PEND | +---------------------+----------------+ | Debian 12 | PEND | +---------------------+----------------+ | Ubuntu 22.04 | PEND | +---------------------+----------------+ | RHEL9 | PEND | +---------------------+----------------+ | Fedora 41 | PEND | +---------------------+----------------+ | Ubuntu 20.04 | PASS | +---------------------+----------------+ | Ubuntu 24.04 | PEND | +---------------------+----------------+ | Windows Server 2022 | FAIL | +---------------------+----------------+ ==== Unit test summary for Windows Server 2022 (dpdk_unit_test): ==== Failed to get the unit test results. Displaying the unit test results is not supported for some environments, such as our aarch32 testing, where meson is not used to run the tests. Download the logs available on our CI site. ==== End log output ==== CentOS Stream 10 Kernel: Depends on container host Compiler: gcc 14.2.1 20241104 (Red Hat 14.2.1-6) Fedora 40 Kernel: Depends on container host Compiler: gcc 14.2.1 20240912 (Red Hat 14.2.1-3) CentOS Stream 9 Kernel: Depends on container host Compiler: gcc 11.5.0 20240719 (Red Hat 11.5.0-2) RHEL8 Kernel: Depends on container host Compiler: gcc 8.5.0 20210514 (Red Hat 8.5.0-22) Fedora 41 (Clang) Kernel: Depends on container host Compiler: clang 19.1.5 (Fedora 19.1.5-1.fc41) Fedora 40 (Clang) Kernel: Depends on container host Compiler: clang 18.1.8 (Fedora 18.1.8-1.fc40) Debian 12 Kernel: Depends on container host Compiler: gcc (Debian 12.2.0-14) 12.2.0 Ubuntu 22.04 Kernel: Depends on container host Compiler: gcc (Ubuntu 11.4.0-1ubuntu1~22.04) 11.4.0 RHEL9 Kernel: Depends on container host Compiler: gcc 11.5.0 20240719 (Red Hat 11.5.0-2) Fedora 41 Kernel: Depends on container host Compiler: gcc 14.2.1 20240912 (Red Hat 14.2.1-3) Ubuntu 20.04 Kernel: Depends on container host Compiler: gcc (Ubuntu 9.4.0-1ubuntu1~20.04.2) 9.4.0 Ubuntu 24.04 Kernel: Depends on container host Compiler: gcc (Ubuntu 13.3.0-6ubuntu2~24.04) 13.3.0 Windows Server 2022 Kernel: 10.0.20348.2031 Compiler: clang 15.0.7, gcc 14.1.0 (MinGW), and MSVC VS 19.39.33521 To view detailed results, visit: https://lab.dpdk.org/results/dashboard/tarballs/33394/ UNH-IOL DPDK Community Lab To manage your email subscriptions, visit: https://lab.dpdk.org/results/dashboard/preferences/subscriptions/